{"id":40880,"date":"2026-02-12T14:07:10","date_gmt":"2026-02-12T19:07:10","guid":{"rendered":"https:\/\/nafr.dev.sparkadvocacy.dev\/branch\/regina-area\/a-note-from-your-membership-chair\/"},"modified":"2026-02-13T16:09:55","modified_gmt":"2026-02-13T21:09:55","slug":"a-note-from-your-membership-chair","status":"publish","type":"branch","link":"https:\/\/staging2.federalretirees.ca\/fr\/section\/regina-area\/a-note-from-your-membership-chair\/","title":{"rendered":"A Note from your Membership Chair"},"content":{"rendered":"<p>From the Membership Chair:<\/p>\n<p>For those members who pay their dues annually this is a reminder that the national office in Ottawa is now collecting these dues.\u00a0You will receive notifications from that office when your dues are to be paid and you should send your cheques to the national office in Ottawa when paying your dues.\u00a0 Please do not send your cheques to the branch office in Regina as we have no choice but to re-mail them to national office.\u00a0 This will lead to delays in processing your payment and cost the Association to re-mail the cheques.\u00a0 If you have any questions regarding this don\u2019t hesitate to contact our office.\u00a0Thank you for keeping this in mind when paying dues.<\/p>\n","protected":false},"excerpt":{"rendered":"<p>From the Membership Chair: For those members who pay their dues annually this is a reminder that the national office in Ottawa is now collecting these dues.\u00a0You will receive notifications from that office when your dues are to be paid&#8230;<\/p>\n","protected":false},"featured_media":0,"parent":40414,"template":"","meta":{"_acf_changed":false,"footnotes":""},"class_list":["post-40880","branch","type-branch","status-publish","hentry"],"acf":[],"yoast_head":"<!-- This site is optimized with the Yoast SEO plugin v27.5 - https:\/\/yoast.com\/product\/yoast-seo-wordpress\/ -->\n<title>A Note from your Membership Chair - Association nationale des retrait\u00e9s f\u00e9d\u00e9raux<\/title>\n<meta name=\"robots\" content=\"noindex, follow, max-snippet:-1, max-image-preview:large, max-video-preview:-1\" \/>\n<meta property=\"og:locale\" content=\"fr_FR\" \/>\n<meta property=\"og:type\" content=\"article\" \/>\n<meta property=\"og:title\" content=\"A Note from your Membership Chair - Association nationale des retrait\u00e9s f\u00e9d\u00e9raux\" \/>\n<meta property=\"og:description\" content=\"From the Membership Chair: For those members who pay their dues annually this is a reminder that the national office in Ottawa is now collecting these dues.\u00a0You will receive notifications from that office when your dues are to be paid...\" \/>\n<meta property=\"og:url\" content=\"https:\/\/staging2.federalretirees.ca\/fr\/section\/regina-area\/a-note-from-your-membership-chair\/\" \/>\n<meta property=\"og:site_name\" content=\"Association nationale des retrait\u00e9s f\u00e9d\u00e9raux\" \/>\n<meta property=\"article:publisher\" content=\"https:\/\/www.facebook.com\/FederalRetirees\" \/>\n<meta property=\"article:modified_time\" content=\"2026-02-13T21:09:55+00:00\" \/>\n<meta property=\"og:image\" content=\"https:\/\/staging2.federalretirees.ca\/wp-content\/uploads\/2026\/01\/GettyImages-1248256443-e1769585752444.jpg\" \/>\n\t<meta property=\"og:image:width\" content=\"2120\" \/>\n\t<meta property=\"og:image:height\" content=\"980\" \/>\n\t<meta property=\"og:image:type\" content=\"image\/jpeg\" \/>\n<meta name=\"twitter:card\" content=\"summary_large_image\" \/>\n<meta name=\"twitter:site\" content=\"@fedretirees\" \/>\n<meta name=\"twitter:label1\" content=\"Dur\u00e9e de lecture estim\u00e9e\" \/>\n\t<meta name=\"twitter:data1\" content=\"1 minute\" \/>\n<script type=\"application\/ld+json\" class=\"yoast-schema-graph\">{\"@context\":\"https:\\\/\\\/schema.org\",\"@graph\":[{\"@type\":\"WebPage\",\"@id\":\"https:\\\/\\\/staging2.federalretirees.ca\\\/fr\\\/section\\\/regina-area\\\/a-note-from-your-membership-chair\\\/\",\"url\":\"https:\\\/\\\/staging2.federalretirees.ca\\\/fr\\\/section\\\/regina-area\\\/a-note-from-your-membership-chair\\\/\",\"name\":\"A Note from your Membership Chair - Association nationale des retrait\u00e9s f\u00e9d\u00e9raux\",\"isPartOf\":{\"@id\":\"https:\\\/\\\/nafr.dev.sparkadvocacy.dev\\\/#website\"},\"datePublished\":\"2026-02-12T19:07:10+00:00\",\"dateModified\":\"2026-02-13T21:09:55+00:00\",\"breadcrumb\":{\"@id\":\"https:\\\/\\\/staging2.federalretirees.ca\\\/fr\\\/section\\\/regina-area\\\/a-note-from-your-membership-chair\\\/#breadcrumb\"},\"inLanguage\":\"fr-FR\",\"potentialAction\":[{\"@type\":\"ReadAction\",\"target\":[\"https:\\\/\\\/staging2.federalretirees.ca\\\/fr\\\/section\\\/regina-area\\\/a-note-from-your-membership-chair\\\/\"]}]},{\"@type\":\"BreadcrumbList\",\"@id\":\"https:\\\/\\\/staging2.federalretirees.ca\\\/fr\\\/section\\\/regina-area\\\/a-note-from-your-membership-chair\\\/#breadcrumb\",\"itemListElement\":[{\"@type\":\"ListItem\",\"position\":1,\"name\":\"Home\",\"item\":\"https:\\\/\\\/nafr.dev.sparkadvocacy.dev\\\/fr\\\/\"},{\"@type\":\"ListItem\",\"position\":2,\"name\":\"Regina &#038; Area\",\"item\":\"https:\\\/\\\/nafr.dev.sparkadvocacy.dev\\\/branch\\\/regina-area\\\/\"},{\"@type\":\"ListItem\",\"position\":3,\"name\":\"A Note from your Membership Chair\"}]},{\"@type\":\"WebSite\",\"@id\":\"https:\\\/\\\/nafr.dev.sparkadvocacy.dev\\\/#website\",\"url\":\"https:\\\/\\\/nafr.dev.sparkadvocacy.dev\\\/\",\"name\":\"National Association of Federal Retirees\",\"description\":\"\",\"potentialAction\":[{\"@type\":\"SearchAction\",\"target\":{\"@type\":\"EntryPoint\",\"urlTemplate\":\"https:\\\/\\\/nafr.dev.sparkadvocacy.dev\\\/?s={search_term_string}\"},\"query-input\":{\"@type\":\"PropertyValueSpecification\",\"valueRequired\":true,\"valueName\":\"search_term_string\"}}],\"inLanguage\":\"fr-FR\"}]}<\/script>\n<!-- \/ Yoast SEO plugin. -->","yoast_head_json":{"title":"A Note from your Membership Chair - Association nationale des retrait\u00e9s f\u00e9d\u00e9raux","robots":{"index":"noindex","follow":"follow","max-snippet":"max-snippet:-1","max-image-preview":"max-image-preview:large","max-video-preview":"max-video-preview:-1"},"og_locale":"fr_FR","og_type":"article","og_title":"A Note from your Membership Chair - Association nationale des retrait\u00e9s f\u00e9d\u00e9raux","og_description":"From the Membership Chair: For those members who pay their dues annually this is a reminder that the national office in Ottawa is now collecting these dues.\u00a0You will receive notifications from that office when your dues are to be paid...","og_url":"https:\/\/staging2.federalretirees.ca\/fr\/section\/regina-area\/a-note-from-your-membership-chair\/","og_site_name":"Association nationale des retrait\u00e9s f\u00e9d\u00e9raux","article_publisher":"https:\/\/www.facebook.com\/FederalRetirees","article_modified_time":"2026-02-13T21:09:55+00:00","og_image":[{"width":2120,"height":980,"url":"https:\/\/staging2.federalretirees.ca\/wp-content\/uploads\/2026\/01\/GettyImages-1248256443-e1769585752444.jpg","type":"image\/jpeg"}],"twitter_card":"summary_large_image","twitter_site":"@fedretirees","twitter_misc":{"Dur\u00e9e de lecture estim\u00e9e":"1 minute"},"schema":{"@context":"https:\/\/schema.org","@graph":[{"@type":"WebPage","@id":"https:\/\/staging2.federalretirees.ca\/fr\/section\/regina-area\/a-note-from-your-membership-chair\/","url":"https:\/\/staging2.federalretirees.ca\/fr\/section\/regina-area\/a-note-from-your-membership-chair\/","name":"A Note from your Membership Chair - Association nationale des retrait\u00e9s f\u00e9d\u00e9raux","isPartOf":{"@id":"https:\/\/nafr.dev.sparkadvocacy.dev\/#website"},"datePublished":"2026-02-12T19:07:10+00:00","dateModified":"2026-02-13T21:09:55+00:00","breadcrumb":{"@id":"https:\/\/staging2.federalretirees.ca\/fr\/section\/regina-area\/a-note-from-your-membership-chair\/#breadcrumb"},"inLanguage":"fr-FR","potentialAction":[{"@type":"ReadAction","target":["https:\/\/staging2.federalretirees.ca\/fr\/section\/regina-area\/a-note-from-your-membership-chair\/"]}]},{"@type":"BreadcrumbList","@id":"https:\/\/staging2.federalretirees.ca\/fr\/section\/regina-area\/a-note-from-your-membership-chair\/#breadcrumb","itemListElement":[{"@type":"ListItem","position":1,"name":"Home","item":"https:\/\/nafr.dev.sparkadvocacy.dev\/fr\/"},{"@type":"ListItem","position":2,"name":"Regina &#038; Area","item":"https:\/\/nafr.dev.sparkadvocacy.dev\/branch\/regina-area\/"},{"@type":"ListItem","position":3,"name":"A Note from your Membership Chair"}]},{"@type":"WebSite","@id":"https:\/\/nafr.dev.sparkadvocacy.dev\/#website","url":"https:\/\/nafr.dev.sparkadvocacy.dev\/","name":"National Association of Federal Retirees","description":"","potentialAction":[{"@type":"SearchAction","target":{"@type":"EntryPoint","urlTemplate":"https:\/\/nafr.dev.sparkadvocacy.dev\/?s={search_term_string}"},"query-input":{"@type":"PropertyValueSpecification","valueRequired":true,"valueName":"search_term_string"}}],"inLanguage":"fr-FR"}]}},"_links":{"self":[{"href":"https:\/\/staging2.federalretirees.ca\/fr\/wp-json\/wp\/v2\/branch\/40880","targetHints":{"allow":["GET"]}}],"collection":[{"href":"https:\/\/staging2.federalretirees.ca\/fr\/wp-json\/wp\/v2\/branch"}],"about":[{"href":"https:\/\/staging2.federalretirees.ca\/fr\/wp-json\/wp\/v2\/types\/branch"}],"version-history":[{"count":0,"href":"https:\/\/staging2.federalretirees.ca\/fr\/wp-json\/wp\/v2\/branch\/40880\/revisions"}],"up":[{"embeddable":true,"href":"https:\/\/staging2.federalretirees.ca\/fr\/wp-json\/wp\/v2\/branch\/40414"}],"wp:attachment":[{"href":"https:\/\/staging2.federalretirees.ca\/fr\/wp-json\/wp\/v2\/media?parent=40880"}],"curies":[{"name":"wp","href":"https:\/\/api.w.org\/{rel}","templated":true}]}}

<!-- This site is optimized with the Yoast SEO plugin v27.5 - https://yoast.com/product/yoast-seo-wordpress/ -->
<title>A Note from your Membership Chair - Association nationale des retraités fédéraux</title>
<meta name="robots" content="noindex, follow, max-snippet:-1, max-image-preview:large, max-video-preview:-1" />
<meta property="og:locale" content="fr_FR" />
<meta property="og:type" content="article" />
<meta property="og:title" content="A Note from your Membership Chair - Association nationale des retraités fédéraux" />
<meta property="og:description" content="From the Membership Chair: For those members who pay their dues annually this is a reminder that the national office in Ottawa is now collecting these dues. You will receive notifications from that office when your dues are to be paid..." />
<meta property="og:url" content="https://staging2.federalretirees.ca/fr/section/regina-area/a-note-from-your-membership-chair/" />
<meta property="og:site_name" content="Association nationale des retraités fédéraux" />
<meta property="article:publisher" content="https://www.facebook.com/FederalRetirees" />
<meta property="article:modified_time" content="2026-02-13T21:09:55+00:00" />
<meta property="og:image" content="https://staging2.federalretirees.ca/wp-content/uploads/2026/01/GettyImages-1248256443-e1769585752444.jpg" />
	<meta property="og:image:width" content="2120" />
	<meta property="og:image:height" content="980" />
	<meta property="og:image:type" content="image/jpeg" />
<meta name="twitter:card" content="summary_large_image" />
<meta name="twitter:site" content="@fedretirees" />
<meta name="twitter:label1" content="Durée de lecture estimée" />
	<meta name="twitter:data1" content="1 minute" />
<script type="application/ld+json" class="yoast-schema-graph">{"@context":"https:\/\/schema.org","@graph":[{"@type":"WebPage","@id":"https:\/\/staging2.federalretirees.ca\/fr\/section\/regina-area\/a-note-from-your-membership-chair\/","url":"https:\/\/staging2.federalretirees.ca\/fr\/section\/regina-area\/a-note-from-your-membership-chair\/","name":"A Note from your Membership Chair - Association nationale des retraités fédéraux","isPartOf":{"@id":"https:\/\/nafr.dev.sparkadvocacy.dev\/#website"},"datePublished":"2026-02-12T19:07:10+00:00","dateModified":"2026-02-13T21:09:55+00:00","breadcrumb":{"@id":"https:\/\/staging2.federalretirees.ca\/fr\/section\/regina-area\/a-note-from-your-membership-chair\/#breadcrumb"},"inLanguage":"fr-FR","potentialAction":[{"@type":"ReadAction","target":["https:\/\/staging2.federalretirees.ca\/fr\/section\/regina-area\/a-note-from-your-membership-chair\/"]}]},{"@type":"BreadcrumbList","@id":"https:\/\/staging2.federalretirees.ca\/fr\/section\/regina-area\/a-note-from-your-membership-chair\/#breadcrumb","itemListElement":[{"@type":"ListItem","position":1,"name":"Home","item":"https:\/\/nafr.dev.sparkadvocacy.dev\/fr\/"},{"@type":"ListItem","position":2,"name":"Regina &#038; Area","item":"https:\/\/nafr.dev.sparkadvocacy.dev\/branch\/regina-area\/"},{"@type":"ListItem","position":3,"name":"A Note from your Membership Chair"}]},{"@type":"WebSite","@id":"https:\/\/nafr.dev.sparkadvocacy.dev\/#website","url":"https:\/\/nafr.dev.sparkadvocacy.dev\/","name":"National Association of Federal Retirees","description":"","potentialAction":[{"@type":"SearchAction","target":{"@type":"EntryPoint","urlTemplate":"https:\/\/nafr.dev.sparkadvocacy.dev\/?s={search_term_string}"},"query-input":{"@type":"PropertyValueSpecification","valueRequired":true,"valueName":"search_term_string"}}],"inLanguage":"fr-FR"}]}</script>
<!-- / Yoast SEO plugin. -->

A Note from your Membership Chair - Association nationale des retraités fédéraux

Association nationale des retraités fédéraux
