{"id":40848,"date":"2026-02-12T14:06:56","date_gmt":"2026-02-12T19:06:56","guid":{"rendered":"https:\/\/nafr.dev.sparkadvocacy.dev\/branch\/toronto-area\/branch-executive-and-contact-information\/"},"modified":"2026-04-28T14:02:17","modified_gmt":"2026-04-28T18:02:17","slug":"branch-executive-and-contact-information","status":"publish","type":"branch","link":"https:\/\/staging2.federalretirees.ca\/fr\/section\/toronto-area\/branch-executive-and-contact-information\/","title":{"rendered":"Branch Executive and contact information"},"content":{"rendered":"<p><em>Toronto &amp; Area Branch executive board listing as of Aug. 1, 2025<\/em><\/p>\n<p><strong>Past President: <\/strong>Jim Molnar<\/p>\n<p><strong>President: <\/strong>Dawn Effer<br \/>\n<strong>\u00a0 \u00a0<\/strong><br \/>\n<strong>Vice president: <\/strong>Natalie Migus<\/p>\n<p><strong>Acting treasurer: <\/strong>Dawn Effer<br \/>\n<strong>\u00a0 \u00a0<\/strong><br \/>\n<strong>Acting secretary: <\/strong>Steve Dunn<br \/>\n<strong>\u00a0 \u00a0<\/strong><br \/>\n<strong>Director communications:<\/strong> Steve Dunn<br \/>\n<strong>\u00a0<\/strong><\/p>\n<p><strong>Director advocacy:<\/strong>\u00a0Vacant<\/p>\n<p><strong>\u00a0<\/strong><br \/>\n<strong>Director membership: <\/strong>Jim Molnar<br \/>\n<strong>\u00a0 \u00a0<\/strong><br \/>\n<strong>Directors at large: <\/strong>Irene Ellis, Maureen Curran<br \/>\n<strong>\u00a0\u00a0\u00a0 \u00a0\u00a0\u00a0\u00a0<\/strong><br \/>\nWe have a need for more branch members to step up and assist the board. Vacancies exist for treasurer and secretary as some board members are covering multiple tasks. Plus, others have stepped down.<\/p>\n<h3>Toronto &amp; Area Branch Contact Information<\/h3>\n<p>New email: <a href=\"mailto:torontobranch@federalretirees.ca\">torontobranch@federalretirees.ca<\/a><\/p>\n<p>Voicemail: (416) 557-3408<\/p>\n<p>New mailing address<\/p>\n<p>PO Box 31053 Westney Heights RPO<br \/>\nAjax, ON<br \/>\nCanada<br \/>\nL1T 3V2<\/p>\n","protected":false},"excerpt":{"rendered":"<p>Toronto &amp; Area Branch executive board listing as of Aug. 1, 2025 Past President: Jim Molnar President: Dawn Effer \u00a0 \u00a0 Vice president: Natalie Migus Acting treasurer: Dawn Effer \u00a0 \u00a0 Acting secretary: Steve Dunn \u00a0 \u00a0 Director communications: Steve&#8230;<\/p>\n","protected":false},"featured_media":0,"parent":40428,"template":"","meta":{"_acf_changed":false,"footnotes":""},"class_list":["post-40848","branch","type-branch","status-publish","hentry"],"acf":[],"yoast_head":"<!-- This site is optimized with the Yoast SEO plugin v27.5 - https:\/\/yoast.com\/product\/yoast-seo-wordpress\/ -->\n<title>Branch Executive and contact information - Association nationale des retrait\u00e9s f\u00e9d\u00e9raux<\/title>\n<meta name=\"robots\" content=\"noindex, follow, max-snippet:-1, max-image-preview:large, max-video-preview:-1\" \/>\n<meta property=\"og:locale\" content=\"fr_FR\" \/>\n<meta property=\"og:type\" content=\"article\" \/>\n<meta property=\"og:title\" content=\"Branch Executive and contact information - Association nationale des retrait\u00e9s f\u00e9d\u00e9raux\" \/>\n<meta property=\"og:description\" content=\"Toronto &amp; Area Branch executive board listing as of Aug. 1, 2025 Past President: Jim Molnar President: Dawn Effer \u00a0 \u00a0 Vice president: Natalie Migus Acting treasurer: Dawn Effer \u00a0 \u00a0 Acting secretary: Steve Dunn \u00a0 \u00a0 Director communications: Steve...\" \/>\n<meta property=\"og:url\" content=\"https:\/\/staging2.federalretirees.ca\/fr\/section\/toronto-area\/branch-executive-and-contact-information\/\" \/>\n<meta property=\"og:site_name\" content=\"Association nationale des retrait\u00e9s f\u00e9d\u00e9raux\" \/>\n<meta property=\"article:publisher\" content=\"https:\/\/www.facebook.com\/FederalRetirees\" \/>\n<meta property=\"article:modified_time\" content=\"2026-04-28T18:02:17+00:00\" \/>\n<meta property=\"og:image\" content=\"https:\/\/staging2.federalretirees.ca\/wp-content\/uploads\/2026\/01\/GettyImages-1248256443-e1769585752444.jpg\" \/>\n\t<meta property=\"og:image:width\" content=\"2120\" \/>\n\t<meta property=\"og:image:height\" content=\"980\" \/>\n\t<meta property=\"og:image:type\" content=\"image\/jpeg\" \/>\n<meta name=\"twitter:card\" content=\"summary_large_image\" \/>\n<meta name=\"twitter:site\" content=\"@fedretirees\" \/>\n<meta name=\"twitter:label1\" content=\"Dur\u00e9e de lecture estim\u00e9e\" \/>\n\t<meta name=\"twitter:data1\" content=\"1 minute\" \/>\n<script type=\"application\/ld+json\" class=\"yoast-schema-graph\">{\"@context\":\"https:\\\/\\\/schema.org\",\"@graph\":[{\"@type\":\"WebPage\",\"@id\":\"https:\\\/\\\/staging2.federalretirees.ca\\\/fr\\\/section\\\/toronto-area\\\/branch-executive-and-contact-information\\\/\",\"url\":\"https:\\\/\\\/staging2.federalretirees.ca\\\/fr\\\/section\\\/toronto-area\\\/branch-executive-and-contact-information\\\/\",\"name\":\"Branch Executive and contact information - Association nationale des retrait\u00e9s f\u00e9d\u00e9raux\",\"isPartOf\":{\"@id\":\"https:\\\/\\\/nafr.dev.sparkadvocacy.dev\\\/#website\"},\"datePublished\":\"2026-02-12T19:06:56+00:00\",\"dateModified\":\"2026-04-28T18:02:17+00:00\",\"breadcrumb\":{\"@id\":\"https:\\\/\\\/staging2.federalretirees.ca\\\/fr\\\/section\\\/toronto-area\\\/branch-executive-and-contact-information\\\/#breadcrumb\"},\"inLanguage\":\"fr-FR\",\"potentialAction\":[{\"@type\":\"ReadAction\",\"target\":[\"https:\\\/\\\/staging2.federalretirees.ca\\\/fr\\\/section\\\/toronto-area\\\/branch-executive-and-contact-information\\\/\"]}]},{\"@type\":\"BreadcrumbList\",\"@id\":\"https:\\\/\\\/staging2.federalretirees.ca\\\/fr\\\/section\\\/toronto-area\\\/branch-executive-and-contact-information\\\/#breadcrumb\",\"itemListElement\":[{\"@type\":\"ListItem\",\"position\":1,\"name\":\"Home\",\"item\":\"https:\\\/\\\/nafr.dev.sparkadvocacy.dev\\\/fr\\\/\"},{\"@type\":\"ListItem\",\"position\":2,\"name\":\"Toronto &#038; Area\",\"item\":\"https:\\\/\\\/nafr.dev.sparkadvocacy.dev\\\/branch\\\/toronto-area\\\/\"},{\"@type\":\"ListItem\",\"position\":3,\"name\":\"Branch Executive and contact information\"}]},{\"@type\":\"WebSite\",\"@id\":\"https:\\\/\\\/nafr.dev.sparkadvocacy.dev\\\/#website\",\"url\":\"https:\\\/\\\/nafr.dev.sparkadvocacy.dev\\\/\",\"name\":\"National Association of Federal Retirees\",\"description\":\"\",\"potentialAction\":[{\"@type\":\"SearchAction\",\"target\":{\"@type\":\"EntryPoint\",\"urlTemplate\":\"https:\\\/\\\/nafr.dev.sparkadvocacy.dev\\\/?s={search_term_string}\"},\"query-input\":{\"@type\":\"PropertyValueSpecification\",\"valueRequired\":true,\"valueName\":\"search_term_string\"}}],\"inLanguage\":\"fr-FR\"}]}<\/script>\n<!-- \/ Yoast SEO plugin. -->","yoast_head_json":{"title":"Branch Executive and contact information - Association nationale des retrait\u00e9s f\u00e9d\u00e9raux","robots":{"index":"noindex","follow":"follow","max-snippet":"max-snippet:-1","max-image-preview":"max-image-preview:large","max-video-preview":"max-video-preview:-1"},"og_locale":"fr_FR","og_type":"article","og_title":"Branch Executive and contact information - Association nationale des retrait\u00e9s f\u00e9d\u00e9raux","og_description":"Toronto &amp; Area Branch executive board listing as of Aug. 1, 2025 Past President: Jim Molnar President: Dawn Effer \u00a0 \u00a0 Vice president: Natalie Migus Acting treasurer: Dawn Effer \u00a0 \u00a0 Acting secretary: Steve Dunn \u00a0 \u00a0 Director communications: Steve...","og_url":"https:\/\/staging2.federalretirees.ca\/fr\/section\/toronto-area\/branch-executive-and-contact-information\/","og_site_name":"Association nationale des retrait\u00e9s f\u00e9d\u00e9raux","article_publisher":"https:\/\/www.facebook.com\/FederalRetirees","article_modified_time":"2026-04-28T18:02:17+00:00","og_image":[{"width":2120,"height":980,"url":"https:\/\/staging2.federalretirees.ca\/wp-content\/uploads\/2026\/01\/GettyImages-1248256443-e1769585752444.jpg","type":"image\/jpeg"}],"twitter_card":"summary_large_image","twitter_site":"@fedretirees","twitter_misc":{"Dur\u00e9e de lecture estim\u00e9e":"1 minute"},"schema":{"@context":"https:\/\/schema.org","@graph":[{"@type":"WebPage","@id":"https:\/\/staging2.federalretirees.ca\/fr\/section\/toronto-area\/branch-executive-and-contact-information\/","url":"https:\/\/staging2.federalretirees.ca\/fr\/section\/toronto-area\/branch-executive-and-contact-information\/","name":"Branch Executive and contact information - Association nationale des retrait\u00e9s f\u00e9d\u00e9raux","isPartOf":{"@id":"https:\/\/nafr.dev.sparkadvocacy.dev\/#website"},"datePublished":"2026-02-12T19:06:56+00:00","dateModified":"2026-04-28T18:02:17+00:00","breadcrumb":{"@id":"https:\/\/staging2.federalretirees.ca\/fr\/section\/toronto-area\/branch-executive-and-contact-information\/#breadcrumb"},"inLanguage":"fr-FR","potentialAction":[{"@type":"ReadAction","target":["https:\/\/staging2.federalretirees.ca\/fr\/section\/toronto-area\/branch-executive-and-contact-information\/"]}]},{"@type":"BreadcrumbList","@id":"https:\/\/staging2.federalretirees.ca\/fr\/section\/toronto-area\/branch-executive-and-contact-information\/#breadcrumb","itemListElement":[{"@type":"ListItem","position":1,"name":"Home","item":"https:\/\/nafr.dev.sparkadvocacy.dev\/fr\/"},{"@type":"ListItem","position":2,"name":"Toronto &#038; Area","item":"https:\/\/nafr.dev.sparkadvocacy.dev\/branch\/toronto-area\/"},{"@type":"ListItem","position":3,"name":"Branch Executive and contact information"}]},{"@type":"WebSite","@id":"https:\/\/nafr.dev.sparkadvocacy.dev\/#website","url":"https:\/\/nafr.dev.sparkadvocacy.dev\/","name":"National Association of Federal Retirees","description":"","potentialAction":[{"@type":"SearchAction","target":{"@type":"EntryPoint","urlTemplate":"https:\/\/nafr.dev.sparkadvocacy.dev\/?s={search_term_string}"},"query-input":{"@type":"PropertyValueSpecification","valueRequired":true,"valueName":"search_term_string"}}],"inLanguage":"fr-FR"}]}},"_links":{"self":[{"href":"https:\/\/staging2.federalretirees.ca\/fr\/wp-json\/wp\/v2\/branch\/40848","targetHints":{"allow":["GET"]}}],"collection":[{"href":"https:\/\/staging2.federalretirees.ca\/fr\/wp-json\/wp\/v2\/branch"}],"about":[{"href":"https:\/\/staging2.federalretirees.ca\/fr\/wp-json\/wp\/v2\/types\/branch"}],"version-history":[{"count":4,"href":"https:\/\/staging2.federalretirees.ca\/fr\/wp-json\/wp\/v2\/branch\/40848\/revisions"}],"predecessor-version":[{"id":67120,"href":"https:\/\/staging2.federalretirees.ca\/fr\/wp-json\/wp\/v2\/branch\/40848\/revisions\/67120"}],"up":[{"embeddable":true,"href":"https:\/\/staging2.federalretirees.ca\/fr\/wp-json\/wp\/v2\/branch\/40428"}],"wp:attachment":[{"href":"https:\/\/staging2.federalretirees.ca\/fr\/wp-json\/wp\/v2\/media?parent=40848"}],"curies":[{"name":"wp","href":"https:\/\/api.w.org\/{rel}","templated":true}]}}

<!-- This site is optimized with the Yoast SEO plugin v27.5 - https://yoast.com/product/yoast-seo-wordpress/ -->
<title>Branch Executive and contact information - Association nationale des retraités fédéraux</title>
<meta name="robots" content="noindex, follow, max-snippet:-1, max-image-preview:large, max-video-preview:-1" />
<meta property="og:locale" content="fr_FR" />
<meta property="og:type" content="article" />
<meta property="og:title" content="Branch Executive and contact information - Association nationale des retraités fédéraux" />
<meta property="og:description" content="Toronto &amp; Area Branch executive board listing as of Aug. 1, 2025 Past President: Jim Molnar President: Dawn Effer     Vice president: Natalie Migus Acting treasurer: Dawn Effer     Acting secretary: Steve Dunn     Director communications: Steve..." />
<meta property="og:url" content="https://staging2.federalretirees.ca/fr/section/toronto-area/branch-executive-and-contact-information/" />
<meta property="og:site_name" content="Association nationale des retraités fédéraux" />
<meta property="article:publisher" content="https://www.facebook.com/FederalRetirees" />
<meta property="article:modified_time" content="2026-04-28T18:02:17+00:00" />
<meta property="og:image" content="https://staging2.federalretirees.ca/wp-content/uploads/2026/01/GettyImages-1248256443-e1769585752444.jpg" />
	<meta property="og:image:width" content="2120" />
	<meta property="og:image:height" content="980" />
	<meta property="og:image:type" content="image/jpeg" />
<meta name="twitter:card" content="summary_large_image" />
<meta name="twitter:site" content="@fedretirees" />
<meta name="twitter:label1" content="Durée de lecture estimée" />
	<meta name="twitter:data1" content="1 minute" />
<script type="application/ld+json" class="yoast-schema-graph">{"@context":"https:\/\/schema.org","@graph":[{"@type":"WebPage","@id":"https:\/\/staging2.federalretirees.ca\/fr\/section\/toronto-area\/branch-executive-and-contact-information\/","url":"https:\/\/staging2.federalretirees.ca\/fr\/section\/toronto-area\/branch-executive-and-contact-information\/","name":"Branch Executive and contact information - Association nationale des retraités fédéraux","isPartOf":{"@id":"https:\/\/nafr.dev.sparkadvocacy.dev\/#website"},"datePublished":"2026-02-12T19:06:56+00:00","dateModified":"2026-04-28T18:02:17+00:00","breadcrumb":{"@id":"https:\/\/staging2.federalretirees.ca\/fr\/section\/toronto-area\/branch-executive-and-contact-information\/#breadcrumb"},"inLanguage":"fr-FR","potentialAction":[{"@type":"ReadAction","target":["https:\/\/staging2.federalretirees.ca\/fr\/section\/toronto-area\/branch-executive-and-contact-information\/"]}]},{"@type":"BreadcrumbList","@id":"https:\/\/staging2.federalretirees.ca\/fr\/section\/toronto-area\/branch-executive-and-contact-information\/#breadcrumb","itemListElement":[{"@type":"ListItem","position":1,"name":"Home","item":"https:\/\/nafr.dev.sparkadvocacy.dev\/fr\/"},{"@type":"ListItem","position":2,"name":"Toronto &#038; Area","item":"https:\/\/nafr.dev.sparkadvocacy.dev\/branch\/toronto-area\/"},{"@type":"ListItem","position":3,"name":"Branch Executive and contact information"}]},{"@type":"WebSite","@id":"https:\/\/nafr.dev.sparkadvocacy.dev\/#website","url":"https:\/\/nafr.dev.sparkadvocacy.dev\/","name":"National Association of Federal Retirees","description":"","potentialAction":[{"@type":"SearchAction","target":{"@type":"EntryPoint","urlTemplate":"https:\/\/nafr.dev.sparkadvocacy.dev\/?s={search_term_string}"},"query-input":{"@type":"PropertyValueSpecification","valueRequired":true,"valueName":"search_term_string"}}],"inLanguage":"fr-FR"}]}</script>
<!-- / Yoast SEO plugin. -->

Branch Executive and contact information - Association nationale des retraités fédéraux

Association nationale des retraités fédéraux
