{"id":40806,"date":"2026-02-12T14:06:08","date_gmt":"2026-02-12T19:06:08","guid":{"rendered":"https:\/\/nafr.dev.sparkadvocacy.dev\/branch\/kitchener-waterloo-district\/your-executive-and-volunteers\/"},"modified":"2026-04-09T14:30:55","modified_gmt":"2026-04-09T18:30:55","slug":"your-executive-and-volunteers","status":"publish","type":"branch","link":"https:\/\/staging2.federalretirees.ca\/fr\/section\/kitchener-waterloo-district\/your-executive-and-volunteers\/","title":{"rendered":"Your Executive and Volunteers"},"content":{"rendered":"<h3><span style=\"color: 003767;\">Branch executive and board of directors<\/span><\/h3>\n<table class=\"table\" style=\"width: 500px; height: 151px;\" border=\"1\" cellspacing=\"1\" cellpadding=\"1\">\n<tbody>\n<tr style=\"height: 55px;\">\n<td style=\"width: 208.844px; height: 55px;\">President:<\/td>\n<td style=\"width: 145.594px; height: 55px;\">Maggie McNichol<\/td>\n<td style=\"width: 131.562px; height: 55px;\">E-mail: <a href=\"mailto:kitchenerwaterloo@federalretirees.ca\">President<\/a><\/td>\n<\/tr>\n<tr style=\"height: 24px;\">\n<td style=\"width: 208.844px; height: 24px;\">Vice-president:<\/td>\n<td style=\"width: 145.594px; height: 24px;\">Vacant<\/td>\n<td style=\"width: 131.562px; height: 24px;\"><\/td>\n<\/tr>\n<tr style=\"height: 24px;\">\n<td style=\"width: 208.844px; height: 24px;\">Treasurer:<\/td>\n<td style=\"width: 145.594px; height: 24px;\">Lois Brown<\/td>\n<td style=\"width: 131.562px; height: 24px;\"><\/td>\n<\/tr>\n<tr style=\"height: 24px;\">\n<td style=\"width: 208.844px; height: 24px;\">Recording secretary:<\/td>\n<td style=\"width: 145.594px; height: 24px;\">Vacant<\/td>\n<td style=\"width: 131.562px; height: 24px;\"><\/td>\n<\/tr>\n<tr style=\"height: 24px;\">\n<td style=\"width: 208.844px; height: 24px;\">Membership director:<\/td>\n<td style=\"width: 145.594px; height: 24px;\">Dave McNichol<\/td>\n<td style=\"width: 131.562px; height: 24px;\"><\/td>\n<\/tr>\n<\/tbody>\n<\/table>\n<table class=\"table\" style=\"width: 500px; height: 120px;\" border=\"1\" cellspacing=\"1\" cellpadding=\"1\">\n<tbody>\n<tr style=\"height: 24px;\">\n<td style=\"width: 209.26px; height: 24px;\">Branch manager<\/td>\n<td style=\"width: 280.74px; height: 24px;\">Gerard Carmichael<\/td>\n<\/tr>\n<tr style=\"height: 24px;\">\n<td style=\"width: 209.26px; height: 24px;\">Social convener<\/td>\n<td style=\"width: 280.74px; height: 24px;\">Joe Mansfield<\/td>\n<\/tr>\n<tr style=\"height: 24px;\">\n<td style=\"width: 209.26px; height: 24px;\">Advocacy<\/td>\n<td style=\"width: 280.74px; height: 24px;\">Andy Zajchowski<\/td>\n<\/tr>\n<tr style=\"height: 24px;\">\n<td style=\"width: 209.26px; height: 24px;\">A large: Photographer<\/td>\n<td style=\"width: 280.74px; height: 24px;\">Jim Brown<\/td>\n<\/tr>\n<tr style=\"height: 24px;\">\n<td style=\"width: 209.26px; height: 24px;\">Past president:<\/td>\n<td style=\"width: 280.74px; height: 24px;\">Lynn Borthwick<\/td>\n<\/tr>\n<\/tbody>\n<\/table>\n<p>\u200e<\/p>\n<p style=\"font-size: 13px;\"><em>Last updated Sept. 6, 2022<\/em><\/p>\n","protected":false},"excerpt":{"rendered":"<p>Branch executive and board of directors President: Maggie McNichol E-mail: President Vice-president: Vacant Treasurer: Lois Brown Recording secretary: Vacant Membership director: Dave McNichol Branch manager Gerard Carmichael Social convener Joe Mansfield Advocacy Andy Zajchowski A large: Photographer Jim Brown Past&#8230;<\/p>\n","protected":false},"featured_media":0,"parent":40392,"template":"","meta":{"_acf_changed":false,"footnotes":""},"class_list":["post-40806","branch","type-branch","status-publish","hentry"],"acf":[],"yoast_head":"<!-- This site is optimized with the Yoast SEO plugin v27.5 - https:\/\/yoast.com\/product\/yoast-seo-wordpress\/ -->\n<title>Your Executive and Volunteers - Association nationale des retrait\u00e9s f\u00e9d\u00e9raux<\/title>\n<meta name=\"robots\" content=\"noindex, follow, max-snippet:-1, max-image-preview:large, max-video-preview:-1\" \/>\n<meta property=\"og:locale\" content=\"fr_FR\" \/>\n<meta property=\"og:type\" content=\"article\" \/>\n<meta property=\"og:title\" content=\"Your Executive and Volunteers - Association nationale des retrait\u00e9s f\u00e9d\u00e9raux\" \/>\n<meta property=\"og:description\" content=\"Branch executive and board of directors President: Maggie McNichol E-mail: President Vice-president: Vacant Treasurer: Lois Brown Recording secretary: Vacant Membership director: Dave McNichol Branch manager Gerard Carmichael Social convener Joe Mansfield Advocacy Andy Zajchowski A large: Photographer Jim Brown Past...\" \/>\n<meta property=\"og:url\" content=\"https:\/\/staging2.federalretirees.ca\/fr\/section\/kitchener-waterloo-district\/your-executive-and-volunteers\/\" \/>\n<meta property=\"og:site_name\" content=\"Association nationale des retrait\u00e9s f\u00e9d\u00e9raux\" \/>\n<meta property=\"article:publisher\" content=\"https:\/\/www.facebook.com\/FederalRetirees\" \/>\n<meta property=\"article:modified_time\" content=\"2026-04-09T18:30:55+00:00\" \/>\n<meta property=\"og:image\" content=\"https:\/\/staging2.federalretirees.ca\/wp-content\/uploads\/2026\/01\/GettyImages-1248256443-e1769585752444.jpg\" \/>\n\t<meta property=\"og:image:width\" content=\"2120\" \/>\n\t<meta property=\"og:image:height\" content=\"980\" \/>\n\t<meta property=\"og:image:type\" content=\"image\/jpeg\" \/>\n<meta name=\"twitter:card\" content=\"summary_large_image\" \/>\n<meta name=\"twitter:site\" content=\"@fedretirees\" \/>\n<meta name=\"twitter:label1\" content=\"Dur\u00e9e de lecture estim\u00e9e\" \/>\n\t<meta name=\"twitter:data1\" content=\"1 minute\" \/>\n<script type=\"application\/ld+json\" class=\"yoast-schema-graph\">{\"@context\":\"https:\\\/\\\/schema.org\",\"@graph\":[{\"@type\":\"WebPage\",\"@id\":\"https:\\\/\\\/staging2.federalretirees.ca\\\/fr\\\/section\\\/kitchener-waterloo-district\\\/your-executive-and-volunteers\\\/\",\"url\":\"https:\\\/\\\/staging2.federalretirees.ca\\\/fr\\\/section\\\/kitchener-waterloo-district\\\/your-executive-and-volunteers\\\/\",\"name\":\"Your Executive and Volunteers - Association nationale des retrait\u00e9s f\u00e9d\u00e9raux\",\"isPartOf\":{\"@id\":\"https:\\\/\\\/nafr.dev.sparkadvocacy.dev\\\/#website\"},\"datePublished\":\"2026-02-12T19:06:08+00:00\",\"dateModified\":\"2026-04-09T18:30:55+00:00\",\"breadcrumb\":{\"@id\":\"https:\\\/\\\/staging2.federalretirees.ca\\\/fr\\\/section\\\/kitchener-waterloo-district\\\/your-executive-and-volunteers\\\/#breadcrumb\"},\"inLanguage\":\"fr-FR\",\"potentialAction\":[{\"@type\":\"ReadAction\",\"target\":[\"https:\\\/\\\/staging2.federalretirees.ca\\\/fr\\\/section\\\/kitchener-waterloo-district\\\/your-executive-and-volunteers\\\/\"]}]},{\"@type\":\"BreadcrumbList\",\"@id\":\"https:\\\/\\\/staging2.federalretirees.ca\\\/fr\\\/section\\\/kitchener-waterloo-district\\\/your-executive-and-volunteers\\\/#breadcrumb\",\"itemListElement\":[{\"@type\":\"ListItem\",\"position\":1,\"name\":\"Home\",\"item\":\"https:\\\/\\\/nafr.dev.sparkadvocacy.dev\\\/fr\\\/\"},{\"@type\":\"ListItem\",\"position\":2,\"name\":\"Kitchener-Waterloo &#038; District\",\"item\":\"https:\\\/\\\/nafr.dev.sparkadvocacy.dev\\\/branch\\\/kitchener-waterloo-district\\\/\"},{\"@type\":\"ListItem\",\"position\":3,\"name\":\"Your Executive and Volunteers\"}]},{\"@type\":\"WebSite\",\"@id\":\"https:\\\/\\\/nafr.dev.sparkadvocacy.dev\\\/#website\",\"url\":\"https:\\\/\\\/nafr.dev.sparkadvocacy.dev\\\/\",\"name\":\"National Association of Federal Retirees\",\"description\":\"\",\"potentialAction\":[{\"@type\":\"SearchAction\",\"target\":{\"@type\":\"EntryPoint\",\"urlTemplate\":\"https:\\\/\\\/nafr.dev.sparkadvocacy.dev\\\/?s={search_term_string}\"},\"query-input\":{\"@type\":\"PropertyValueSpecification\",\"valueRequired\":true,\"valueName\":\"search_term_string\"}}],\"inLanguage\":\"fr-FR\"}]}<\/script>\n<!-- \/ Yoast SEO plugin. -->","yoast_head_json":{"title":"Your Executive and Volunteers - Association nationale des retrait\u00e9s f\u00e9d\u00e9raux","robots":{"index":"noindex","follow":"follow","max-snippet":"max-snippet:-1","max-image-preview":"max-image-preview:large","max-video-preview":"max-video-preview:-1"},"og_locale":"fr_FR","og_type":"article","og_title":"Your Executive and Volunteers - Association nationale des retrait\u00e9s f\u00e9d\u00e9raux","og_description":"Branch executive and board of directors President: Maggie McNichol E-mail: President Vice-president: Vacant Treasurer: Lois Brown Recording secretary: Vacant Membership director: Dave McNichol Branch manager Gerard Carmichael Social convener Joe Mansfield Advocacy Andy Zajchowski A large: Photographer Jim Brown Past...","og_url":"https:\/\/staging2.federalretirees.ca\/fr\/section\/kitchener-waterloo-district\/your-executive-and-volunteers\/","og_site_name":"Association nationale des retrait\u00e9s f\u00e9d\u00e9raux","article_publisher":"https:\/\/www.facebook.com\/FederalRetirees","article_modified_time":"2026-04-09T18:30:55+00:00","og_image":[{"width":2120,"height":980,"url":"https:\/\/staging2.federalretirees.ca\/wp-content\/uploads\/2026\/01\/GettyImages-1248256443-e1769585752444.jpg","type":"image\/jpeg"}],"twitter_card":"summary_large_image","twitter_site":"@fedretirees","twitter_misc":{"Dur\u00e9e de lecture estim\u00e9e":"1 minute"},"schema":{"@context":"https:\/\/schema.org","@graph":[{"@type":"WebPage","@id":"https:\/\/staging2.federalretirees.ca\/fr\/section\/kitchener-waterloo-district\/your-executive-and-volunteers\/","url":"https:\/\/staging2.federalretirees.ca\/fr\/section\/kitchener-waterloo-district\/your-executive-and-volunteers\/","name":"Your Executive and Volunteers - Association nationale des retrait\u00e9s f\u00e9d\u00e9raux","isPartOf":{"@id":"https:\/\/nafr.dev.sparkadvocacy.dev\/#website"},"datePublished":"2026-02-12T19:06:08+00:00","dateModified":"2026-04-09T18:30:55+00:00","breadcrumb":{"@id":"https:\/\/staging2.federalretirees.ca\/fr\/section\/kitchener-waterloo-district\/your-executive-and-volunteers\/#breadcrumb"},"inLanguage":"fr-FR","potentialAction":[{"@type":"ReadAction","target":["https:\/\/staging2.federalretirees.ca\/fr\/section\/kitchener-waterloo-district\/your-executive-and-volunteers\/"]}]},{"@type":"BreadcrumbList","@id":"https:\/\/staging2.federalretirees.ca\/fr\/section\/kitchener-waterloo-district\/your-executive-and-volunteers\/#breadcrumb","itemListElement":[{"@type":"ListItem","position":1,"name":"Home","item":"https:\/\/nafr.dev.sparkadvocacy.dev\/fr\/"},{"@type":"ListItem","position":2,"name":"Kitchener-Waterloo &#038; District","item":"https:\/\/nafr.dev.sparkadvocacy.dev\/branch\/kitchener-waterloo-district\/"},{"@type":"ListItem","position":3,"name":"Your Executive and Volunteers"}]},{"@type":"WebSite","@id":"https:\/\/nafr.dev.sparkadvocacy.dev\/#website","url":"https:\/\/nafr.dev.sparkadvocacy.dev\/","name":"National Association of Federal Retirees","description":"","potentialAction":[{"@type":"SearchAction","target":{"@type":"EntryPoint","urlTemplate":"https:\/\/nafr.dev.sparkadvocacy.dev\/?s={search_term_string}"},"query-input":{"@type":"PropertyValueSpecification","valueRequired":true,"valueName":"search_term_string"}}],"inLanguage":"fr-FR"}]}},"_links":{"self":[{"href":"https:\/\/staging2.federalretirees.ca\/fr\/wp-json\/wp\/v2\/branch\/40806","targetHints":{"allow":["GET"]}}],"collection":[{"href":"https:\/\/staging2.federalretirees.ca\/fr\/wp-json\/wp\/v2\/branch"}],"about":[{"href":"https:\/\/staging2.federalretirees.ca\/fr\/wp-json\/wp\/v2\/types\/branch"}],"version-history":[{"count":1,"href":"https:\/\/staging2.federalretirees.ca\/fr\/wp-json\/wp\/v2\/branch\/40806\/revisions"}],"predecessor-version":[{"id":66556,"href":"https:\/\/staging2.federalretirees.ca\/fr\/wp-json\/wp\/v2\/branch\/40806\/revisions\/66556"}],"up":[{"embeddable":true,"href":"https:\/\/staging2.federalretirees.ca\/fr\/wp-json\/wp\/v2\/branch\/40392"}],"wp:attachment":[{"href":"https:\/\/staging2.federalretirees.ca\/fr\/wp-json\/wp\/v2\/media?parent=40806"}],"curies":[{"name":"wp","href":"https:\/\/api.w.org\/{rel}","templated":true}]}}

<!-- This site is optimized with the Yoast SEO plugin v27.5 - https://yoast.com/product/yoast-seo-wordpress/ -->
<title>Your Executive and Volunteers - Association nationale des retraités fédéraux</title>
<meta name="robots" content="noindex, follow, max-snippet:-1, max-image-preview:large, max-video-preview:-1" />
<meta property="og:locale" content="fr_FR" />
<meta property="og:type" content="article" />
<meta property="og:title" content="Your Executive and Volunteers - Association nationale des retraités fédéraux" />
<meta property="og:description" content="Branch executive and board of directors President: Maggie McNichol E-mail: President Vice-president: Vacant Treasurer: Lois Brown Recording secretary: Vacant Membership director: Dave McNichol Branch manager Gerard Carmichael Social convener Joe Mansfield Advocacy Andy Zajchowski A large: Photographer Jim Brown Past..." />
<meta property="og:url" content="https://staging2.federalretirees.ca/fr/section/kitchener-waterloo-district/your-executive-and-volunteers/" />
<meta property="og:site_name" content="Association nationale des retraités fédéraux" />
<meta property="article:publisher" content="https://www.facebook.com/FederalRetirees" />
<meta property="article:modified_time" content="2026-04-09T18:30:55+00:00" />
<meta property="og:image" content="https://staging2.federalretirees.ca/wp-content/uploads/2026/01/GettyImages-1248256443-e1769585752444.jpg" />
	<meta property="og:image:width" content="2120" />
	<meta property="og:image:height" content="980" />
	<meta property="og:image:type" content="image/jpeg" />
<meta name="twitter:card" content="summary_large_image" />
<meta name="twitter:site" content="@fedretirees" />
<meta name="twitter:label1" content="Durée de lecture estimée" />
	<meta name="twitter:data1" content="1 minute" />
<script type="application/ld+json" class="yoast-schema-graph">{"@context":"https:\/\/schema.org","@graph":[{"@type":"WebPage","@id":"https:\/\/staging2.federalretirees.ca\/fr\/section\/kitchener-waterloo-district\/your-executive-and-volunteers\/","url":"https:\/\/staging2.federalretirees.ca\/fr\/section\/kitchener-waterloo-district\/your-executive-and-volunteers\/","name":"Your Executive and Volunteers - Association nationale des retraités fédéraux","isPartOf":{"@id":"https:\/\/nafr.dev.sparkadvocacy.dev\/#website"},"datePublished":"2026-02-12T19:06:08+00:00","dateModified":"2026-04-09T18:30:55+00:00","breadcrumb":{"@id":"https:\/\/staging2.federalretirees.ca\/fr\/section\/kitchener-waterloo-district\/your-executive-and-volunteers\/#breadcrumb"},"inLanguage":"fr-FR","potentialAction":[{"@type":"ReadAction","target":["https:\/\/staging2.federalretirees.ca\/fr\/section\/kitchener-waterloo-district\/your-executive-and-volunteers\/"]}]},{"@type":"BreadcrumbList","@id":"https:\/\/staging2.federalretirees.ca\/fr\/section\/kitchener-waterloo-district\/your-executive-and-volunteers\/#breadcrumb","itemListElement":[{"@type":"ListItem","position":1,"name":"Home","item":"https:\/\/nafr.dev.sparkadvocacy.dev\/fr\/"},{"@type":"ListItem","position":2,"name":"Kitchener-Waterloo &#038; District","item":"https:\/\/nafr.dev.sparkadvocacy.dev\/branch\/kitchener-waterloo-district\/"},{"@type":"ListItem","position":3,"name":"Your Executive and Volunteers"}]},{"@type":"WebSite","@id":"https:\/\/nafr.dev.sparkadvocacy.dev\/#website","url":"https:\/\/nafr.dev.sparkadvocacy.dev\/","name":"National Association of Federal Retirees","description":"","potentialAction":[{"@type":"SearchAction","target":{"@type":"EntryPoint","urlTemplate":"https:\/\/nafr.dev.sparkadvocacy.dev\/?s={search_term_string}"},"query-input":{"@type":"PropertyValueSpecification","valueRequired":true,"valueName":"search_term_string"}}],"inLanguage":"fr-FR"}]}</script>
<!-- / Yoast SEO plugin. -->

Your Executive and Volunteers - Association nationale des retraités fédéraux

Association nationale des retraités fédéraux
