{"id":40803,"date":"2026-02-12T14:06:08","date_gmt":"2026-02-12T19:06:08","guid":{"rendered":"https:\/\/nafr.dev.sparkadvocacy.dev\/branch\/kitchener-waterloo-district\/2023-annual-general-meeting\/"},"modified":"2026-04-09T14:32:36","modified_gmt":"2026-04-09T18:32:36","slug":"2023-annual-general-meeting","status":"publish","type":"branch","link":"https:\/\/staging2.federalretirees.ca\/fr\/section\/kitchener-waterloo-district\/2023-annual-general-meeting\/","title":{"rendered":"2023 Annual General Meeting"},"content":{"rendered":"<h3><span style=\"color: 003767;\">Save the date!<\/span><\/h3>\n<p>Come, and \u00a0help us celebrate the 40th anniversary of Kitchener-Waterloo &amp; District Branch.<\/p>\n<p>Come, and help us grow our numbers by bringing a prospective member.<\/p>\n<p>Come, and reconnect with branch members you haven\u2019t seen since we last met in December 2019!<\/p>\n<p><strong><a name=\"_Hlk126156779\"><\/a>Tuesday, April 4, 2023<\/strong><\/p>\n<p><strong>Alpine Club<\/strong>: 464 Maple Avenue, Kitchener<\/p>\n<p>Please use the front entrance.<\/p>\n<p><strong>Price<\/strong>:\u00a0 $15.00 per person. Members, non-members and prospective members all pay the same price. Payment in cash at the door, thanks.<\/p>\n<p><strong>Registration<\/strong>: In advance please, by Wednesday March 29. Please provide the\u00a0 names and membership status of\u00a0 those you are registering.<\/p>\n<p>Call: (519) 742-9031<\/p>\n<p>Email: <a href=\"mailto:kitchenerwaterloo@federalretirees.ca\">kitchenerwaterloo@federalretirees.ca<\/a><\/p>\n<p><strong>Agenda<\/strong><\/p>\n<ul>\n<li>10:30 a.m.: Register and pay<\/li>\n<li>11:00 a.m.: Welcome backAnnual Members Meeting (AMM)<\/li>\n<li>12:15 p.m.: Lunch with cash bar, catered by Conestoga Catering, salads, sandwiches, relish tray, coffee\/tea, dessert squares.<\/li>\n<li>1 p.m.: Presentation by Johnson Insurance with a focus on MEDOC, door prizes<\/li>\n<\/ul>\n<p><strong>Note<\/strong>: AMM agenda and relevant documents will be posted on the branch website in February and March.<\/p>\n<h3>Important Documents<\/h3>\n<ul>\n<li><a href=\"https:\/\/www.federalretirees.ca\/en\/media\/2699\/download\">2023 AGM agenda<\/a><\/li>\n<li><a href=\"https:\/\/www.federalretirees.ca\/en\/media\/2698\/download\">Financial statement &#8211; balances<\/a><\/li>\n<li><a href=\"https:\/\/www.federalretirees.ca\/en\/media\/2697\/download\">Financial statement &#8211; earnings\/loss<\/a><\/li>\n<\/ul>\n","protected":false},"excerpt":{"rendered":"<p>Save the date! Come, and \u00a0help us celebrate the 40th anniversary of Kitchener-Waterloo &amp; District Branch. Come, and help us grow our numbers by bringing a prospective member. Come, and reconnect with branch members you haven\u2019t seen since we last&#8230;<\/p>\n","protected":false},"featured_media":0,"parent":40392,"template":"","meta":{"_acf_changed":false,"footnotes":""},"class_list":["post-40803","branch","type-branch","status-publish","hentry"],"acf":[],"yoast_head":"<!-- This site is optimized with the Yoast SEO plugin v27.5 - https:\/\/yoast.com\/product\/yoast-seo-wordpress\/ -->\n<title>2023 Annual General Meeting - Association nationale des retrait\u00e9s f\u00e9d\u00e9raux<\/title>\n<meta name=\"robots\" content=\"noindex, follow, max-snippet:-1, max-image-preview:large, max-video-preview:-1\" \/>\n<meta property=\"og:locale\" content=\"fr_FR\" \/>\n<meta property=\"og:type\" content=\"article\" \/>\n<meta property=\"og:title\" content=\"2023 Annual General Meeting - Association nationale des retrait\u00e9s f\u00e9d\u00e9raux\" \/>\n<meta property=\"og:description\" content=\"Save the date! Come, and \u00a0help us celebrate the 40th anniversary of Kitchener-Waterloo &amp; District Branch. Come, and help us grow our numbers by bringing a prospective member. Come, and reconnect with branch members you haven\u2019t seen since we last...\" \/>\n<meta property=\"og:url\" content=\"https:\/\/staging2.federalretirees.ca\/fr\/section\/kitchener-waterloo-district\/2023-annual-general-meeting\/\" \/>\n<meta property=\"og:site_name\" content=\"Association nationale des retrait\u00e9s f\u00e9d\u00e9raux\" \/>\n<meta property=\"article:publisher\" content=\"https:\/\/www.facebook.com\/FederalRetirees\" \/>\n<meta property=\"article:modified_time\" content=\"2026-04-09T18:32:36+00:00\" \/>\n<meta property=\"og:image\" content=\"https:\/\/staging2.federalretirees.ca\/wp-content\/uploads\/2026\/01\/GettyImages-1248256443-e1769585752444.jpg\" \/>\n\t<meta property=\"og:image:width\" content=\"2120\" \/>\n\t<meta property=\"og:image:height\" content=\"980\" \/>\n\t<meta property=\"og:image:type\" content=\"image\/jpeg\" \/>\n<meta name=\"twitter:card\" content=\"summary_large_image\" \/>\n<meta name=\"twitter:site\" content=\"@fedretirees\" \/>\n<meta name=\"twitter:label1\" content=\"Dur\u00e9e de lecture estim\u00e9e\" \/>\n\t<meta name=\"twitter:data1\" content=\"1 minute\" \/>\n<script type=\"application\/ld+json\" class=\"yoast-schema-graph\">{\"@context\":\"https:\\\/\\\/schema.org\",\"@graph\":[{\"@type\":\"WebPage\",\"@id\":\"https:\\\/\\\/staging2.federalretirees.ca\\\/fr\\\/section\\\/kitchener-waterloo-district\\\/2023-annual-general-meeting\\\/\",\"url\":\"https:\\\/\\\/staging2.federalretirees.ca\\\/fr\\\/section\\\/kitchener-waterloo-district\\\/2023-annual-general-meeting\\\/\",\"name\":\"2023 Annual General Meeting - Association nationale des retrait\u00e9s f\u00e9d\u00e9raux\",\"isPartOf\":{\"@id\":\"https:\\\/\\\/nafr.dev.sparkadvocacy.dev\\\/#website\"},\"datePublished\":\"2026-02-12T19:06:08+00:00\",\"dateModified\":\"2026-04-09T18:32:36+00:00\",\"breadcrumb\":{\"@id\":\"https:\\\/\\\/staging2.federalretirees.ca\\\/fr\\\/section\\\/kitchener-waterloo-district\\\/2023-annual-general-meeting\\\/#breadcrumb\"},\"inLanguage\":\"fr-FR\",\"potentialAction\":[{\"@type\":\"ReadAction\",\"target\":[\"https:\\\/\\\/staging2.federalretirees.ca\\\/fr\\\/section\\\/kitchener-waterloo-district\\\/2023-annual-general-meeting\\\/\"]}]},{\"@type\":\"BreadcrumbList\",\"@id\":\"https:\\\/\\\/staging2.federalretirees.ca\\\/fr\\\/section\\\/kitchener-waterloo-district\\\/2023-annual-general-meeting\\\/#breadcrumb\",\"itemListElement\":[{\"@type\":\"ListItem\",\"position\":1,\"name\":\"Home\",\"item\":\"https:\\\/\\\/nafr.dev.sparkadvocacy.dev\\\/fr\\\/\"},{\"@type\":\"ListItem\",\"position\":2,\"name\":\"Kitchener-Waterloo &#038; District\",\"item\":\"https:\\\/\\\/nafr.dev.sparkadvocacy.dev\\\/branch\\\/kitchener-waterloo-district\\\/\"},{\"@type\":\"ListItem\",\"position\":3,\"name\":\"2023 Annual General Meeting\"}]},{\"@type\":\"WebSite\",\"@id\":\"https:\\\/\\\/nafr.dev.sparkadvocacy.dev\\\/#website\",\"url\":\"https:\\\/\\\/nafr.dev.sparkadvocacy.dev\\\/\",\"name\":\"National Association of Federal Retirees\",\"description\":\"\",\"potentialAction\":[{\"@type\":\"SearchAction\",\"target\":{\"@type\":\"EntryPoint\",\"urlTemplate\":\"https:\\\/\\\/nafr.dev.sparkadvocacy.dev\\\/?s={search_term_string}\"},\"query-input\":{\"@type\":\"PropertyValueSpecification\",\"valueRequired\":true,\"valueName\":\"search_term_string\"}}],\"inLanguage\":\"fr-FR\"}]}<\/script>\n<!-- \/ Yoast SEO plugin. -->","yoast_head_json":{"title":"2023 Annual General Meeting - Association nationale des retrait\u00e9s f\u00e9d\u00e9raux","robots":{"index":"noindex","follow":"follow","max-snippet":"max-snippet:-1","max-image-preview":"max-image-preview:large","max-video-preview":"max-video-preview:-1"},"og_locale":"fr_FR","og_type":"article","og_title":"2023 Annual General Meeting - Association nationale des retrait\u00e9s f\u00e9d\u00e9raux","og_description":"Save the date! Come, and \u00a0help us celebrate the 40th anniversary of Kitchener-Waterloo &amp; District Branch. Come, and help us grow our numbers by bringing a prospective member. Come, and reconnect with branch members you haven\u2019t seen since we last...","og_url":"https:\/\/staging2.federalretirees.ca\/fr\/section\/kitchener-waterloo-district\/2023-annual-general-meeting\/","og_site_name":"Association nationale des retrait\u00e9s f\u00e9d\u00e9raux","article_publisher":"https:\/\/www.facebook.com\/FederalRetirees","article_modified_time":"2026-04-09T18:32:36+00:00","og_image":[{"width":2120,"height":980,"url":"https:\/\/staging2.federalretirees.ca\/wp-content\/uploads\/2026\/01\/GettyImages-1248256443-e1769585752444.jpg","type":"image\/jpeg"}],"twitter_card":"summary_large_image","twitter_site":"@fedretirees","twitter_misc":{"Dur\u00e9e de lecture estim\u00e9e":"1 minute"},"schema":{"@context":"https:\/\/schema.org","@graph":[{"@type":"WebPage","@id":"https:\/\/staging2.federalretirees.ca\/fr\/section\/kitchener-waterloo-district\/2023-annual-general-meeting\/","url":"https:\/\/staging2.federalretirees.ca\/fr\/section\/kitchener-waterloo-district\/2023-annual-general-meeting\/","name":"2023 Annual General Meeting - Association nationale des retrait\u00e9s f\u00e9d\u00e9raux","isPartOf":{"@id":"https:\/\/nafr.dev.sparkadvocacy.dev\/#website"},"datePublished":"2026-02-12T19:06:08+00:00","dateModified":"2026-04-09T18:32:36+00:00","breadcrumb":{"@id":"https:\/\/staging2.federalretirees.ca\/fr\/section\/kitchener-waterloo-district\/2023-annual-general-meeting\/#breadcrumb"},"inLanguage":"fr-FR","potentialAction":[{"@type":"ReadAction","target":["https:\/\/staging2.federalretirees.ca\/fr\/section\/kitchener-waterloo-district\/2023-annual-general-meeting\/"]}]},{"@type":"BreadcrumbList","@id":"https:\/\/staging2.federalretirees.ca\/fr\/section\/kitchener-waterloo-district\/2023-annual-general-meeting\/#breadcrumb","itemListElement":[{"@type":"ListItem","position":1,"name":"Home","item":"https:\/\/nafr.dev.sparkadvocacy.dev\/fr\/"},{"@type":"ListItem","position":2,"name":"Kitchener-Waterloo &#038; District","item":"https:\/\/nafr.dev.sparkadvocacy.dev\/branch\/kitchener-waterloo-district\/"},{"@type":"ListItem","position":3,"name":"2023 Annual General Meeting"}]},{"@type":"WebSite","@id":"https:\/\/nafr.dev.sparkadvocacy.dev\/#website","url":"https:\/\/nafr.dev.sparkadvocacy.dev\/","name":"National Association of Federal Retirees","description":"","potentialAction":[{"@type":"SearchAction","target":{"@type":"EntryPoint","urlTemplate":"https:\/\/nafr.dev.sparkadvocacy.dev\/?s={search_term_string}"},"query-input":{"@type":"PropertyValueSpecification","valueRequired":true,"valueName":"search_term_string"}}],"inLanguage":"fr-FR"}]}},"_links":{"self":[{"href":"https:\/\/staging2.federalretirees.ca\/fr\/wp-json\/wp\/v2\/branch\/40803","targetHints":{"allow":["GET"]}}],"collection":[{"href":"https:\/\/staging2.federalretirees.ca\/fr\/wp-json\/wp\/v2\/branch"}],"about":[{"href":"https:\/\/staging2.federalretirees.ca\/fr\/wp-json\/wp\/v2\/types\/branch"}],"version-history":[{"count":3,"href":"https:\/\/staging2.federalretirees.ca\/fr\/wp-json\/wp\/v2\/branch\/40803\/revisions"}],"predecessor-version":[{"id":66558,"href":"https:\/\/staging2.federalretirees.ca\/fr\/wp-json\/wp\/v2\/branch\/40803\/revisions\/66558"}],"up":[{"embeddable":true,"href":"https:\/\/staging2.federalretirees.ca\/fr\/wp-json\/wp\/v2\/branch\/40392"}],"wp:attachment":[{"href":"https:\/\/staging2.federalretirees.ca\/fr\/wp-json\/wp\/v2\/media?parent=40803"}],"curies":[{"name":"wp","href":"https:\/\/api.w.org\/{rel}","templated":true}]}}

<!-- This site is optimized with the Yoast SEO plugin v27.5 - https://yoast.com/product/yoast-seo-wordpress/ -->
<title>2023 Annual General Meeting - Association nationale des retraités fédéraux</title>
<meta name="robots" content="noindex, follow, max-snippet:-1, max-image-preview:large, max-video-preview:-1" />
<meta property="og:locale" content="fr_FR" />
<meta property="og:type" content="article" />
<meta property="og:title" content="2023 Annual General Meeting - Association nationale des retraités fédéraux" />
<meta property="og:description" content="Save the date! Come, and  help us celebrate the 40th anniversary of Kitchener-Waterloo &amp; District Branch. Come, and help us grow our numbers by bringing a prospective member. Come, and reconnect with branch members you haven’t seen since we last..." />
<meta property="og:url" content="https://staging2.federalretirees.ca/fr/section/kitchener-waterloo-district/2023-annual-general-meeting/" />
<meta property="og:site_name" content="Association nationale des retraités fédéraux" />
<meta property="article:publisher" content="https://www.facebook.com/FederalRetirees" />
<meta property="article:modified_time" content="2026-04-09T18:32:36+00:00" />
<meta property="og:image" content="https://staging2.federalretirees.ca/wp-content/uploads/2026/01/GettyImages-1248256443-e1769585752444.jpg" />
	<meta property="og:image:width" content="2120" />
	<meta property="og:image:height" content="980" />
	<meta property="og:image:type" content="image/jpeg" />
<meta name="twitter:card" content="summary_large_image" />
<meta name="twitter:site" content="@fedretirees" />
<meta name="twitter:label1" content="Durée de lecture estimée" />
	<meta name="twitter:data1" content="1 minute" />
<script type="application/ld+json" class="yoast-schema-graph">{"@context":"https:\/\/schema.org","@graph":[{"@type":"WebPage","@id":"https:\/\/staging2.federalretirees.ca\/fr\/section\/kitchener-waterloo-district\/2023-annual-general-meeting\/","url":"https:\/\/staging2.federalretirees.ca\/fr\/section\/kitchener-waterloo-district\/2023-annual-general-meeting\/","name":"2023 Annual General Meeting - Association nationale des retraités fédéraux","isPartOf":{"@id":"https:\/\/nafr.dev.sparkadvocacy.dev\/#website"},"datePublished":"2026-02-12T19:06:08+00:00","dateModified":"2026-04-09T18:32:36+00:00","breadcrumb":{"@id":"https:\/\/staging2.federalretirees.ca\/fr\/section\/kitchener-waterloo-district\/2023-annual-general-meeting\/#breadcrumb"},"inLanguage":"fr-FR","potentialAction":[{"@type":"ReadAction","target":["https:\/\/staging2.federalretirees.ca\/fr\/section\/kitchener-waterloo-district\/2023-annual-general-meeting\/"]}]},{"@type":"BreadcrumbList","@id":"https:\/\/staging2.federalretirees.ca\/fr\/section\/kitchener-waterloo-district\/2023-annual-general-meeting\/#breadcrumb","itemListElement":[{"@type":"ListItem","position":1,"name":"Home","item":"https:\/\/nafr.dev.sparkadvocacy.dev\/fr\/"},{"@type":"ListItem","position":2,"name":"Kitchener-Waterloo &#038; District","item":"https:\/\/nafr.dev.sparkadvocacy.dev\/branch\/kitchener-waterloo-district\/"},{"@type":"ListItem","position":3,"name":"2023 Annual General Meeting"}]},{"@type":"WebSite","@id":"https:\/\/nafr.dev.sparkadvocacy.dev\/#website","url":"https:\/\/nafr.dev.sparkadvocacy.dev\/","name":"National Association of Federal Retirees","description":"","potentialAction":[{"@type":"SearchAction","target":{"@type":"EntryPoint","urlTemplate":"https:\/\/nafr.dev.sparkadvocacy.dev\/?s={search_term_string}"},"query-input":{"@type":"PropertyValueSpecification","valueRequired":true,"valueName":"search_term_string"}}],"inLanguage":"fr-FR"}]}</script>
<!-- / Yoast SEO plugin. -->

2023 Annual General Meeting - Association nationale des retraités fédéraux

Association nationale des retraités fédéraux
