{"id":40770,"date":"2026-02-12T14:05:54","date_gmt":"2026-02-12T19:05:54","guid":{"rendered":"https:\/\/nafr.dev.sparkadvocacy.dev\/branch\/orchard-valley\/board-executives-and-directors\/"},"modified":"2026-04-09T11:22:25","modified_gmt":"2026-04-09T15:22:25","slug":"board-executives-and-directors","status":"publish","type":"branch","link":"https:\/\/staging2.federalretirees.ca\/fr\/section\/orchard-valley\/board-executives-and-directors\/","title":{"rendered":"Board executives and directors"},"content":{"rendered":"<p><strong>President:<\/strong> Tony Berger<\/p>\n<p><strong>Vice President:<\/strong> Dallas Moore<\/p>\n<p><strong>Past President: <\/strong>Ted Cross<\/p>\n<p><strong>Treasurer:<\/strong> Perry Wallace<\/p>\n<p><strong>Secretary:<\/strong> Laura Chaddock<\/p>\n<p><strong>Membership Secretary:<\/strong> Ken Chaddock<\/p>\n<p><strong>Branch Editor: <\/strong>Ken Chaddock<\/p>\n<p><strong>Health Benefits Officer: <\/strong>Peter Kerr<\/p>\n<p><strong>Branch Advocacy Liaison<\/strong>: <span lang=\"EN-US\" style=\"font-size: 12.0pt; line-height: 105%;\">Doug Steadman<\/span><\/p>\n<p><strong>Branch Events Coordinator:<\/strong> Carol Harris<\/p>\n<p style=\"text-align: left;\" align=\"left\"><span lang=\"EN-US\" style=\"font-size: 12.0pt; line-height: 105%;\"><strong>Director at Large:<\/strong> Paul Richard<\/span><\/p>\n<p style=\"text-align: left;\" align=\"left\"><span lang=\"EN-US\" style=\"font-size: 12.0pt; line-height: 105%;\"><strong>Director at Large:\u00a0<\/strong>Margaret Cameron<\/span><\/p>\n<p style=\"text-align: left;\" align=\"left\"><span lang=\"EN-US\" style=\"font-size: 12.0pt; line-height: 105%;\"><strong>Director at Large<\/strong>: Stewart Cameron<\/span><\/p>\n<p style=\"text-align: left;\" align=\"left\"><span lang=\"EN-US\" style=\"font-size: 12.0pt; line-height: 105%;\"><strong>Director at Large<\/strong>: Jane McDonald<\/span><\/p>\n<p style=\"text-align: left;\" align=\"left\"><span lang=\"EN-US\" style=\"font-size: 12.0pt; line-height: 105%;\"><strong>Director at Large<\/strong>: Ted Cross<\/span><\/p>\n<p style=\"text-align: left;\" align=\"left\"><span lang=\"EN-US\" style=\"font-size: 12.0pt; line-height: 105%;\"><strong>Director at Large<\/strong>: Mervin Steadman<\/span><\/p>\n","protected":false},"excerpt":{"rendered":"<p>President: Tony Berger Vice President: Dallas Moore Past President: Ted Cross Treasurer: Perry Wallace Secretary: Laura Chaddock Membership Secretary: Ken Chaddock Branch Editor: Ken Chaddock Health Benefits Officer: Peter Kerr Branch Advocacy Liaison: Doug Steadman Branch Events Coordinator: Carol Harris&#8230;<\/p>\n","protected":false},"featured_media":0,"parent":40441,"template":"","meta":{"_acf_changed":false,"footnotes":""},"class_list":["post-40770","branch","type-branch","status-publish","hentry"],"acf":[],"yoast_head":"<!-- This site is optimized with the Yoast SEO plugin v27.5 - https:\/\/yoast.com\/product\/yoast-seo-wordpress\/ -->\n<title>Board executives and directors - Association nationale des retrait\u00e9s f\u00e9d\u00e9raux<\/title>\n<meta name=\"robots\" content=\"noindex, follow, max-snippet:-1, max-image-preview:large, max-video-preview:-1\" \/>\n<meta property=\"og:locale\" content=\"fr_FR\" \/>\n<meta property=\"og:type\" content=\"article\" \/>\n<meta property=\"og:title\" content=\"Board executives and directors - Association nationale des retrait\u00e9s f\u00e9d\u00e9raux\" \/>\n<meta property=\"og:description\" content=\"President: Tony Berger Vice President: Dallas Moore Past President: Ted Cross Treasurer: Perry Wallace Secretary: Laura Chaddock Membership Secretary: Ken Chaddock Branch Editor: Ken Chaddock Health Benefits Officer: Peter Kerr Branch Advocacy Liaison: Doug Steadman Branch Events Coordinator: Carol Harris...\" \/>\n<meta property=\"og:url\" content=\"https:\/\/staging2.federalretirees.ca\/fr\/section\/orchard-valley\/board-executives-and-directors\/\" \/>\n<meta property=\"og:site_name\" content=\"Association nationale des retrait\u00e9s f\u00e9d\u00e9raux\" \/>\n<meta property=\"article:publisher\" content=\"https:\/\/www.facebook.com\/FederalRetirees\" \/>\n<meta property=\"article:modified_time\" content=\"2026-04-09T15:22:25+00:00\" \/>\n<meta property=\"og:image\" content=\"https:\/\/staging2.federalretirees.ca\/wp-content\/uploads\/2026\/01\/GettyImages-1248256443-e1769585752444.jpg\" \/>\n\t<meta property=\"og:image:width\" content=\"2120\" \/>\n\t<meta property=\"og:image:height\" content=\"980\" \/>\n\t<meta property=\"og:image:type\" content=\"image\/jpeg\" \/>\n<meta name=\"twitter:card\" content=\"summary_large_image\" \/>\n<meta name=\"twitter:site\" content=\"@fedretirees\" \/>\n<meta name=\"twitter:label1\" content=\"Dur\u00e9e de lecture estim\u00e9e\" \/>\n\t<meta name=\"twitter:data1\" content=\"1 minute\" \/>\n<script type=\"application\/ld+json\" class=\"yoast-schema-graph\">{\"@context\":\"https:\\\/\\\/schema.org\",\"@graph\":[{\"@type\":\"WebPage\",\"@id\":\"https:\\\/\\\/staging2.federalretirees.ca\\\/fr\\\/section\\\/orchard-valley\\\/board-executives-and-directors\\\/\",\"url\":\"https:\\\/\\\/staging2.federalretirees.ca\\\/fr\\\/section\\\/orchard-valley\\\/board-executives-and-directors\\\/\",\"name\":\"Board executives and directors - Association nationale des retrait\u00e9s f\u00e9d\u00e9raux\",\"isPartOf\":{\"@id\":\"https:\\\/\\\/nafr.dev.sparkadvocacy.dev\\\/#website\"},\"datePublished\":\"2026-02-12T19:05:54+00:00\",\"dateModified\":\"2026-04-09T15:22:25+00:00\",\"breadcrumb\":{\"@id\":\"https:\\\/\\\/staging2.federalretirees.ca\\\/fr\\\/section\\\/orchard-valley\\\/board-executives-and-directors\\\/#breadcrumb\"},\"inLanguage\":\"fr-FR\",\"potentialAction\":[{\"@type\":\"ReadAction\",\"target\":[\"https:\\\/\\\/staging2.federalretirees.ca\\\/fr\\\/section\\\/orchard-valley\\\/board-executives-and-directors\\\/\"]}]},{\"@type\":\"BreadcrumbList\",\"@id\":\"https:\\\/\\\/staging2.federalretirees.ca\\\/fr\\\/section\\\/orchard-valley\\\/board-executives-and-directors\\\/#breadcrumb\",\"itemListElement\":[{\"@type\":\"ListItem\",\"position\":1,\"name\":\"Home\",\"item\":\"https:\\\/\\\/nafr.dev.sparkadvocacy.dev\\\/fr\\\/\"},{\"@type\":\"ListItem\",\"position\":2,\"name\":\"Orchard Valley\",\"item\":\"https:\\\/\\\/nafr.dev.sparkadvocacy.dev\\\/branch\\\/orchard-valley\\\/\"},{\"@type\":\"ListItem\",\"position\":3,\"name\":\"Board executives and directors\"}]},{\"@type\":\"WebSite\",\"@id\":\"https:\\\/\\\/nafr.dev.sparkadvocacy.dev\\\/#website\",\"url\":\"https:\\\/\\\/nafr.dev.sparkadvocacy.dev\\\/\",\"name\":\"National Association of Federal Retirees\",\"description\":\"\",\"potentialAction\":[{\"@type\":\"SearchAction\",\"target\":{\"@type\":\"EntryPoint\",\"urlTemplate\":\"https:\\\/\\\/nafr.dev.sparkadvocacy.dev\\\/?s={search_term_string}\"},\"query-input\":{\"@type\":\"PropertyValueSpecification\",\"valueRequired\":true,\"valueName\":\"search_term_string\"}}],\"inLanguage\":\"fr-FR\"}]}<\/script>\n<!-- \/ Yoast SEO plugin. -->","yoast_head_json":{"title":"Board executives and directors - Association nationale des retrait\u00e9s f\u00e9d\u00e9raux","robots":{"index":"noindex","follow":"follow","max-snippet":"max-snippet:-1","max-image-preview":"max-image-preview:large","max-video-preview":"max-video-preview:-1"},"og_locale":"fr_FR","og_type":"article","og_title":"Board executives and directors - Association nationale des retrait\u00e9s f\u00e9d\u00e9raux","og_description":"President: Tony Berger Vice President: Dallas Moore Past President: Ted Cross Treasurer: Perry Wallace Secretary: Laura Chaddock Membership Secretary: Ken Chaddock Branch Editor: Ken Chaddock Health Benefits Officer: Peter Kerr Branch Advocacy Liaison: Doug Steadman Branch Events Coordinator: Carol Harris...","og_url":"https:\/\/staging2.federalretirees.ca\/fr\/section\/orchard-valley\/board-executives-and-directors\/","og_site_name":"Association nationale des retrait\u00e9s f\u00e9d\u00e9raux","article_publisher":"https:\/\/www.facebook.com\/FederalRetirees","article_modified_time":"2026-04-09T15:22:25+00:00","og_image":[{"width":2120,"height":980,"url":"https:\/\/staging2.federalretirees.ca\/wp-content\/uploads\/2026\/01\/GettyImages-1248256443-e1769585752444.jpg","type":"image\/jpeg"}],"twitter_card":"summary_large_image","twitter_site":"@fedretirees","twitter_misc":{"Dur\u00e9e de lecture estim\u00e9e":"1 minute"},"schema":{"@context":"https:\/\/schema.org","@graph":[{"@type":"WebPage","@id":"https:\/\/staging2.federalretirees.ca\/fr\/section\/orchard-valley\/board-executives-and-directors\/","url":"https:\/\/staging2.federalretirees.ca\/fr\/section\/orchard-valley\/board-executives-and-directors\/","name":"Board executives and directors - Association nationale des retrait\u00e9s f\u00e9d\u00e9raux","isPartOf":{"@id":"https:\/\/nafr.dev.sparkadvocacy.dev\/#website"},"datePublished":"2026-02-12T19:05:54+00:00","dateModified":"2026-04-09T15:22:25+00:00","breadcrumb":{"@id":"https:\/\/staging2.federalretirees.ca\/fr\/section\/orchard-valley\/board-executives-and-directors\/#breadcrumb"},"inLanguage":"fr-FR","potentialAction":[{"@type":"ReadAction","target":["https:\/\/staging2.federalretirees.ca\/fr\/section\/orchard-valley\/board-executives-and-directors\/"]}]},{"@type":"BreadcrumbList","@id":"https:\/\/staging2.federalretirees.ca\/fr\/section\/orchard-valley\/board-executives-and-directors\/#breadcrumb","itemListElement":[{"@type":"ListItem","position":1,"name":"Home","item":"https:\/\/nafr.dev.sparkadvocacy.dev\/fr\/"},{"@type":"ListItem","position":2,"name":"Orchard Valley","item":"https:\/\/nafr.dev.sparkadvocacy.dev\/branch\/orchard-valley\/"},{"@type":"ListItem","position":3,"name":"Board executives and directors"}]},{"@type":"WebSite","@id":"https:\/\/nafr.dev.sparkadvocacy.dev\/#website","url":"https:\/\/nafr.dev.sparkadvocacy.dev\/","name":"National Association of Federal Retirees","description":"","potentialAction":[{"@type":"SearchAction","target":{"@type":"EntryPoint","urlTemplate":"https:\/\/nafr.dev.sparkadvocacy.dev\/?s={search_term_string}"},"query-input":{"@type":"PropertyValueSpecification","valueRequired":true,"valueName":"search_term_string"}}],"inLanguage":"fr-FR"}]}},"_links":{"self":[{"href":"https:\/\/staging2.federalretirees.ca\/fr\/wp-json\/wp\/v2\/branch\/40770","targetHints":{"allow":["GET"]}}],"collection":[{"href":"https:\/\/staging2.federalretirees.ca\/fr\/wp-json\/wp\/v2\/branch"}],"about":[{"href":"https:\/\/staging2.federalretirees.ca\/fr\/wp-json\/wp\/v2\/types\/branch"}],"version-history":[{"count":1,"href":"https:\/\/staging2.federalretirees.ca\/fr\/wp-json\/wp\/v2\/branch\/40770\/revisions"}],"predecessor-version":[{"id":66509,"href":"https:\/\/staging2.federalretirees.ca\/fr\/wp-json\/wp\/v2\/branch\/40770\/revisions\/66509"}],"up":[{"embeddable":true,"href":"https:\/\/staging2.federalretirees.ca\/fr\/wp-json\/wp\/v2\/branch\/40441"}],"wp:attachment":[{"href":"https:\/\/staging2.federalretirees.ca\/fr\/wp-json\/wp\/v2\/media?parent=40770"}],"curies":[{"name":"wp","href":"https:\/\/api.w.org\/{rel}","templated":true}]}}

<!-- This site is optimized with the Yoast SEO plugin v27.5 - https://yoast.com/product/yoast-seo-wordpress/ -->
<title>Board executives and directors - Association nationale des retraités fédéraux</title>
<meta name="robots" content="noindex, follow, max-snippet:-1, max-image-preview:large, max-video-preview:-1" />
<meta property="og:locale" content="fr_FR" />
<meta property="og:type" content="article" />
<meta property="og:title" content="Board executives and directors - Association nationale des retraités fédéraux" />
<meta property="og:description" content="President: Tony Berger Vice President: Dallas Moore Past President: Ted Cross Treasurer: Perry Wallace Secretary: Laura Chaddock Membership Secretary: Ken Chaddock Branch Editor: Ken Chaddock Health Benefits Officer: Peter Kerr Branch Advocacy Liaison: Doug Steadman Branch Events Coordinator: Carol Harris..." />
<meta property="og:url" content="https://staging2.federalretirees.ca/fr/section/orchard-valley/board-executives-and-directors/" />
<meta property="og:site_name" content="Association nationale des retraités fédéraux" />
<meta property="article:publisher" content="https://www.facebook.com/FederalRetirees" />
<meta property="article:modified_time" content="2026-04-09T15:22:25+00:00" />
<meta property="og:image" content="https://staging2.federalretirees.ca/wp-content/uploads/2026/01/GettyImages-1248256443-e1769585752444.jpg" />
	<meta property="og:image:width" content="2120" />
	<meta property="og:image:height" content="980" />
	<meta property="og:image:type" content="image/jpeg" />
<meta name="twitter:card" content="summary_large_image" />
<meta name="twitter:site" content="@fedretirees" />
<meta name="twitter:label1" content="Durée de lecture estimée" />
	<meta name="twitter:data1" content="1 minute" />
<script type="application/ld+json" class="yoast-schema-graph">{"@context":"https:\/\/schema.org","@graph":[{"@type":"WebPage","@id":"https:\/\/staging2.federalretirees.ca\/fr\/section\/orchard-valley\/board-executives-and-directors\/","url":"https:\/\/staging2.federalretirees.ca\/fr\/section\/orchard-valley\/board-executives-and-directors\/","name":"Board executives and directors - Association nationale des retraités fédéraux","isPartOf":{"@id":"https:\/\/nafr.dev.sparkadvocacy.dev\/#website"},"datePublished":"2026-02-12T19:05:54+00:00","dateModified":"2026-04-09T15:22:25+00:00","breadcrumb":{"@id":"https:\/\/staging2.federalretirees.ca\/fr\/section\/orchard-valley\/board-executives-and-directors\/#breadcrumb"},"inLanguage":"fr-FR","potentialAction":[{"@type":"ReadAction","target":["https:\/\/staging2.federalretirees.ca\/fr\/section\/orchard-valley\/board-executives-and-directors\/"]}]},{"@type":"BreadcrumbList","@id":"https:\/\/staging2.federalretirees.ca\/fr\/section\/orchard-valley\/board-executives-and-directors\/#breadcrumb","itemListElement":[{"@type":"ListItem","position":1,"name":"Home","item":"https:\/\/nafr.dev.sparkadvocacy.dev\/fr\/"},{"@type":"ListItem","position":2,"name":"Orchard Valley","item":"https:\/\/nafr.dev.sparkadvocacy.dev\/branch\/orchard-valley\/"},{"@type":"ListItem","position":3,"name":"Board executives and directors"}]},{"@type":"WebSite","@id":"https:\/\/nafr.dev.sparkadvocacy.dev\/#website","url":"https:\/\/nafr.dev.sparkadvocacy.dev\/","name":"National Association of Federal Retirees","description":"","potentialAction":[{"@type":"SearchAction","target":{"@type":"EntryPoint","urlTemplate":"https:\/\/nafr.dev.sparkadvocacy.dev\/?s={search_term_string}"},"query-input":{"@type":"PropertyValueSpecification","valueRequired":true,"valueName":"search_term_string"}}],"inLanguage":"fr-FR"}]}</script>
<!-- / Yoast SEO plugin. -->

Board executives and directors - Association nationale des retraités fédéraux

Association nationale des retraités fédéraux
