{"id":40757,"date":"2026-02-12T14:05:41","date_gmt":"2026-02-12T19:05:41","guid":{"rendered":"https:\/\/nafr.dev.sparkadvocacy.dev\/branch\/central-newfoundland\/branch-executive\/"},"modified":"2026-04-17T16:58:15","modified_gmt":"2026-04-17T20:58:15","slug":"branch-executive","status":"publish","type":"branch","link":"https:\/\/staging2.federalretirees.ca\/fr\/section\/central-newfoundland\/branch-executive\/","title":{"rendered":"Branch executive"},"content":{"rendered":"<h3><span style=\"color: 003767;\">2023\/2024 Executive<\/span><\/h3>\n<table style=\"width: 650px;\" border=\"1\" cellspacing=\"1\" cellpadding=\"1\">\n<tbody>\n<tr>\n<td>Winston Jenkins<\/td>\n<td>President<\/td>\n<td>709-884-2862<\/td>\n<td><a href=\"mailto:wlkjenkins@personainternet.com\">wlkjenkins@personainternet.com<\/a><\/td>\n<\/tr>\n<tr>\n<td>Jeanne Dillon<\/td>\n<td>Vice-President\/RCMP<\/td>\n<td>709-256-2262<\/td>\n<td><a href=\"mailto:djdillon73@gmail.com\">djdillon73@gmail.com<\/a><\/td>\n<\/tr>\n<tr>\n<td>Shirley O&rsquo;Donnell<\/td>\n<td>Secretary<\/td>\n<td>709-651-5961<\/td>\n<td><a href=\"mailto:scodonnell@bellaliant.net\">scodonnell@bellaliant.net<\/a><\/td>\n<\/tr>\n<tr>\n<td>Marilyn King<\/td>\n<td>Treasurer<\/td>\n<td>709-489-0741<\/td>\n<td><a href=\"mailto:marilyn.king88@yahoo.ca\">marilyn.king88@yahoo.ca<\/a><\/td>\n<\/tr>\n<tr>\n<td>Cal Carter<\/td>\n<td>Director<\/td>\n<td><\/td>\n<td><a href=\"mailto:c-carter@nl.rogers.com\">c-carter@nl.rogers.com<\/a><\/td>\n<\/tr>\n<tr>\n<td>Frank Pike<\/td>\n<td style=\"width: 153px;\">Director\/RCMP<\/td>\n<td>306-540-5239<\/td>\n<td style=\"width: 169px;\"><a href=\"mailto:plato24@yahoo.com\">plato24@yahoo.com<\/a><\/td>\n<\/tr>\n<tr>\n<td style=\"width: 137px;\">Cindy Wells<\/td>\n<td>Director<\/td>\n<td style=\"width: 115px;\">709-989-1232<\/td>\n<td><a href=\"mailto:cindywells4@gmail.com\">cindywells4@gmail.com<\/a><\/td>\n<\/tr>\n<tr>\n<td style=\"width: 137px;\">Derm Coady<\/td>\n<td>Past &#8211; President<\/td>\n<td style=\"width: 115px;\">709-256-8496<\/td>\n<td><a href=\"mailto:dmccoady@nl.rogers.com\">dmccoady@nl.rogers.com<\/a><\/td>\n<\/tr>\n<\/tbody>\n<\/table>\n","protected":false},"excerpt":{"rendered":"<p>2023\/2024 Executive Winston Jenkins President 709-884-2862 wlkjenkins@personainternet.com Jeanne Dillon Vice-President\/RCMP 709-256-2262 djdillon73@gmail.com Shirley O&rsquo;Donnell Secretary 709-651-5961 scodonnell@bellaliant.net Marilyn King Treasurer 709-489-0741 marilyn.king88@yahoo.ca Cal Carter Director c-carter@nl.rogers.com Frank Pike Director\/RCMP 306-540-5239 plato24@yahoo.com Cindy Wells Director 709-989-1232 cindywells4@gmail.com Derm Coady Past &#8211;&#8230;<\/p>\n","protected":false},"featured_media":0,"parent":40375,"template":"","meta":{"_acf_changed":false,"footnotes":""},"class_list":["post-40757","branch","type-branch","status-publish","hentry"],"acf":[],"yoast_head":"<!-- This site is optimized with the Yoast SEO plugin v27.5 - https:\/\/yoast.com\/product\/yoast-seo-wordpress\/ -->\n<title>Branch executive - Association nationale des retrait\u00e9s f\u00e9d\u00e9raux<\/title>\n<meta name=\"robots\" content=\"noindex, follow, max-snippet:-1, max-image-preview:large, max-video-preview:-1\" \/>\n<meta property=\"og:locale\" content=\"fr_FR\" \/>\n<meta property=\"og:type\" content=\"article\" \/>\n<meta property=\"og:title\" content=\"Branch executive - Association nationale des retrait\u00e9s f\u00e9d\u00e9raux\" \/>\n<meta property=\"og:description\" content=\"2023\/2024 Executive Winston Jenkins President 709-884-2862 wlkjenkins@personainternet.com Jeanne Dillon Vice-President\/RCMP 709-256-2262 djdillon73@gmail.com Shirley O&rsquo;Donnell Secretary 709-651-5961 scodonnell@bellaliant.net Marilyn King Treasurer 709-489-0741 marilyn.king88@yahoo.ca Cal Carter Director c-carter@nl.rogers.com Frank Pike Director\/RCMP 306-540-5239 plato24@yahoo.com Cindy Wells Director 709-989-1232 cindywells4@gmail.com Derm Coady Past &#8211;...\" \/>\n<meta property=\"og:url\" content=\"https:\/\/staging2.federalretirees.ca\/fr\/section\/central-newfoundland\/branch-executive\/\" \/>\n<meta property=\"og:site_name\" content=\"Association nationale des retrait\u00e9s f\u00e9d\u00e9raux\" \/>\n<meta property=\"article:publisher\" content=\"https:\/\/www.facebook.com\/FederalRetirees\" \/>\n<meta property=\"article:modified_time\" content=\"2026-04-17T20:58:15+00:00\" \/>\n<meta property=\"og:image\" content=\"https:\/\/staging2.federalretirees.ca\/wp-content\/uploads\/2026\/01\/GettyImages-1248256443-e1769585752444.jpg\" \/>\n\t<meta property=\"og:image:width\" content=\"2120\" \/>\n\t<meta property=\"og:image:height\" content=\"980\" \/>\n\t<meta property=\"og:image:type\" content=\"image\/jpeg\" \/>\n<meta name=\"twitter:card\" content=\"summary_large_image\" \/>\n<meta name=\"twitter:site\" content=\"@fedretirees\" \/>\n<meta name=\"twitter:label1\" content=\"Dur\u00e9e de lecture estim\u00e9e\" \/>\n\t<meta name=\"twitter:data1\" content=\"1 minute\" \/>\n<script type=\"application\/ld+json\" class=\"yoast-schema-graph\">{\"@context\":\"https:\\\/\\\/schema.org\",\"@graph\":[{\"@type\":\"WebPage\",\"@id\":\"https:\\\/\\\/staging2.federalretirees.ca\\\/fr\\\/section\\\/central-newfoundland\\\/branch-executive\\\/\",\"url\":\"https:\\\/\\\/staging2.federalretirees.ca\\\/fr\\\/section\\\/central-newfoundland\\\/branch-executive\\\/\",\"name\":\"Branch executive - Association nationale des retrait\u00e9s f\u00e9d\u00e9raux\",\"isPartOf\":{\"@id\":\"https:\\\/\\\/nafr.dev.sparkadvocacy.dev\\\/#website\"},\"datePublished\":\"2026-02-12T19:05:41+00:00\",\"dateModified\":\"2026-04-17T20:58:15+00:00\",\"breadcrumb\":{\"@id\":\"https:\\\/\\\/staging2.federalretirees.ca\\\/fr\\\/section\\\/central-newfoundland\\\/branch-executive\\\/#breadcrumb\"},\"inLanguage\":\"fr-FR\",\"potentialAction\":[{\"@type\":\"ReadAction\",\"target\":[\"https:\\\/\\\/staging2.federalretirees.ca\\\/fr\\\/section\\\/central-newfoundland\\\/branch-executive\\\/\"]}]},{\"@type\":\"BreadcrumbList\",\"@id\":\"https:\\\/\\\/staging2.federalretirees.ca\\\/fr\\\/section\\\/central-newfoundland\\\/branch-executive\\\/#breadcrumb\",\"itemListElement\":[{\"@type\":\"ListItem\",\"position\":1,\"name\":\"Home\",\"item\":\"https:\\\/\\\/nafr.dev.sparkadvocacy.dev\\\/fr\\\/\"},{\"@type\":\"ListItem\",\"position\":2,\"name\":\"Central Newfoundland\",\"item\":\"https:\\\/\\\/nafr.dev.sparkadvocacy.dev\\\/branch\\\/central-newfoundland\\\/\"},{\"@type\":\"ListItem\",\"position\":3,\"name\":\"Branch executive\"}]},{\"@type\":\"WebSite\",\"@id\":\"https:\\\/\\\/nafr.dev.sparkadvocacy.dev\\\/#website\",\"url\":\"https:\\\/\\\/nafr.dev.sparkadvocacy.dev\\\/\",\"name\":\"National Association of Federal Retirees\",\"description\":\"\",\"potentialAction\":[{\"@type\":\"SearchAction\",\"target\":{\"@type\":\"EntryPoint\",\"urlTemplate\":\"https:\\\/\\\/nafr.dev.sparkadvocacy.dev\\\/?s={search_term_string}\"},\"query-input\":{\"@type\":\"PropertyValueSpecification\",\"valueRequired\":true,\"valueName\":\"search_term_string\"}}],\"inLanguage\":\"fr-FR\"}]}<\/script>\n<!-- \/ Yoast SEO plugin. -->","yoast_head_json":{"title":"Branch executive - Association nationale des retrait\u00e9s f\u00e9d\u00e9raux","robots":{"index":"noindex","follow":"follow","max-snippet":"max-snippet:-1","max-image-preview":"max-image-preview:large","max-video-preview":"max-video-preview:-1"},"og_locale":"fr_FR","og_type":"article","og_title":"Branch executive - Association nationale des retrait\u00e9s f\u00e9d\u00e9raux","og_description":"2023\/2024 Executive Winston Jenkins President 709-884-2862 wlkjenkins@personainternet.com Jeanne Dillon Vice-President\/RCMP 709-256-2262 djdillon73@gmail.com Shirley O&rsquo;Donnell Secretary 709-651-5961 scodonnell@bellaliant.net Marilyn King Treasurer 709-489-0741 marilyn.king88@yahoo.ca Cal Carter Director c-carter@nl.rogers.com Frank Pike Director\/RCMP 306-540-5239 plato24@yahoo.com Cindy Wells Director 709-989-1232 cindywells4@gmail.com Derm Coady Past &#8211;...","og_url":"https:\/\/staging2.federalretirees.ca\/fr\/section\/central-newfoundland\/branch-executive\/","og_site_name":"Association nationale des retrait\u00e9s f\u00e9d\u00e9raux","article_publisher":"https:\/\/www.facebook.com\/FederalRetirees","article_modified_time":"2026-04-17T20:58:15+00:00","og_image":[{"width":2120,"height":980,"url":"https:\/\/staging2.federalretirees.ca\/wp-content\/uploads\/2026\/01\/GettyImages-1248256443-e1769585752444.jpg","type":"image\/jpeg"}],"twitter_card":"summary_large_image","twitter_site":"@fedretirees","twitter_misc":{"Dur\u00e9e de lecture estim\u00e9e":"1 minute"},"schema":{"@context":"https:\/\/schema.org","@graph":[{"@type":"WebPage","@id":"https:\/\/staging2.federalretirees.ca\/fr\/section\/central-newfoundland\/branch-executive\/","url":"https:\/\/staging2.federalretirees.ca\/fr\/section\/central-newfoundland\/branch-executive\/","name":"Branch executive - Association nationale des retrait\u00e9s f\u00e9d\u00e9raux","isPartOf":{"@id":"https:\/\/nafr.dev.sparkadvocacy.dev\/#website"},"datePublished":"2026-02-12T19:05:41+00:00","dateModified":"2026-04-17T20:58:15+00:00","breadcrumb":{"@id":"https:\/\/staging2.federalretirees.ca\/fr\/section\/central-newfoundland\/branch-executive\/#breadcrumb"},"inLanguage":"fr-FR","potentialAction":[{"@type":"ReadAction","target":["https:\/\/staging2.federalretirees.ca\/fr\/section\/central-newfoundland\/branch-executive\/"]}]},{"@type":"BreadcrumbList","@id":"https:\/\/staging2.federalretirees.ca\/fr\/section\/central-newfoundland\/branch-executive\/#breadcrumb","itemListElement":[{"@type":"ListItem","position":1,"name":"Home","item":"https:\/\/nafr.dev.sparkadvocacy.dev\/fr\/"},{"@type":"ListItem","position":2,"name":"Central Newfoundland","item":"https:\/\/nafr.dev.sparkadvocacy.dev\/branch\/central-newfoundland\/"},{"@type":"ListItem","position":3,"name":"Branch executive"}]},{"@type":"WebSite","@id":"https:\/\/nafr.dev.sparkadvocacy.dev\/#website","url":"https:\/\/nafr.dev.sparkadvocacy.dev\/","name":"National Association of Federal Retirees","description":"","potentialAction":[{"@type":"SearchAction","target":{"@type":"EntryPoint","urlTemplate":"https:\/\/nafr.dev.sparkadvocacy.dev\/?s={search_term_string}"},"query-input":{"@type":"PropertyValueSpecification","valueRequired":true,"valueName":"search_term_string"}}],"inLanguage":"fr-FR"}]}},"_links":{"self":[{"href":"https:\/\/staging2.federalretirees.ca\/fr\/wp-json\/wp\/v2\/branch\/40757","targetHints":{"allow":["GET"]}}],"collection":[{"href":"https:\/\/staging2.federalretirees.ca\/fr\/wp-json\/wp\/v2\/branch"}],"about":[{"href":"https:\/\/staging2.federalretirees.ca\/fr\/wp-json\/wp\/v2\/types\/branch"}],"version-history":[{"count":1,"href":"https:\/\/staging2.federalretirees.ca\/fr\/wp-json\/wp\/v2\/branch\/40757\/revisions"}],"predecessor-version":[{"id":66945,"href":"https:\/\/staging2.federalretirees.ca\/fr\/wp-json\/wp\/v2\/branch\/40757\/revisions\/66945"}],"up":[{"embeddable":true,"href":"https:\/\/staging2.federalretirees.ca\/fr\/wp-json\/wp\/v2\/branch\/40375"}],"wp:attachment":[{"href":"https:\/\/staging2.federalretirees.ca\/fr\/wp-json\/wp\/v2\/media?parent=40757"}],"curies":[{"name":"wp","href":"https:\/\/api.w.org\/{rel}","templated":true}]}}

<!-- This site is optimized with the Yoast SEO plugin v27.5 - https://yoast.com/product/yoast-seo-wordpress/ -->
<title>Branch executive - Association nationale des retraités fédéraux</title>
<meta name="robots" content="noindex, follow, max-snippet:-1, max-image-preview:large, max-video-preview:-1" />
<meta property="og:locale" content="fr_FR" />
<meta property="og:type" content="article" />
<meta property="og:title" content="Branch executive - Association nationale des retraités fédéraux" />
<meta property="og:description" content="2023/2024 Executive Winston Jenkins President 709-884-2862 wlkjenkins@personainternet.com Jeanne Dillon Vice-President/RCMP 709-256-2262 djdillon73@gmail.com Shirley O&rsquo;Donnell Secretary 709-651-5961 scodonnell@bellaliant.net Marilyn King Treasurer 709-489-0741 marilyn.king88@yahoo.ca Cal Carter Director c-carter@nl.rogers.com Frank Pike Director/RCMP 306-540-5239 plato24@yahoo.com Cindy Wells Director 709-989-1232 cindywells4@gmail.com Derm Coady Past &#8211;..." />
<meta property="og:url" content="https://staging2.federalretirees.ca/fr/section/central-newfoundland/branch-executive/" />
<meta property="og:site_name" content="Association nationale des retraités fédéraux" />
<meta property="article:publisher" content="https://www.facebook.com/FederalRetirees" />
<meta property="article:modified_time" content="2026-04-17T20:58:15+00:00" />
<meta property="og:image" content="https://staging2.federalretirees.ca/wp-content/uploads/2026/01/GettyImages-1248256443-e1769585752444.jpg" />
	<meta property="og:image:width" content="2120" />
	<meta property="og:image:height" content="980" />
	<meta property="og:image:type" content="image/jpeg" />
<meta name="twitter:card" content="summary_large_image" />
<meta name="twitter:site" content="@fedretirees" />
<meta name="twitter:label1" content="Durée de lecture estimée" />
	<meta name="twitter:data1" content="1 minute" />
<script type="application/ld+json" class="yoast-schema-graph">{"@context":"https:\/\/schema.org","@graph":[{"@type":"WebPage","@id":"https:\/\/staging2.federalretirees.ca\/fr\/section\/central-newfoundland\/branch-executive\/","url":"https:\/\/staging2.federalretirees.ca\/fr\/section\/central-newfoundland\/branch-executive\/","name":"Branch executive - Association nationale des retraités fédéraux","isPartOf":{"@id":"https:\/\/nafr.dev.sparkadvocacy.dev\/#website"},"datePublished":"2026-02-12T19:05:41+00:00","dateModified":"2026-04-17T20:58:15+00:00","breadcrumb":{"@id":"https:\/\/staging2.federalretirees.ca\/fr\/section\/central-newfoundland\/branch-executive\/#breadcrumb"},"inLanguage":"fr-FR","potentialAction":[{"@type":"ReadAction","target":["https:\/\/staging2.federalretirees.ca\/fr\/section\/central-newfoundland\/branch-executive\/"]}]},{"@type":"BreadcrumbList","@id":"https:\/\/staging2.federalretirees.ca\/fr\/section\/central-newfoundland\/branch-executive\/#breadcrumb","itemListElement":[{"@type":"ListItem","position":1,"name":"Home","item":"https:\/\/nafr.dev.sparkadvocacy.dev\/fr\/"},{"@type":"ListItem","position":2,"name":"Central Newfoundland","item":"https:\/\/nafr.dev.sparkadvocacy.dev\/branch\/central-newfoundland\/"},{"@type":"ListItem","position":3,"name":"Branch executive"}]},{"@type":"WebSite","@id":"https:\/\/nafr.dev.sparkadvocacy.dev\/#website","url":"https:\/\/nafr.dev.sparkadvocacy.dev\/","name":"National Association of Federal Retirees","description":"","potentialAction":[{"@type":"SearchAction","target":{"@type":"EntryPoint","urlTemplate":"https:\/\/nafr.dev.sparkadvocacy.dev\/?s={search_term_string}"},"query-input":{"@type":"PropertyValueSpecification","valueRequired":true,"valueName":"search_term_string"}}],"inLanguage":"fr-FR"}]}</script>
<!-- / Yoast SEO plugin. -->

Branch executive - Association nationale des retraités fédéraux

Association nationale des retraités fédéraux
