{"id":40718,"date":"2026-02-12T14:05:12","date_gmt":"2026-02-12T19:05:12","guid":{"rendered":"https:\/\/nafr.dev.sparkadvocacy.dev\/branch\/central-manitoba\/meeting-minutes\/"},"modified":"2026-02-13T16:08:11","modified_gmt":"2026-02-13T21:08:11","slug":"meeting-minutes","status":"publish","type":"branch","link":"https:\/\/staging2.federalretirees.ca\/fr\/section\/central-manitoba\/meeting-minutes\/","title":{"rendered":"Meeting Minutes"},"content":{"rendered":"<p style=\"font-size:14px;\">Download the minutes of the\u00a0<a href=\"https:\/\/www.federalretirees.ca\/en\/media\/3549\/download\">Central Manitoba 2024 fall meeting<\/a>, held Oct. 23, 2024.<\/p>\n<p style=\"font-size:14px;\">Download the minutes of the\u00a0<a href=\"https:\/\/staging2.federalretirees.ca\/wp-content\/uploads\/2026\/01\/agm_meeting_of_nafrapril_42018.pdf\" title=\"Central Manitoba 2018 AGM\">Central Manitoba 2018 AGM<\/a>, held April 4, 2018.<\/p>\n<p style=\"font-size:14px;\">Download the minutes of the\u00a0<a href=\"https:\/\/staging2.federalretirees.ca\/wp-content\/uploads\/2026\/01\/mb32_2017_spring_agm_minutes.pdf\" title=\"Central Manitoba 2017 AGM\">Central Manitoba 2017 AGM<\/a>, held April 5, 2017.<\/p>\n","protected":false},"excerpt":{"rendered":"<p>Download the minutes of the\u00a0Central Manitoba 2024 fall meeting, held Oct. 23, 2024. Download the minutes of the\u00a0Central Manitoba 2018 AGM, held April 4, 2018. Download the minutes of the\u00a0Central Manitoba 2017 AGM, held April 5, 2017.<\/p>\n","protected":false},"featured_media":0,"parent":40374,"template":"","meta":{"_acf_changed":false,"footnotes":""},"class_list":["post-40718","branch","type-branch","status-publish","hentry"],"acf":[],"yoast_head":"<!-- This site is optimized with the Yoast SEO plugin v27.5 - https:\/\/yoast.com\/product\/yoast-seo-wordpress\/ -->\n<title>Meeting Minutes - Association nationale des retrait\u00e9s f\u00e9d\u00e9raux<\/title>\n<meta name=\"robots\" content=\"noindex, follow, max-snippet:-1, max-image-preview:large, max-video-preview:-1\" \/>\n<meta property=\"og:locale\" content=\"fr_FR\" \/>\n<meta property=\"og:type\" content=\"article\" \/>\n<meta property=\"og:title\" content=\"Meeting Minutes - Association nationale des retrait\u00e9s f\u00e9d\u00e9raux\" \/>\n<meta property=\"og:description\" content=\"Download the minutes of the\u00a0Central Manitoba 2024 fall meeting, held Oct. 23, 2024. Download the minutes of the\u00a0Central Manitoba 2018 AGM, held April 4, 2018. Download the minutes of the\u00a0Central Manitoba 2017 AGM, held April 5, 2017.\" \/>\n<meta property=\"og:url\" content=\"https:\/\/staging2.federalretirees.ca\/fr\/section\/central-manitoba\/meeting-minutes\/\" \/>\n<meta property=\"og:site_name\" content=\"Association nationale des retrait\u00e9s f\u00e9d\u00e9raux\" \/>\n<meta property=\"article:publisher\" content=\"https:\/\/www.facebook.com\/FederalRetirees\" \/>\n<meta property=\"article:modified_time\" content=\"2026-02-13T21:08:11+00:00\" \/>\n<meta property=\"og:image\" content=\"https:\/\/staging2.federalretirees.ca\/wp-content\/uploads\/2026\/01\/GettyImages-1248256443-e1769585752444.jpg\" \/>\n\t<meta property=\"og:image:width\" content=\"2120\" \/>\n\t<meta property=\"og:image:height\" content=\"980\" \/>\n\t<meta property=\"og:image:type\" content=\"image\/jpeg\" \/>\n<meta name=\"twitter:card\" content=\"summary_large_image\" \/>\n<meta name=\"twitter:site\" content=\"@fedretirees\" \/>\n<script type=\"application\/ld+json\" class=\"yoast-schema-graph\">{\"@context\":\"https:\\\/\\\/schema.org\",\"@graph\":[{\"@type\":\"WebPage\",\"@id\":\"https:\\\/\\\/staging2.federalretirees.ca\\\/fr\\\/section\\\/central-manitoba\\\/meeting-minutes\\\/\",\"url\":\"https:\\\/\\\/staging2.federalretirees.ca\\\/fr\\\/section\\\/central-manitoba\\\/meeting-minutes\\\/\",\"name\":\"Meeting Minutes - Association nationale des retrait\u00e9s f\u00e9d\u00e9raux\",\"isPartOf\":{\"@id\":\"https:\\\/\\\/nafr.dev.sparkadvocacy.dev\\\/#website\"},\"datePublished\":\"2026-02-12T19:05:12+00:00\",\"dateModified\":\"2026-02-13T21:08:11+00:00\",\"breadcrumb\":{\"@id\":\"https:\\\/\\\/staging2.federalretirees.ca\\\/fr\\\/section\\\/central-manitoba\\\/meeting-minutes\\\/#breadcrumb\"},\"inLanguage\":\"fr-FR\",\"potentialAction\":[{\"@type\":\"ReadAction\",\"target\":[\"https:\\\/\\\/staging2.federalretirees.ca\\\/fr\\\/section\\\/central-manitoba\\\/meeting-minutes\\\/\"]}]},{\"@type\":\"BreadcrumbList\",\"@id\":\"https:\\\/\\\/staging2.federalretirees.ca\\\/fr\\\/section\\\/central-manitoba\\\/meeting-minutes\\\/#breadcrumb\",\"itemListElement\":[{\"@type\":\"ListItem\",\"position\":1,\"name\":\"Home\",\"item\":\"https:\\\/\\\/nafr.dev.sparkadvocacy.dev\\\/fr\\\/\"},{\"@type\":\"ListItem\",\"position\":2,\"name\":\"Central Manitoba\",\"item\":\"https:\\\/\\\/nafr.dev.sparkadvocacy.dev\\\/branch\\\/central-manitoba\\\/\"},{\"@type\":\"ListItem\",\"position\":3,\"name\":\"Meeting Minutes\"}]},{\"@type\":\"WebSite\",\"@id\":\"https:\\\/\\\/nafr.dev.sparkadvocacy.dev\\\/#website\",\"url\":\"https:\\\/\\\/nafr.dev.sparkadvocacy.dev\\\/\",\"name\":\"National Association of Federal Retirees\",\"description\":\"\",\"potentialAction\":[{\"@type\":\"SearchAction\",\"target\":{\"@type\":\"EntryPoint\",\"urlTemplate\":\"https:\\\/\\\/nafr.dev.sparkadvocacy.dev\\\/?s={search_term_string}\"},\"query-input\":{\"@type\":\"PropertyValueSpecification\",\"valueRequired\":true,\"valueName\":\"search_term_string\"}}],\"inLanguage\":\"fr-FR\"}]}<\/script>\n<!-- \/ Yoast SEO plugin. -->","yoast_head_json":{"title":"Meeting Minutes - Association nationale des retrait\u00e9s f\u00e9d\u00e9raux","robots":{"index":"noindex","follow":"follow","max-snippet":"max-snippet:-1","max-image-preview":"max-image-preview:large","max-video-preview":"max-video-preview:-1"},"og_locale":"fr_FR","og_type":"article","og_title":"Meeting Minutes - Association nationale des retrait\u00e9s f\u00e9d\u00e9raux","og_description":"Download the minutes of the\u00a0Central Manitoba 2024 fall meeting, held Oct. 23, 2024. Download the minutes of the\u00a0Central Manitoba 2018 AGM, held April 4, 2018. Download the minutes of the\u00a0Central Manitoba 2017 AGM, held April 5, 2017.","og_url":"https:\/\/staging2.federalretirees.ca\/fr\/section\/central-manitoba\/meeting-minutes\/","og_site_name":"Association nationale des retrait\u00e9s f\u00e9d\u00e9raux","article_publisher":"https:\/\/www.facebook.com\/FederalRetirees","article_modified_time":"2026-02-13T21:08:11+00:00","og_image":[{"width":2120,"height":980,"url":"https:\/\/staging2.federalretirees.ca\/wp-content\/uploads\/2026\/01\/GettyImages-1248256443-e1769585752444.jpg","type":"image\/jpeg"}],"twitter_card":"summary_large_image","twitter_site":"@fedretirees","schema":{"@context":"https:\/\/schema.org","@graph":[{"@type":"WebPage","@id":"https:\/\/staging2.federalretirees.ca\/fr\/section\/central-manitoba\/meeting-minutes\/","url":"https:\/\/staging2.federalretirees.ca\/fr\/section\/central-manitoba\/meeting-minutes\/","name":"Meeting Minutes - Association nationale des retrait\u00e9s f\u00e9d\u00e9raux","isPartOf":{"@id":"https:\/\/nafr.dev.sparkadvocacy.dev\/#website"},"datePublished":"2026-02-12T19:05:12+00:00","dateModified":"2026-02-13T21:08:11+00:00","breadcrumb":{"@id":"https:\/\/staging2.federalretirees.ca\/fr\/section\/central-manitoba\/meeting-minutes\/#breadcrumb"},"inLanguage":"fr-FR","potentialAction":[{"@type":"ReadAction","target":["https:\/\/staging2.federalretirees.ca\/fr\/section\/central-manitoba\/meeting-minutes\/"]}]},{"@type":"BreadcrumbList","@id":"https:\/\/staging2.federalretirees.ca\/fr\/section\/central-manitoba\/meeting-minutes\/#breadcrumb","itemListElement":[{"@type":"ListItem","position":1,"name":"Home","item":"https:\/\/nafr.dev.sparkadvocacy.dev\/fr\/"},{"@type":"ListItem","position":2,"name":"Central Manitoba","item":"https:\/\/nafr.dev.sparkadvocacy.dev\/branch\/central-manitoba\/"},{"@type":"ListItem","position":3,"name":"Meeting Minutes"}]},{"@type":"WebSite","@id":"https:\/\/nafr.dev.sparkadvocacy.dev\/#website","url":"https:\/\/nafr.dev.sparkadvocacy.dev\/","name":"National Association of Federal Retirees","description":"","potentialAction":[{"@type":"SearchAction","target":{"@type":"EntryPoint","urlTemplate":"https:\/\/nafr.dev.sparkadvocacy.dev\/?s={search_term_string}"},"query-input":{"@type":"PropertyValueSpecification","valueRequired":true,"valueName":"search_term_string"}}],"inLanguage":"fr-FR"}]}},"_links":{"self":[{"href":"https:\/\/staging2.federalretirees.ca\/fr\/wp-json\/wp\/v2\/branch\/40718","targetHints":{"allow":["GET"]}}],"collection":[{"href":"https:\/\/staging2.federalretirees.ca\/fr\/wp-json\/wp\/v2\/branch"}],"about":[{"href":"https:\/\/staging2.federalretirees.ca\/fr\/wp-json\/wp\/v2\/types\/branch"}],"version-history":[{"count":0,"href":"https:\/\/staging2.federalretirees.ca\/fr\/wp-json\/wp\/v2\/branch\/40718\/revisions"}],"up":[{"embeddable":true,"href":"https:\/\/staging2.federalretirees.ca\/fr\/wp-json\/wp\/v2\/branch\/40374"}],"wp:attachment":[{"href":"https:\/\/staging2.federalretirees.ca\/fr\/wp-json\/wp\/v2\/media?parent=40718"}],"curies":[{"name":"wp","href":"https:\/\/api.w.org\/{rel}","templated":true}]}}

<!-- This site is optimized with the Yoast SEO plugin v27.5 - https://yoast.com/product/yoast-seo-wordpress/ -->
<title>Meeting Minutes - Association nationale des retraités fédéraux</title>
<meta name="robots" content="noindex, follow, max-snippet:-1, max-image-preview:large, max-video-preview:-1" />
<meta property="og:locale" content="fr_FR" />
<meta property="og:type" content="article" />
<meta property="og:title" content="Meeting Minutes - Association nationale des retraités fédéraux" />
<meta property="og:description" content="Download the minutes of the Central Manitoba 2024 fall meeting, held Oct. 23, 2024. Download the minutes of the Central Manitoba 2018 AGM, held April 4, 2018. Download the minutes of the Central Manitoba 2017 AGM, held April 5, 2017." />
<meta property="og:url" content="https://staging2.federalretirees.ca/fr/section/central-manitoba/meeting-minutes/" />
<meta property="og:site_name" content="Association nationale des retraités fédéraux" />
<meta property="article:publisher" content="https://www.facebook.com/FederalRetirees" />
<meta property="article:modified_time" content="2026-02-13T21:08:11+00:00" />
<meta property="og:image" content="https://staging2.federalretirees.ca/wp-content/uploads/2026/01/GettyImages-1248256443-e1769585752444.jpg" />
	<meta property="og:image:width" content="2120" />
	<meta property="og:image:height" content="980" />
	<meta property="og:image:type" content="image/jpeg" />
<meta name="twitter:card" content="summary_large_image" />
<meta name="twitter:site" content="@fedretirees" />
<script type="application/ld+json" class="yoast-schema-graph">{"@context":"https:\/\/schema.org","@graph":[{"@type":"WebPage","@id":"https:\/\/staging2.federalretirees.ca\/fr\/section\/central-manitoba\/meeting-minutes\/","url":"https:\/\/staging2.federalretirees.ca\/fr\/section\/central-manitoba\/meeting-minutes\/","name":"Meeting Minutes - Association nationale des retraités fédéraux","isPartOf":{"@id":"https:\/\/nafr.dev.sparkadvocacy.dev\/#website"},"datePublished":"2026-02-12T19:05:12+00:00","dateModified":"2026-02-13T21:08:11+00:00","breadcrumb":{"@id":"https:\/\/staging2.federalretirees.ca\/fr\/section\/central-manitoba\/meeting-minutes\/#breadcrumb"},"inLanguage":"fr-FR","potentialAction":[{"@type":"ReadAction","target":["https:\/\/staging2.federalretirees.ca\/fr\/section\/central-manitoba\/meeting-minutes\/"]}]},{"@type":"BreadcrumbList","@id":"https:\/\/staging2.federalretirees.ca\/fr\/section\/central-manitoba\/meeting-minutes\/#breadcrumb","itemListElement":[{"@type":"ListItem","position":1,"name":"Home","item":"https:\/\/nafr.dev.sparkadvocacy.dev\/fr\/"},{"@type":"ListItem","position":2,"name":"Central Manitoba","item":"https:\/\/nafr.dev.sparkadvocacy.dev\/branch\/central-manitoba\/"},{"@type":"ListItem","position":3,"name":"Meeting Minutes"}]},{"@type":"WebSite","@id":"https:\/\/nafr.dev.sparkadvocacy.dev\/#website","url":"https:\/\/nafr.dev.sparkadvocacy.dev\/","name":"National Association of Federal Retirees","description":"","potentialAction":[{"@type":"SearchAction","target":{"@type":"EntryPoint","urlTemplate":"https:\/\/nafr.dev.sparkadvocacy.dev\/?s={search_term_string}"},"query-input":{"@type":"PropertyValueSpecification","valueRequired":true,"valueName":"search_term_string"}}],"inLanguage":"fr-FR"}]}</script>
<!-- / Yoast SEO plugin. -->

Meeting Minutes - Association nationale des retraités fédéraux

Association nationale des retraités fédéraux
