{"id":40689,"date":"2026-02-12T14:04:58","date_gmt":"2026-02-12T19:04:58","guid":{"rendered":"https:\/\/nafr.dev.sparkadvocacy.dev\/branch\/fraser-valley-west\/general-meetings-meetings\/"},"modified":"2026-04-17T15:30:22","modified_gmt":"2026-04-17T19:30:22","slug":"general-meetings-meetings","status":"publish","type":"branch","link":"https:\/\/staging2.federalretirees.ca\/fr\/section\/fraser-valley-west\/general-meetings-meetings\/","title":{"rendered":"General meetings"},"content":{"rendered":"<p><img loading=\"lazy\" decoding=\"async\" id=\"\" title=\"River\" src=\"https:\/\/staging2.federalretirees.ca\/wp-content\/uploads\/2026\/02\/img_0895.jpg\" alt=\"River\" width=\"384\" height=\"216\" data-entity-type=\"file\" data-entity-uuid=\"da670df3-56e9-46a7-bda9-ab99337243d4\" \/><\/p>\n<h3><span style=\"color: 003767;\">General meetings:<\/span><\/h3>\n<p>Our annual general meeting is generally in mid-March, including elections of the branch executive and board of directors. A summer general meeting in July and a Christmas general meeting in December keeps our branch members apprised of current Federal Retirees business.<\/p>\n<p><strong>Meet &amp; Chat get-togethers<\/strong> offer members the opportunity to informally chat on any retirement related subject, exchange retirement experiences and challenges, as well as brainstorm on retirement related matters as they deem important at the time. In this comfortable setting, we extend listening, support and acceptance to \u2018old\u2019 and new branch members.<\/p>\n<p><strong>See Branch updates for current casual get-togethers and information sessions\u00a0<\/strong><\/p>\n<h3><\/h3>\n","protected":false},"excerpt":{"rendered":"<p>General meetings: Our annual general meeting is generally in mid-March, including elections of the branch executive and board of directors. A summer general meeting in July and a Christmas general meeting in December keeps our branch members apprised of current&#8230;<\/p>\n","protected":false},"featured_media":0,"parent":40385,"template":"","meta":{"_acf_changed":false,"footnotes":""},"class_list":["post-40689","branch","type-branch","status-publish","hentry"],"acf":[],"yoast_head":"<!-- This site is optimized with the Yoast SEO plugin v27.5 - https:\/\/yoast.com\/product\/yoast-seo-wordpress\/ -->\n<title>General meetings - Association nationale des retrait\u00e9s f\u00e9d\u00e9raux<\/title>\n<meta name=\"robots\" content=\"noindex, follow, max-snippet:-1, max-image-preview:large, max-video-preview:-1\" \/>\n<meta property=\"og:locale\" content=\"fr_FR\" \/>\n<meta property=\"og:type\" content=\"article\" \/>\n<meta property=\"og:title\" content=\"General meetings - Association nationale des retrait\u00e9s f\u00e9d\u00e9raux\" \/>\n<meta property=\"og:description\" content=\"General meetings: Our annual general meeting is generally in mid-March, including elections of the branch executive and board of directors. A summer general meeting in July and a Christmas general meeting in December keeps our branch members apprised of current...\" \/>\n<meta property=\"og:url\" content=\"https:\/\/staging2.federalretirees.ca\/fr\/section\/fraser-valley-west\/general-meetings-meetings\/\" \/>\n<meta property=\"og:site_name\" content=\"Association nationale des retrait\u00e9s f\u00e9d\u00e9raux\" \/>\n<meta property=\"article:publisher\" content=\"https:\/\/www.facebook.com\/FederalRetirees\" \/>\n<meta property=\"article:modified_time\" content=\"2026-04-17T19:30:22+00:00\" \/>\n<meta property=\"og:image\" content=\"https:\/\/nafr.dev.sparkadvocacy.dev\/wp-content\/uploads\/2026\/02\/img_0895.jpg\" \/>\n<meta name=\"twitter:card\" content=\"summary_large_image\" \/>\n<meta name=\"twitter:site\" content=\"@fedretirees\" \/>\n<meta name=\"twitter:label1\" content=\"Dur\u00e9e de lecture estim\u00e9e\" \/>\n\t<meta name=\"twitter:data1\" content=\"1 minute\" \/>\n<script type=\"application\/ld+json\" class=\"yoast-schema-graph\">{\"@context\":\"https:\\\/\\\/schema.org\",\"@graph\":[{\"@type\":\"WebPage\",\"@id\":\"https:\\\/\\\/staging2.federalretirees.ca\\\/fr\\\/section\\\/fraser-valley-west\\\/general-meetings-meetings\\\/\",\"url\":\"https:\\\/\\\/staging2.federalretirees.ca\\\/fr\\\/section\\\/fraser-valley-west\\\/general-meetings-meetings\\\/\",\"name\":\"General meetings - Association nationale des retrait\u00e9s f\u00e9d\u00e9raux\",\"isPartOf\":{\"@id\":\"https:\\\/\\\/nafr.dev.sparkadvocacy.dev\\\/#website\"},\"primaryImageOfPage\":{\"@id\":\"https:\\\/\\\/staging2.federalretirees.ca\\\/fr\\\/section\\\/fraser-valley-west\\\/general-meetings-meetings\\\/#primaryimage\"},\"image\":{\"@id\":\"https:\\\/\\\/staging2.federalretirees.ca\\\/fr\\\/section\\\/fraser-valley-west\\\/general-meetings-meetings\\\/#primaryimage\"},\"thumbnailUrl\":\"https:\\\/\\\/staging2.federalretirees.ca\\\/wp-content\\\/uploads\\\/2026\\\/02\\\/img_0895.jpg\",\"datePublished\":\"2026-02-12T19:04:58+00:00\",\"dateModified\":\"2026-04-17T19:30:22+00:00\",\"breadcrumb\":{\"@id\":\"https:\\\/\\\/staging2.federalretirees.ca\\\/fr\\\/section\\\/fraser-valley-west\\\/general-meetings-meetings\\\/#breadcrumb\"},\"inLanguage\":\"fr-FR\",\"potentialAction\":[{\"@type\":\"ReadAction\",\"target\":[\"https:\\\/\\\/staging2.federalretirees.ca\\\/fr\\\/section\\\/fraser-valley-west\\\/general-meetings-meetings\\\/\"]}]},{\"@type\":\"ImageObject\",\"inLanguage\":\"fr-FR\",\"@id\":\"https:\\\/\\\/staging2.federalretirees.ca\\\/fr\\\/section\\\/fraser-valley-west\\\/general-meetings-meetings\\\/#primaryimage\",\"url\":\"https:\\\/\\\/staging2.federalretirees.ca\\\/wp-content\\\/uploads\\\/2026\\\/02\\\/img_0895.jpg\",\"contentUrl\":\"https:\\\/\\\/staging2.federalretirees.ca\\\/wp-content\\\/uploads\\\/2026\\\/02\\\/img_0895.jpg\"},{\"@type\":\"BreadcrumbList\",\"@id\":\"https:\\\/\\\/staging2.federalretirees.ca\\\/fr\\\/section\\\/fraser-valley-west\\\/general-meetings-meetings\\\/#breadcrumb\",\"itemListElement\":[{\"@type\":\"ListItem\",\"position\":1,\"name\":\"Home\",\"item\":\"https:\\\/\\\/nafr.dev.sparkadvocacy.dev\\\/fr\\\/\"},{\"@type\":\"ListItem\",\"position\":2,\"name\":\"Fraser Valley West\",\"item\":\"https:\\\/\\\/nafr.dev.sparkadvocacy.dev\\\/branch\\\/fraser-valley-west\\\/\"},{\"@type\":\"ListItem\",\"position\":3,\"name\":\"General meetings\"}]},{\"@type\":\"WebSite\",\"@id\":\"https:\\\/\\\/nafr.dev.sparkadvocacy.dev\\\/#website\",\"url\":\"https:\\\/\\\/nafr.dev.sparkadvocacy.dev\\\/\",\"name\":\"National Association of Federal Retirees\",\"description\":\"\",\"potentialAction\":[{\"@type\":\"SearchAction\",\"target\":{\"@type\":\"EntryPoint\",\"urlTemplate\":\"https:\\\/\\\/nafr.dev.sparkadvocacy.dev\\\/?s={search_term_string}\"},\"query-input\":{\"@type\":\"PropertyValueSpecification\",\"valueRequired\":true,\"valueName\":\"search_term_string\"}}],\"inLanguage\":\"fr-FR\"}]}<\/script>\n<!-- \/ Yoast SEO plugin. -->","yoast_head_json":{"title":"General meetings - Association nationale des retrait\u00e9s f\u00e9d\u00e9raux","robots":{"index":"noindex","follow":"follow","max-snippet":"max-snippet:-1","max-image-preview":"max-image-preview:large","max-video-preview":"max-video-preview:-1"},"og_locale":"fr_FR","og_type":"article","og_title":"General meetings - Association nationale des retrait\u00e9s f\u00e9d\u00e9raux","og_description":"General meetings: Our annual general meeting is generally in mid-March, including elections of the branch executive and board of directors. A summer general meeting in July and a Christmas general meeting in December keeps our branch members apprised of current...","og_url":"https:\/\/staging2.federalretirees.ca\/fr\/section\/fraser-valley-west\/general-meetings-meetings\/","og_site_name":"Association nationale des retrait\u00e9s f\u00e9d\u00e9raux","article_publisher":"https:\/\/www.facebook.com\/FederalRetirees","article_modified_time":"2026-04-17T19:30:22+00:00","og_image":[{"url":"https:\/\/nafr.dev.sparkadvocacy.dev\/wp-content\/uploads\/2026\/02\/img_0895.jpg","type":"","width":"","height":""}],"twitter_card":"summary_large_image","twitter_site":"@fedretirees","twitter_misc":{"Dur\u00e9e de lecture estim\u00e9e":"1 minute"},"schema":{"@context":"https:\/\/schema.org","@graph":[{"@type":"WebPage","@id":"https:\/\/staging2.federalretirees.ca\/fr\/section\/fraser-valley-west\/general-meetings-meetings\/","url":"https:\/\/staging2.federalretirees.ca\/fr\/section\/fraser-valley-west\/general-meetings-meetings\/","name":"General meetings - Association nationale des retrait\u00e9s f\u00e9d\u00e9raux","isPartOf":{"@id":"https:\/\/nafr.dev.sparkadvocacy.dev\/#website"},"primaryImageOfPage":{"@id":"https:\/\/staging2.federalretirees.ca\/fr\/section\/fraser-valley-west\/general-meetings-meetings\/#primaryimage"},"image":{"@id":"https:\/\/staging2.federalretirees.ca\/fr\/section\/fraser-valley-west\/general-meetings-meetings\/#primaryimage"},"thumbnailUrl":"https:\/\/staging2.federalretirees.ca\/wp-content\/uploads\/2026\/02\/img_0895.jpg","datePublished":"2026-02-12T19:04:58+00:00","dateModified":"2026-04-17T19:30:22+00:00","breadcrumb":{"@id":"https:\/\/staging2.federalretirees.ca\/fr\/section\/fraser-valley-west\/general-meetings-meetings\/#breadcrumb"},"inLanguage":"fr-FR","potentialAction":[{"@type":"ReadAction","target":["https:\/\/staging2.federalretirees.ca\/fr\/section\/fraser-valley-west\/general-meetings-meetings\/"]}]},{"@type":"ImageObject","inLanguage":"fr-FR","@id":"https:\/\/staging2.federalretirees.ca\/fr\/section\/fraser-valley-west\/general-meetings-meetings\/#primaryimage","url":"https:\/\/staging2.federalretirees.ca\/wp-content\/uploads\/2026\/02\/img_0895.jpg","contentUrl":"https:\/\/staging2.federalretirees.ca\/wp-content\/uploads\/2026\/02\/img_0895.jpg"},{"@type":"BreadcrumbList","@id":"https:\/\/staging2.federalretirees.ca\/fr\/section\/fraser-valley-west\/general-meetings-meetings\/#breadcrumb","itemListElement":[{"@type":"ListItem","position":1,"name":"Home","item":"https:\/\/nafr.dev.sparkadvocacy.dev\/fr\/"},{"@type":"ListItem","position":2,"name":"Fraser Valley West","item":"https:\/\/nafr.dev.sparkadvocacy.dev\/branch\/fraser-valley-west\/"},{"@type":"ListItem","position":3,"name":"General meetings"}]},{"@type":"WebSite","@id":"https:\/\/nafr.dev.sparkadvocacy.dev\/#website","url":"https:\/\/nafr.dev.sparkadvocacy.dev\/","name":"National Association of Federal Retirees","description":"","potentialAction":[{"@type":"SearchAction","target":{"@type":"EntryPoint","urlTemplate":"https:\/\/nafr.dev.sparkadvocacy.dev\/?s={search_term_string}"},"query-input":{"@type":"PropertyValueSpecification","valueRequired":true,"valueName":"search_term_string"}}],"inLanguage":"fr-FR"}]}},"_links":{"self":[{"href":"https:\/\/staging2.federalretirees.ca\/fr\/wp-json\/wp\/v2\/branch\/40689","targetHints":{"allow":["GET"]}}],"collection":[{"href":"https:\/\/staging2.federalretirees.ca\/fr\/wp-json\/wp\/v2\/branch"}],"about":[{"href":"https:\/\/staging2.federalretirees.ca\/fr\/wp-json\/wp\/v2\/types\/branch"}],"version-history":[{"count":2,"href":"https:\/\/staging2.federalretirees.ca\/fr\/wp-json\/wp\/v2\/branch\/40689\/revisions"}],"predecessor-version":[{"id":66929,"href":"https:\/\/staging2.federalretirees.ca\/fr\/wp-json\/wp\/v2\/branch\/40689\/revisions\/66929"}],"up":[{"embeddable":true,"href":"https:\/\/staging2.federalretirees.ca\/fr\/wp-json\/wp\/v2\/branch\/40385"}],"wp:attachment":[{"href":"https:\/\/staging2.federalretirees.ca\/fr\/wp-json\/wp\/v2\/media?parent=40689"}],"curies":[{"name":"wp","href":"https:\/\/api.w.org\/{rel}","templated":true}]}}

<!-- This site is optimized with the Yoast SEO plugin v27.5 - https://yoast.com/product/yoast-seo-wordpress/ -->
<title>General meetings - Association nationale des retraités fédéraux</title>
<meta name="robots" content="noindex, follow, max-snippet:-1, max-image-preview:large, max-video-preview:-1" />
<meta property="og:locale" content="fr_FR" />
<meta property="og:type" content="article" />
<meta property="og:title" content="General meetings - Association nationale des retraités fédéraux" />
<meta property="og:description" content="General meetings: Our annual general meeting is generally in mid-March, including elections of the branch executive and board of directors. A summer general meeting in July and a Christmas general meeting in December keeps our branch members apprised of current..." />
<meta property="og:url" content="https://staging2.federalretirees.ca/fr/section/fraser-valley-west/general-meetings-meetings/" />
<meta property="og:site_name" content="Association nationale des retraités fédéraux" />
<meta property="article:publisher" content="https://www.facebook.com/FederalRetirees" />
<meta property="article:modified_time" content="2026-04-17T19:30:22+00:00" />
<meta property="og:image" content="https://nafr.dev.sparkadvocacy.dev/wp-content/uploads/2026/02/img_0895.jpg" />
<meta name="twitter:card" content="summary_large_image" />
<meta name="twitter:site" content="@fedretirees" />
<meta name="twitter:label1" content="Durée de lecture estimée" />
	<meta name="twitter:data1" content="1 minute" />
<script type="application/ld+json" class="yoast-schema-graph">{"@context":"https:\/\/schema.org","@graph":[{"@type":"WebPage","@id":"https:\/\/staging2.federalretirees.ca\/fr\/section\/fraser-valley-west\/general-meetings-meetings\/","url":"https:\/\/staging2.federalretirees.ca\/fr\/section\/fraser-valley-west\/general-meetings-meetings\/","name":"General meetings - Association nationale des retraités fédéraux","isPartOf":{"@id":"https:\/\/nafr.dev.sparkadvocacy.dev\/#website"},"primaryImageOfPage":{"@id":"https:\/\/staging2.federalretirees.ca\/fr\/section\/fraser-valley-west\/general-meetings-meetings\/#primaryimage"},"image":{"@id":"https:\/\/staging2.federalretirees.ca\/fr\/section\/fraser-valley-west\/general-meetings-meetings\/#primaryimage"},"thumbnailUrl":"https:\/\/staging2.federalretirees.ca\/wp-content\/uploads\/2026\/02\/img_0895.jpg","datePublished":"2026-02-12T19:04:58+00:00","dateModified":"2026-04-17T19:30:22+00:00","breadcrumb":{"@id":"https:\/\/staging2.federalretirees.ca\/fr\/section\/fraser-valley-west\/general-meetings-meetings\/#breadcrumb"},"inLanguage":"fr-FR","potentialAction":[{"@type":"ReadAction","target":["https:\/\/staging2.federalretirees.ca\/fr\/section\/fraser-valley-west\/general-meetings-meetings\/"]}]},{"@type":"ImageObject","inLanguage":"fr-FR","@id":"https:\/\/staging2.federalretirees.ca\/fr\/section\/fraser-valley-west\/general-meetings-meetings\/#primaryimage","url":"https:\/\/staging2.federalretirees.ca\/wp-content\/uploads\/2026\/02\/img_0895.jpg","contentUrl":"https:\/\/staging2.federalretirees.ca\/wp-content\/uploads\/2026\/02\/img_0895.jpg"},{"@type":"BreadcrumbList","@id":"https:\/\/staging2.federalretirees.ca\/fr\/section\/fraser-valley-west\/general-meetings-meetings\/#breadcrumb","itemListElement":[{"@type":"ListItem","position":1,"name":"Home","item":"https:\/\/nafr.dev.sparkadvocacy.dev\/fr\/"},{"@type":"ListItem","position":2,"name":"Fraser Valley West","item":"https:\/\/nafr.dev.sparkadvocacy.dev\/branch\/fraser-valley-west\/"},{"@type":"ListItem","position":3,"name":"General meetings"}]},{"@type":"WebSite","@id":"https:\/\/nafr.dev.sparkadvocacy.dev\/#website","url":"https:\/\/nafr.dev.sparkadvocacy.dev\/","name":"National Association of Federal Retirees","description":"","potentialAction":[{"@type":"SearchAction","target":{"@type":"EntryPoint","urlTemplate":"https:\/\/nafr.dev.sparkadvocacy.dev\/?s={search_term_string}"},"query-input":{"@type":"PropertyValueSpecification","valueRequired":true,"valueName":"search_term_string"}}],"inLanguage":"fr-FR"}]}</script>
<!-- / Yoast SEO plugin. -->

General meetings - Association nationale des retraités fédéraux

Association nationale des retraités fédéraux
