{"id":40684,"date":"2026-02-12T14:04:44","date_gmt":"2026-02-12T19:04:44","guid":{"rendered":"https:\/\/nafr.dev.sparkadvocacy.dev\/branch\/duncan-district\/minutes-and-financial-statements\/"},"modified":"2026-04-16T16:27:36","modified_gmt":"2026-04-16T20:27:36","slug":"minutes-and-financial-statements","status":"publish","type":"branch","link":"https:\/\/staging2.federalretirees.ca\/fr\/section\/duncan-district\/minutes-and-financial-statements\/","title":{"rendered":"Minutes and financial statements"},"content":{"rendered":"<p>For reading convenience all minutes are in the Adobe PDF format.<br \/>\nJust click on the document to download and view.<\/p>\n<h3>Minutes<\/h3>\n<p><a href=\"https:\/\/www.federalretirees.ca\/en\/media\/3870\/download\">Executive Committee Meeting, July 3, 2025<\/a><br \/>\n<a href=\"https:\/\/www.federalretirees.ca\/en\/media\/3747\/download\">Annual General Meeting, March 20, 2025<\/a><br \/>\n<a href=\"https:\/\/www.federalretirees.ca\/en\/media\/3748\/download\">Executive Committee Meeting, March 5, 2025<\/a><br \/>\n<a href=\"https:\/\/www.federalretirees.ca\/en\/media\/3656\/download\">General Meeting, Dec. 5, 2024<\/a><br \/>\n<a href=\"https:\/\/www.federalretirees.ca\/en\/media\/3658\/download\">Executive Committee Meeting Nov. 21, 2024<\/a><br \/>\n<a href=\"https:\/\/www.federalretirees.ca\/en\/media\/3659\/download\">Executive Committee Meeting, Aug. 1, 2024<\/a><br \/>\n<a href=\"https:\/\/www.federalretirees.ca\/en\/media\/3657\/download\">Annual General Meeting, March 21, 2024<\/a><br \/>\n<a href=\"https:\/\/www.federalretirees.ca\/en\/media\/3660\/download\">Executive Committee Meeting, March 7, 2024<\/a><\/p>\n<h3>Financial statements<\/h3>\n<p><a href=\"https:\/\/www.federalretirees.ca\/en\/media\/3749\/download\">2024 Balance Sheet<\/a><br \/>\n<a href=\"https:\/\/www.federalretirees.ca\/en\/media\/3750\/download\">2024 Earnings Loss and 2025 Budget<\/a><br \/>\n<a href=\"https:\/\/www.federalretirees.ca\/en\/media\/3661\/download\">2023 Balance Sheet<\/a><br \/>\n<a href=\"https:\/\/www.federalretirees.ca\/en\/media\/3662\/download\">2023 Earnings Loss and 2024 Budget<\/a><\/p>\n<h3>Branch bylaws<\/h3>\n<p><a href=\"https:\/\/www.federalretirees.ca\/en\/media\/3751\/download\">Bylaws revised Dec. 7, 2023<\/a><\/p>\n","protected":false},"excerpt":{"rendered":"<p>For reading convenience all minutes are in the Adobe PDF format. Just click on the document to download and view. Minutes Executive Committee Meeting, July 3, 2025 Annual General Meeting, March 20, 2025 Executive Committee Meeting, March 5, 2025 General&#8230;<\/p>\n","protected":false},"featured_media":0,"parent":40382,"template":"","meta":{"_acf_changed":false,"footnotes":""},"class_list":["post-40684","branch","type-branch","status-publish","hentry"],"acf":[],"yoast_head":"<!-- This site is optimized with the Yoast SEO plugin v27.5 - https:\/\/yoast.com\/product\/yoast-seo-wordpress\/ -->\n<title>Minutes and financial statements - Association nationale des retrait\u00e9s f\u00e9d\u00e9raux<\/title>\n<meta name=\"robots\" content=\"noindex, follow, max-snippet:-1, max-image-preview:large, max-video-preview:-1\" \/>\n<meta property=\"og:locale\" content=\"fr_FR\" \/>\n<meta property=\"og:type\" content=\"article\" \/>\n<meta property=\"og:title\" content=\"Minutes and financial statements - Association nationale des retrait\u00e9s f\u00e9d\u00e9raux\" \/>\n<meta property=\"og:description\" content=\"For reading convenience all minutes are in the Adobe PDF format. Just click on the document to download and view. Minutes Executive Committee Meeting, July 3, 2025 Annual General Meeting, March 20, 2025 Executive Committee Meeting, March 5, 2025 General...\" \/>\n<meta property=\"og:url\" content=\"https:\/\/staging2.federalretirees.ca\/fr\/section\/duncan-district\/minutes-and-financial-statements\/\" \/>\n<meta property=\"og:site_name\" content=\"Association nationale des retrait\u00e9s f\u00e9d\u00e9raux\" \/>\n<meta property=\"article:publisher\" content=\"https:\/\/www.facebook.com\/FederalRetirees\" \/>\n<meta property=\"article:modified_time\" content=\"2026-04-16T20:27:36+00:00\" \/>\n<meta property=\"og:image\" content=\"https:\/\/staging2.federalretirees.ca\/wp-content\/uploads\/2026\/01\/GettyImages-1248256443-e1769585752444.jpg\" \/>\n\t<meta property=\"og:image:width\" content=\"2120\" \/>\n\t<meta property=\"og:image:height\" content=\"980\" \/>\n\t<meta property=\"og:image:type\" content=\"image\/jpeg\" \/>\n<meta name=\"twitter:card\" content=\"summary_large_image\" \/>\n<meta name=\"twitter:site\" content=\"@fedretirees\" \/>\n<meta name=\"twitter:label1\" content=\"Dur\u00e9e de lecture estim\u00e9e\" \/>\n\t<meta name=\"twitter:data1\" content=\"1 minute\" \/>\n<script type=\"application\/ld+json\" class=\"yoast-schema-graph\">{\"@context\":\"https:\\\/\\\/schema.org\",\"@graph\":[{\"@type\":\"WebPage\",\"@id\":\"https:\\\/\\\/staging2.federalretirees.ca\\\/fr\\\/section\\\/duncan-district\\\/minutes-and-financial-statements\\\/\",\"url\":\"https:\\\/\\\/staging2.federalretirees.ca\\\/fr\\\/section\\\/duncan-district\\\/minutes-and-financial-statements\\\/\",\"name\":\"Minutes and financial statements - Association nationale des retrait\u00e9s f\u00e9d\u00e9raux\",\"isPartOf\":{\"@id\":\"https:\\\/\\\/nafr.dev.sparkadvocacy.dev\\\/#website\"},\"datePublished\":\"2026-02-12T19:04:44+00:00\",\"dateModified\":\"2026-04-16T20:27:36+00:00\",\"breadcrumb\":{\"@id\":\"https:\\\/\\\/staging2.federalretirees.ca\\\/fr\\\/section\\\/duncan-district\\\/minutes-and-financial-statements\\\/#breadcrumb\"},\"inLanguage\":\"fr-FR\",\"potentialAction\":[{\"@type\":\"ReadAction\",\"target\":[\"https:\\\/\\\/staging2.federalretirees.ca\\\/fr\\\/section\\\/duncan-district\\\/minutes-and-financial-statements\\\/\"]}]},{\"@type\":\"BreadcrumbList\",\"@id\":\"https:\\\/\\\/staging2.federalretirees.ca\\\/fr\\\/section\\\/duncan-district\\\/minutes-and-financial-statements\\\/#breadcrumb\",\"itemListElement\":[{\"@type\":\"ListItem\",\"position\":1,\"name\":\"Home\",\"item\":\"https:\\\/\\\/nafr.dev.sparkadvocacy.dev\\\/fr\\\/\"},{\"@type\":\"ListItem\",\"position\":2,\"name\":\"Duncan &#038; District\",\"item\":\"https:\\\/\\\/nafr.dev.sparkadvocacy.dev\\\/branch\\\/duncan-district\\\/\"},{\"@type\":\"ListItem\",\"position\":3,\"name\":\"Minutes and financial statements\"}]},{\"@type\":\"WebSite\",\"@id\":\"https:\\\/\\\/nafr.dev.sparkadvocacy.dev\\\/#website\",\"url\":\"https:\\\/\\\/nafr.dev.sparkadvocacy.dev\\\/\",\"name\":\"National Association of Federal Retirees\",\"description\":\"\",\"potentialAction\":[{\"@type\":\"SearchAction\",\"target\":{\"@type\":\"EntryPoint\",\"urlTemplate\":\"https:\\\/\\\/nafr.dev.sparkadvocacy.dev\\\/?s={search_term_string}\"},\"query-input\":{\"@type\":\"PropertyValueSpecification\",\"valueRequired\":true,\"valueName\":\"search_term_string\"}}],\"inLanguage\":\"fr-FR\"}]}<\/script>\n<!-- \/ Yoast SEO plugin. -->","yoast_head_json":{"title":"Minutes and financial statements - Association nationale des retrait\u00e9s f\u00e9d\u00e9raux","robots":{"index":"noindex","follow":"follow","max-snippet":"max-snippet:-1","max-image-preview":"max-image-preview:large","max-video-preview":"max-video-preview:-1"},"og_locale":"fr_FR","og_type":"article","og_title":"Minutes and financial statements - Association nationale des retrait\u00e9s f\u00e9d\u00e9raux","og_description":"For reading convenience all minutes are in the Adobe PDF format. Just click on the document to download and view. Minutes Executive Committee Meeting, July 3, 2025 Annual General Meeting, March 20, 2025 Executive Committee Meeting, March 5, 2025 General...","og_url":"https:\/\/staging2.federalretirees.ca\/fr\/section\/duncan-district\/minutes-and-financial-statements\/","og_site_name":"Association nationale des retrait\u00e9s f\u00e9d\u00e9raux","article_publisher":"https:\/\/www.facebook.com\/FederalRetirees","article_modified_time":"2026-04-16T20:27:36+00:00","og_image":[{"width":2120,"height":980,"url":"https:\/\/staging2.federalretirees.ca\/wp-content\/uploads\/2026\/01\/GettyImages-1248256443-e1769585752444.jpg","type":"image\/jpeg"}],"twitter_card":"summary_large_image","twitter_site":"@fedretirees","twitter_misc":{"Dur\u00e9e de lecture estim\u00e9e":"1 minute"},"schema":{"@context":"https:\/\/schema.org","@graph":[{"@type":"WebPage","@id":"https:\/\/staging2.federalretirees.ca\/fr\/section\/duncan-district\/minutes-and-financial-statements\/","url":"https:\/\/staging2.federalretirees.ca\/fr\/section\/duncan-district\/minutes-and-financial-statements\/","name":"Minutes and financial statements - Association nationale des retrait\u00e9s f\u00e9d\u00e9raux","isPartOf":{"@id":"https:\/\/nafr.dev.sparkadvocacy.dev\/#website"},"datePublished":"2026-02-12T19:04:44+00:00","dateModified":"2026-04-16T20:27:36+00:00","breadcrumb":{"@id":"https:\/\/staging2.federalretirees.ca\/fr\/section\/duncan-district\/minutes-and-financial-statements\/#breadcrumb"},"inLanguage":"fr-FR","potentialAction":[{"@type":"ReadAction","target":["https:\/\/staging2.federalretirees.ca\/fr\/section\/duncan-district\/minutes-and-financial-statements\/"]}]},{"@type":"BreadcrumbList","@id":"https:\/\/staging2.federalretirees.ca\/fr\/section\/duncan-district\/minutes-and-financial-statements\/#breadcrumb","itemListElement":[{"@type":"ListItem","position":1,"name":"Home","item":"https:\/\/nafr.dev.sparkadvocacy.dev\/fr\/"},{"@type":"ListItem","position":2,"name":"Duncan &#038; District","item":"https:\/\/nafr.dev.sparkadvocacy.dev\/branch\/duncan-district\/"},{"@type":"ListItem","position":3,"name":"Minutes and financial statements"}]},{"@type":"WebSite","@id":"https:\/\/nafr.dev.sparkadvocacy.dev\/#website","url":"https:\/\/nafr.dev.sparkadvocacy.dev\/","name":"National Association of Federal Retirees","description":"","potentialAction":[{"@type":"SearchAction","target":{"@type":"EntryPoint","urlTemplate":"https:\/\/nafr.dev.sparkadvocacy.dev\/?s={search_term_string}"},"query-input":{"@type":"PropertyValueSpecification","valueRequired":true,"valueName":"search_term_string"}}],"inLanguage":"fr-FR"}]}},"_links":{"self":[{"href":"https:\/\/staging2.federalretirees.ca\/fr\/wp-json\/wp\/v2\/branch\/40684","targetHints":{"allow":["GET"]}}],"collection":[{"href":"https:\/\/staging2.federalretirees.ca\/fr\/wp-json\/wp\/v2\/branch"}],"about":[{"href":"https:\/\/staging2.federalretirees.ca\/fr\/wp-json\/wp\/v2\/types\/branch"}],"version-history":[{"count":1,"href":"https:\/\/staging2.federalretirees.ca\/fr\/wp-json\/wp\/v2\/branch\/40684\/revisions"}],"predecessor-version":[{"id":66908,"href":"https:\/\/staging2.federalretirees.ca\/fr\/wp-json\/wp\/v2\/branch\/40684\/revisions\/66908"}],"up":[{"embeddable":true,"href":"https:\/\/staging2.federalretirees.ca\/fr\/wp-json\/wp\/v2\/branch\/40382"}],"wp:attachment":[{"href":"https:\/\/staging2.federalretirees.ca\/fr\/wp-json\/wp\/v2\/media?parent=40684"}],"curies":[{"name":"wp","href":"https:\/\/api.w.org\/{rel}","templated":true}]}}

<!-- This site is optimized with the Yoast SEO plugin v27.5 - https://yoast.com/product/yoast-seo-wordpress/ -->
<title>Minutes and financial statements - Association nationale des retraités fédéraux</title>
<meta name="robots" content="noindex, follow, max-snippet:-1, max-image-preview:large, max-video-preview:-1" />
<meta property="og:locale" content="fr_FR" />
<meta property="og:type" content="article" />
<meta property="og:title" content="Minutes and financial statements - Association nationale des retraités fédéraux" />
<meta property="og:description" content="For reading convenience all minutes are in the Adobe PDF format. Just click on the document to download and view. Minutes Executive Committee Meeting, July 3, 2025 Annual General Meeting, March 20, 2025 Executive Committee Meeting, March 5, 2025 General..." />
<meta property="og:url" content="https://staging2.federalretirees.ca/fr/section/duncan-district/minutes-and-financial-statements/" />
<meta property="og:site_name" content="Association nationale des retraités fédéraux" />
<meta property="article:publisher" content="https://www.facebook.com/FederalRetirees" />
<meta property="article:modified_time" content="2026-04-16T20:27:36+00:00" />
<meta property="og:image" content="https://staging2.federalretirees.ca/wp-content/uploads/2026/01/GettyImages-1248256443-e1769585752444.jpg" />
	<meta property="og:image:width" content="2120" />
	<meta property="og:image:height" content="980" />
	<meta property="og:image:type" content="image/jpeg" />
<meta name="twitter:card" content="summary_large_image" />
<meta name="twitter:site" content="@fedretirees" />
<meta name="twitter:label1" content="Durée de lecture estimée" />
	<meta name="twitter:data1" content="1 minute" />
<script type="application/ld+json" class="yoast-schema-graph">{"@context":"https:\/\/schema.org","@graph":[{"@type":"WebPage","@id":"https:\/\/staging2.federalretirees.ca\/fr\/section\/duncan-district\/minutes-and-financial-statements\/","url":"https:\/\/staging2.federalretirees.ca\/fr\/section\/duncan-district\/minutes-and-financial-statements\/","name":"Minutes and financial statements - Association nationale des retraités fédéraux","isPartOf":{"@id":"https:\/\/nafr.dev.sparkadvocacy.dev\/#website"},"datePublished":"2026-02-12T19:04:44+00:00","dateModified":"2026-04-16T20:27:36+00:00","breadcrumb":{"@id":"https:\/\/staging2.federalretirees.ca\/fr\/section\/duncan-district\/minutes-and-financial-statements\/#breadcrumb"},"inLanguage":"fr-FR","potentialAction":[{"@type":"ReadAction","target":["https:\/\/staging2.federalretirees.ca\/fr\/section\/duncan-district\/minutes-and-financial-statements\/"]}]},{"@type":"BreadcrumbList","@id":"https:\/\/staging2.federalretirees.ca\/fr\/section\/duncan-district\/minutes-and-financial-statements\/#breadcrumb","itemListElement":[{"@type":"ListItem","position":1,"name":"Home","item":"https:\/\/nafr.dev.sparkadvocacy.dev\/fr\/"},{"@type":"ListItem","position":2,"name":"Duncan &#038; District","item":"https:\/\/nafr.dev.sparkadvocacy.dev\/branch\/duncan-district\/"},{"@type":"ListItem","position":3,"name":"Minutes and financial statements"}]},{"@type":"WebSite","@id":"https:\/\/nafr.dev.sparkadvocacy.dev\/#website","url":"https:\/\/nafr.dev.sparkadvocacy.dev\/","name":"National Association of Federal Retirees","description":"","potentialAction":[{"@type":"SearchAction","target":{"@type":"EntryPoint","urlTemplate":"https:\/\/nafr.dev.sparkadvocacy.dev\/?s={search_term_string}"},"query-input":{"@type":"PropertyValueSpecification","valueRequired":true,"valueName":"search_term_string"}}],"inLanguage":"fr-FR"}]}</script>
<!-- / Yoast SEO plugin. -->

Minutes and financial statements - Association nationale des retraités fédéraux

Association nationale des retraités fédéraux
