{"id":40681,"date":"2026-02-12T14:04:44","date_gmt":"2026-02-12T19:04:44","guid":{"rendered":"https:\/\/nafr.dev.sparkadvocacy.dev\/branch\/central-okanagan\/photo-gallery\/"},"modified":"2026-02-13T16:07:50","modified_gmt":"2026-02-13T21:07:50","slug":"photo-gallery","status":"publish","type":"branch","link":"https:\/\/staging2.federalretirees.ca\/fr\/section\/central-okanagan\/photo-gallery\/","title":{"rendered":"Photo Gallery"},"content":{"rendered":"<p><strong>Annual picnic in the park<\/strong><\/p>\n<p>The picnic in the park was held on July 17, 2022, at\u00a0Mission Creek Regional Park, 2363 Springfield Rd., Kelowna\u00a0from 11 a.m. to 3 p.m.\u00a0\u00a0Delicious pizzas and sweet muffins were enjoyed by everyone.\u00a0 Prior to lunch, anyone who wanted to could participate in bocce ball, bean bag toss and brain teasers for the more serious participants.\u00a0 Please <a href=\"https:\/\/www.federalretirees.ca\/en\/media\/2611\/download\">click here to view pictures<\/a> of the Picnic in the Park.<\/p>\n<p>\u00a0<\/p>\n<p><strong>Branch 50th anniversary celebration<\/strong><\/p>\n<p>The Central Okanagan Branch celebrated 50 years as an incorporated branch in April 2021<strong>.\u00a0<\/strong>Due to COVID-19 restrictions, festivities were held on Oct. 1, 2022, at the Ramada Hotel and Conference Centre in Kelowna, BC.\u00a0 Please <a href=\"https:\/\/www.federalretirees.ca\/en\/media\/2610\/download\">click here to view pictures<\/a> of the anniversary celebration.<\/p>\n<p><strong>To view 50 Years &#8211; Making a Difference<\/strong>, <a href=\"https:\/\/federalretirees.ca\/en\/media\/3175\/download\">please click here<\/a>.\u00a0<\/p>\n<p>\u00a0<\/p>\n<p><strong>Annual Christmas Luncheon<\/strong><\/p>\n<p>The Annual Christmas Luncheon was held on December 10, 2022, at the Ramada Hotel and Conference Centre in Kelowna, BC.<\/p>\n<p>Although the attendance was smaller than past years (37), those that attended enjoyed a turkey dinner, and entertainment by Vic Ukrainetz and his wife.\u00a0 They provided a variety of &lsquo;old-time music&rsquo;, Christmas songs and even a classical fiddle selection.\u00a0 With the toe-tapping and hand clapping, I&rsquo;d have to say that those who attended had a good time!<\/p>\n<p>The 50\/50 provided $45 to help a family have a better Christmas.\u00a0 Several door prizes were won by members who had a very good Christmas.\u00a0 Please <a href=\"https:\/\/www.federalretirees.ca\/en\/media\/2747\/download\">click here to view pictures<\/a> of the 2022 Christmas luncheon.<\/p>\n","protected":false},"excerpt":{"rendered":"<p>Annual picnic in the park The picnic in the park was held on July 17, 2022, at\u00a0Mission Creek Regional Park, 2363 Springfield Rd., Kelowna\u00a0from 11 a.m. to 3 p.m.\u00a0\u00a0Delicious pizzas and sweet muffins were enjoyed by everyone.\u00a0 Prior to lunch,&#8230;<\/p>\n","protected":false},"featured_media":0,"parent":40376,"template":"template-branch-gallery.php","meta":{"_acf_changed":false,"footnotes":""},"class_list":["post-40681","branch","type-branch","status-publish","hentry"],"acf":[],"yoast_head":"<!-- This site is optimized with the Yoast SEO plugin v27.5 - https:\/\/yoast.com\/product\/yoast-seo-wordpress\/ -->\n<title>Photo Gallery - Association nationale des retrait\u00e9s f\u00e9d\u00e9raux<\/title>\n<meta name=\"robots\" content=\"noindex, follow, max-snippet:-1, max-image-preview:large, max-video-preview:-1\" \/>\n<meta property=\"og:locale\" content=\"fr_FR\" \/>\n<meta property=\"og:type\" content=\"article\" \/>\n<meta property=\"og:title\" content=\"Photo Gallery - Association nationale des retrait\u00e9s f\u00e9d\u00e9raux\" \/>\n<meta property=\"og:description\" content=\"Annual picnic in the park The picnic in the park was held on July 17, 2022, at\u00a0Mission Creek Regional Park, 2363 Springfield Rd., Kelowna\u00a0from 11 a.m. to 3 p.m.\u00a0\u00a0Delicious pizzas and sweet muffins were enjoyed by everyone.\u00a0 Prior to lunch,...\" \/>\n<meta property=\"og:url\" content=\"https:\/\/staging2.federalretirees.ca\/fr\/section\/central-okanagan\/photo-gallery\/\" \/>\n<meta property=\"og:site_name\" content=\"Association nationale des retrait\u00e9s f\u00e9d\u00e9raux\" \/>\n<meta property=\"article:publisher\" content=\"https:\/\/www.facebook.com\/FederalRetirees\" \/>\n<meta property=\"article:modified_time\" content=\"2026-02-13T21:07:50+00:00\" \/>\n<meta property=\"og:image\" content=\"https:\/\/staging2.federalretirees.ca\/wp-content\/uploads\/2026\/01\/GettyImages-1248256443-e1769585752444.jpg\" \/>\n\t<meta property=\"og:image:width\" content=\"2120\" \/>\n\t<meta property=\"og:image:height\" content=\"980\" \/>\n\t<meta property=\"og:image:type\" content=\"image\/jpeg\" \/>\n<meta name=\"twitter:card\" content=\"summary_large_image\" \/>\n<meta name=\"twitter:site\" content=\"@fedretirees\" \/>\n<meta name=\"twitter:label1\" content=\"Dur\u00e9e de lecture estim\u00e9e\" \/>\n\t<meta name=\"twitter:data1\" content=\"1 minute\" \/>\n<script type=\"application\/ld+json\" class=\"yoast-schema-graph\">{\"@context\":\"https:\\\/\\\/schema.org\",\"@graph\":[{\"@type\":\"WebPage\",\"@id\":\"https:\\\/\\\/staging2.federalretirees.ca\\\/fr\\\/section\\\/central-okanagan\\\/photo-gallery\\\/\",\"url\":\"https:\\\/\\\/staging2.federalretirees.ca\\\/fr\\\/section\\\/central-okanagan\\\/photo-gallery\\\/\",\"name\":\"Photo Gallery - Association nationale des retrait\u00e9s f\u00e9d\u00e9raux\",\"isPartOf\":{\"@id\":\"https:\\\/\\\/nafr.dev.sparkadvocacy.dev\\\/#website\"},\"datePublished\":\"2026-02-12T19:04:44+00:00\",\"dateModified\":\"2026-02-13T21:07:50+00:00\",\"breadcrumb\":{\"@id\":\"https:\\\/\\\/staging2.federalretirees.ca\\\/fr\\\/section\\\/central-okanagan\\\/photo-gallery\\\/#breadcrumb\"},\"inLanguage\":\"fr-FR\",\"potentialAction\":[{\"@type\":\"ReadAction\",\"target\":[\"https:\\\/\\\/staging2.federalretirees.ca\\\/fr\\\/section\\\/central-okanagan\\\/photo-gallery\\\/\"]}]},{\"@type\":\"BreadcrumbList\",\"@id\":\"https:\\\/\\\/staging2.federalretirees.ca\\\/fr\\\/section\\\/central-okanagan\\\/photo-gallery\\\/#breadcrumb\",\"itemListElement\":[{\"@type\":\"ListItem\",\"position\":1,\"name\":\"Home\",\"item\":\"https:\\\/\\\/nafr.dev.sparkadvocacy.dev\\\/fr\\\/\"},{\"@type\":\"ListItem\",\"position\":2,\"name\":\"Central Okanagan\",\"item\":\"https:\\\/\\\/nafr.dev.sparkadvocacy.dev\\\/branch\\\/central-okanagan\\\/\"},{\"@type\":\"ListItem\",\"position\":3,\"name\":\"Photo Gallery\"}]},{\"@type\":\"WebSite\",\"@id\":\"https:\\\/\\\/nafr.dev.sparkadvocacy.dev\\\/#website\",\"url\":\"https:\\\/\\\/nafr.dev.sparkadvocacy.dev\\\/\",\"name\":\"National Association of Federal Retirees\",\"description\":\"\",\"potentialAction\":[{\"@type\":\"SearchAction\",\"target\":{\"@type\":\"EntryPoint\",\"urlTemplate\":\"https:\\\/\\\/nafr.dev.sparkadvocacy.dev\\\/?s={search_term_string}\"},\"query-input\":{\"@type\":\"PropertyValueSpecification\",\"valueRequired\":true,\"valueName\":\"search_term_string\"}}],\"inLanguage\":\"fr-FR\"}]}<\/script>\n<!-- \/ Yoast SEO plugin. -->","yoast_head_json":{"title":"Photo Gallery - Association nationale des retrait\u00e9s f\u00e9d\u00e9raux","robots":{"index":"noindex","follow":"follow","max-snippet":"max-snippet:-1","max-image-preview":"max-image-preview:large","max-video-preview":"max-video-preview:-1"},"og_locale":"fr_FR","og_type":"article","og_title":"Photo Gallery - Association nationale des retrait\u00e9s f\u00e9d\u00e9raux","og_description":"Annual picnic in the park The picnic in the park was held on July 17, 2022, at\u00a0Mission Creek Regional Park, 2363 Springfield Rd., Kelowna\u00a0from 11 a.m. to 3 p.m.\u00a0\u00a0Delicious pizzas and sweet muffins were enjoyed by everyone.\u00a0 Prior to lunch,...","og_url":"https:\/\/staging2.federalretirees.ca\/fr\/section\/central-okanagan\/photo-gallery\/","og_site_name":"Association nationale des retrait\u00e9s f\u00e9d\u00e9raux","article_publisher":"https:\/\/www.facebook.com\/FederalRetirees","article_modified_time":"2026-02-13T21:07:50+00:00","og_image":[{"width":2120,"height":980,"url":"https:\/\/staging2.federalretirees.ca\/wp-content\/uploads\/2026\/01\/GettyImages-1248256443-e1769585752444.jpg","type":"image\/jpeg"}],"twitter_card":"summary_large_image","twitter_site":"@fedretirees","twitter_misc":{"Dur\u00e9e de lecture estim\u00e9e":"1 minute"},"schema":{"@context":"https:\/\/schema.org","@graph":[{"@type":"WebPage","@id":"https:\/\/staging2.federalretirees.ca\/fr\/section\/central-okanagan\/photo-gallery\/","url":"https:\/\/staging2.federalretirees.ca\/fr\/section\/central-okanagan\/photo-gallery\/","name":"Photo Gallery - Association nationale des retrait\u00e9s f\u00e9d\u00e9raux","isPartOf":{"@id":"https:\/\/nafr.dev.sparkadvocacy.dev\/#website"},"datePublished":"2026-02-12T19:04:44+00:00","dateModified":"2026-02-13T21:07:50+00:00","breadcrumb":{"@id":"https:\/\/staging2.federalretirees.ca\/fr\/section\/central-okanagan\/photo-gallery\/#breadcrumb"},"inLanguage":"fr-FR","potentialAction":[{"@type":"ReadAction","target":["https:\/\/staging2.federalretirees.ca\/fr\/section\/central-okanagan\/photo-gallery\/"]}]},{"@type":"BreadcrumbList","@id":"https:\/\/staging2.federalretirees.ca\/fr\/section\/central-okanagan\/photo-gallery\/#breadcrumb","itemListElement":[{"@type":"ListItem","position":1,"name":"Home","item":"https:\/\/nafr.dev.sparkadvocacy.dev\/fr\/"},{"@type":"ListItem","position":2,"name":"Central Okanagan","item":"https:\/\/nafr.dev.sparkadvocacy.dev\/branch\/central-okanagan\/"},{"@type":"ListItem","position":3,"name":"Photo Gallery"}]},{"@type":"WebSite","@id":"https:\/\/nafr.dev.sparkadvocacy.dev\/#website","url":"https:\/\/nafr.dev.sparkadvocacy.dev\/","name":"National Association of Federal Retirees","description":"","potentialAction":[{"@type":"SearchAction","target":{"@type":"EntryPoint","urlTemplate":"https:\/\/nafr.dev.sparkadvocacy.dev\/?s={search_term_string}"},"query-input":{"@type":"PropertyValueSpecification","valueRequired":true,"valueName":"search_term_string"}}],"inLanguage":"fr-FR"}]}},"_links":{"self":[{"href":"https:\/\/staging2.federalretirees.ca\/fr\/wp-json\/wp\/v2\/branch\/40681","targetHints":{"allow":["GET"]}}],"collection":[{"href":"https:\/\/staging2.federalretirees.ca\/fr\/wp-json\/wp\/v2\/branch"}],"about":[{"href":"https:\/\/staging2.federalretirees.ca\/fr\/wp-json\/wp\/v2\/types\/branch"}],"version-history":[{"count":0,"href":"https:\/\/staging2.federalretirees.ca\/fr\/wp-json\/wp\/v2\/branch\/40681\/revisions"}],"up":[{"embeddable":true,"href":"https:\/\/staging2.federalretirees.ca\/fr\/wp-json\/wp\/v2\/branch\/40376"}],"wp:attachment":[{"href":"https:\/\/staging2.federalretirees.ca\/fr\/wp-json\/wp\/v2\/media?parent=40681"}],"curies":[{"name":"wp","href":"https:\/\/api.w.org\/{rel}","templated":true}]}}

<!-- This site is optimized with the Yoast SEO plugin v27.5 - https://yoast.com/product/yoast-seo-wordpress/ -->
<title>Photo Gallery - Association nationale des retraités fédéraux</title>
<meta name="robots" content="noindex, follow, max-snippet:-1, max-image-preview:large, max-video-preview:-1" />
<meta property="og:locale" content="fr_FR" />
<meta property="og:type" content="article" />
<meta property="og:title" content="Photo Gallery - Association nationale des retraités fédéraux" />
<meta property="og:description" content="Annual picnic in the park The picnic in the park was held on July 17, 2022, at Mission Creek Regional Park, 2363 Springfield Rd., Kelowna from 11 a.m. to 3 p.m.  Delicious pizzas and sweet muffins were enjoyed by everyone.  Prior to lunch,..." />
<meta property="og:url" content="https://staging2.federalretirees.ca/fr/section/central-okanagan/photo-gallery/" />
<meta property="og:site_name" content="Association nationale des retraités fédéraux" />
<meta property="article:publisher" content="https://www.facebook.com/FederalRetirees" />
<meta property="article:modified_time" content="2026-02-13T21:07:50+00:00" />
<meta property="og:image" content="https://staging2.federalretirees.ca/wp-content/uploads/2026/01/GettyImages-1248256443-e1769585752444.jpg" />
	<meta property="og:image:width" content="2120" />
	<meta property="og:image:height" content="980" />
	<meta property="og:image:type" content="image/jpeg" />
<meta name="twitter:card" content="summary_large_image" />
<meta name="twitter:site" content="@fedretirees" />
<meta name="twitter:label1" content="Durée de lecture estimée" />
	<meta name="twitter:data1" content="1 minute" />
<script type="application/ld+json" class="yoast-schema-graph">{"@context":"https:\/\/schema.org","@graph":[{"@type":"WebPage","@id":"https:\/\/staging2.federalretirees.ca\/fr\/section\/central-okanagan\/photo-gallery\/","url":"https:\/\/staging2.federalretirees.ca\/fr\/section\/central-okanagan\/photo-gallery\/","name":"Photo Gallery - Association nationale des retraités fédéraux","isPartOf":{"@id":"https:\/\/nafr.dev.sparkadvocacy.dev\/#website"},"datePublished":"2026-02-12T19:04:44+00:00","dateModified":"2026-02-13T21:07:50+00:00","breadcrumb":{"@id":"https:\/\/staging2.federalretirees.ca\/fr\/section\/central-okanagan\/photo-gallery\/#breadcrumb"},"inLanguage":"fr-FR","potentialAction":[{"@type":"ReadAction","target":["https:\/\/staging2.federalretirees.ca\/fr\/section\/central-okanagan\/photo-gallery\/"]}]},{"@type":"BreadcrumbList","@id":"https:\/\/staging2.federalretirees.ca\/fr\/section\/central-okanagan\/photo-gallery\/#breadcrumb","itemListElement":[{"@type":"ListItem","position":1,"name":"Home","item":"https:\/\/nafr.dev.sparkadvocacy.dev\/fr\/"},{"@type":"ListItem","position":2,"name":"Central Okanagan","item":"https:\/\/nafr.dev.sparkadvocacy.dev\/branch\/central-okanagan\/"},{"@type":"ListItem","position":3,"name":"Photo Gallery"}]},{"@type":"WebSite","@id":"https:\/\/nafr.dev.sparkadvocacy.dev\/#website","url":"https:\/\/nafr.dev.sparkadvocacy.dev\/","name":"National Association of Federal Retirees","description":"","potentialAction":[{"@type":"SearchAction","target":{"@type":"EntryPoint","urlTemplate":"https:\/\/nafr.dev.sparkadvocacy.dev\/?s={search_term_string}"},"query-input":{"@type":"PropertyValueSpecification","valueRequired":true,"valueName":"search_term_string"}}],"inLanguage":"fr-FR"}]}</script>
<!-- / Yoast SEO plugin. -->

Photo Gallery - Association nationale des retraités fédéraux

Association nationale des retraités fédéraux
