{"id":40662,"date":"2026-02-12T14:04:32","date_gmt":"2026-02-12T19:04:32","guid":{"rendered":"https:\/\/nafr.dev.sparkadvocacy.dev\/branch\/edmonton\/edmonton-branch-events\/"},"modified":"2026-04-16T15:50:12","modified_gmt":"2026-04-16T19:50:12","slug":"edmonton-branch-events","status":"publish","type":"branch","link":"https:\/\/staging2.federalretirees.ca\/fr\/section\/edmonton\/edmonton-branch-events\/","title":{"rendered":"Edmonton Branch events"},"content":{"rendered":"<h3>Winter\/Christmas general meeting and volunteer appreciation meeting<\/h3>\n<p>On Dec. 6, 250 members attended the branch Christmas Dinner and volunteer appreciation celebration, also celebrating 60 years for Federal retirees as an organization.<\/p>\n<p><img loading=\"lazy\" decoding=\"async\" src=\"https:\/\/staging2.federalretirees.ca\/wp-content\/uploads\/2026\/01\/ab18event1.jpeg\" width=\"540\" height=\"215\" data-entity-type=\"file\" data-entity-uuid=\"a248a602-5c3d-4a6d-acd2-f7a8761c73a3\" \/><\/p>\n<p>Branch also took the opportunity to honour the RCMP for 150 years of service to Canada. Inspector Carolin Respet, a long serving member of the force, joined us and brought greetings from the RCMP.<\/p>\n<p><strong>Volunteer appreciation<\/strong><\/p>\n<p>As is our normal practice at this event, we took time to pay respects to the many phoning committee members, who are instrumental in keeping in touch with the members who do not have email access. Without their work, many of our members would be unaware of Branch happenings.<\/p>\n<p>Among the many volunteers, we paid special tribute to<strong> Mahir Mansi,<\/strong> a long serving Branch board member, who has retired after more than 20 years of service on the Branch Board of Directors. Mahir was presented with a King Charles III Coronation Medal in appreciation of his many years of service to the Board and to the Branch. As he will be continuing his membership, we look forward to seeing Mahir at future Branch events<\/p>\n","protected":false},"excerpt":{"rendered":"<p>Winter\/Christmas general meeting and volunteer appreciation meeting On Dec. 6, 250 members attended the branch Christmas Dinner and volunteer appreciation celebration, also celebrating 60 years for Federal retirees as an organization. Branch also took the opportunity to honour the RCMP&#8230;<\/p>\n","protected":false},"featured_media":0,"parent":40384,"template":"template-branch-gallery.php","meta":{"_acf_changed":false,"footnotes":""},"class_list":["post-40662","branch","type-branch","status-publish","hentry"],"acf":[],"yoast_head":"<!-- This site is optimized with the Yoast SEO plugin v27.5 - https:\/\/yoast.com\/product\/yoast-seo-wordpress\/ -->\n<title>Edmonton Branch events - Association nationale des retrait\u00e9s f\u00e9d\u00e9raux<\/title>\n<meta name=\"robots\" content=\"noindex, follow, max-snippet:-1, max-image-preview:large, max-video-preview:-1\" \/>\n<meta property=\"og:locale\" content=\"fr_FR\" \/>\n<meta property=\"og:type\" content=\"article\" \/>\n<meta property=\"og:title\" content=\"Edmonton Branch events - Association nationale des retrait\u00e9s f\u00e9d\u00e9raux\" \/>\n<meta property=\"og:description\" content=\"Winter\/Christmas general meeting and volunteer appreciation meeting On Dec. 6, 250 members attended the branch Christmas Dinner and volunteer appreciation celebration, also celebrating 60 years for Federal retirees as an organization. Branch also took the opportunity to honour the RCMP...\" \/>\n<meta property=\"og:url\" content=\"https:\/\/staging2.federalretirees.ca\/fr\/section\/edmonton\/edmonton-branch-events\/\" \/>\n<meta property=\"og:site_name\" content=\"Association nationale des retrait\u00e9s f\u00e9d\u00e9raux\" \/>\n<meta property=\"article:publisher\" content=\"https:\/\/www.facebook.com\/FederalRetirees\" \/>\n<meta property=\"article:modified_time\" content=\"2026-04-16T19:50:12+00:00\" \/>\n<meta property=\"og:image\" content=\"https:\/\/nafr.dev.sparkadvocacy.dev\/wp-content\/uploads\/2026\/01\/ab18event1.jpeg\" \/>\n<meta name=\"twitter:card\" content=\"summary_large_image\" \/>\n<meta name=\"twitter:site\" content=\"@fedretirees\" \/>\n<meta name=\"twitter:label1\" content=\"Dur\u00e9e de lecture estim\u00e9e\" \/>\n\t<meta name=\"twitter:data1\" content=\"2 minutes\" \/>\n<script type=\"application\/ld+json\" class=\"yoast-schema-graph\">{\"@context\":\"https:\\\/\\\/schema.org\",\"@graph\":[{\"@type\":\"WebPage\",\"@id\":\"https:\\\/\\\/staging2.federalretirees.ca\\\/fr\\\/section\\\/edmonton\\\/edmonton-branch-events\\\/\",\"url\":\"https:\\\/\\\/staging2.federalretirees.ca\\\/fr\\\/section\\\/edmonton\\\/edmonton-branch-events\\\/\",\"name\":\"Edmonton Branch events - Association nationale des retrait\u00e9s f\u00e9d\u00e9raux\",\"isPartOf\":{\"@id\":\"https:\\\/\\\/nafr.dev.sparkadvocacy.dev\\\/#website\"},\"primaryImageOfPage\":{\"@id\":\"https:\\\/\\\/staging2.federalretirees.ca\\\/fr\\\/section\\\/edmonton\\\/edmonton-branch-events\\\/#primaryimage\"},\"image\":{\"@id\":\"https:\\\/\\\/staging2.federalretirees.ca\\\/fr\\\/section\\\/edmonton\\\/edmonton-branch-events\\\/#primaryimage\"},\"thumbnailUrl\":\"https:\\\/\\\/staging2.federalretirees.ca\\\/wp-content\\\/uploads\\\/2026\\\/01\\\/ab18event1.jpeg\",\"datePublished\":\"2026-02-12T19:04:32+00:00\",\"dateModified\":\"2026-04-16T19:50:12+00:00\",\"breadcrumb\":{\"@id\":\"https:\\\/\\\/staging2.federalretirees.ca\\\/fr\\\/section\\\/edmonton\\\/edmonton-branch-events\\\/#breadcrumb\"},\"inLanguage\":\"fr-FR\",\"potentialAction\":[{\"@type\":\"ReadAction\",\"target\":[\"https:\\\/\\\/staging2.federalretirees.ca\\\/fr\\\/section\\\/edmonton\\\/edmonton-branch-events\\\/\"]}]},{\"@type\":\"ImageObject\",\"inLanguage\":\"fr-FR\",\"@id\":\"https:\\\/\\\/staging2.federalretirees.ca\\\/fr\\\/section\\\/edmonton\\\/edmonton-branch-events\\\/#primaryimage\",\"url\":\"https:\\\/\\\/staging2.federalretirees.ca\\\/wp-content\\\/uploads\\\/2026\\\/01\\\/ab18event1.jpeg\",\"contentUrl\":\"https:\\\/\\\/staging2.federalretirees.ca\\\/wp-content\\\/uploads\\\/2026\\\/01\\\/ab18event1.jpeg\"},{\"@type\":\"BreadcrumbList\",\"@id\":\"https:\\\/\\\/staging2.federalretirees.ca\\\/fr\\\/section\\\/edmonton\\\/edmonton-branch-events\\\/#breadcrumb\",\"itemListElement\":[{\"@type\":\"ListItem\",\"position\":1,\"name\":\"Home\",\"item\":\"https:\\\/\\\/nafr.dev.sparkadvocacy.dev\\\/fr\\\/\"},{\"@type\":\"ListItem\",\"position\":2,\"name\":\"Edmonton\",\"item\":\"https:\\\/\\\/nafr.dev.sparkadvocacy.dev\\\/branch\\\/edmonton\\\/\"},{\"@type\":\"ListItem\",\"position\":3,\"name\":\"Edmonton Branch events\"}]},{\"@type\":\"WebSite\",\"@id\":\"https:\\\/\\\/nafr.dev.sparkadvocacy.dev\\\/#website\",\"url\":\"https:\\\/\\\/nafr.dev.sparkadvocacy.dev\\\/\",\"name\":\"National Association of Federal Retirees\",\"description\":\"\",\"potentialAction\":[{\"@type\":\"SearchAction\",\"target\":{\"@type\":\"EntryPoint\",\"urlTemplate\":\"https:\\\/\\\/nafr.dev.sparkadvocacy.dev\\\/?s={search_term_string}\"},\"query-input\":{\"@type\":\"PropertyValueSpecification\",\"valueRequired\":true,\"valueName\":\"search_term_string\"}}],\"inLanguage\":\"fr-FR\"}]}<\/script>\n<!-- \/ Yoast SEO plugin. -->","yoast_head_json":{"title":"Edmonton Branch events - Association nationale des retrait\u00e9s f\u00e9d\u00e9raux","robots":{"index":"noindex","follow":"follow","max-snippet":"max-snippet:-1","max-image-preview":"max-image-preview:large","max-video-preview":"max-video-preview:-1"},"og_locale":"fr_FR","og_type":"article","og_title":"Edmonton Branch events - Association nationale des retrait\u00e9s f\u00e9d\u00e9raux","og_description":"Winter\/Christmas general meeting and volunteer appreciation meeting On Dec. 6, 250 members attended the branch Christmas Dinner and volunteer appreciation celebration, also celebrating 60 years for Federal retirees as an organization. Branch also took the opportunity to honour the RCMP...","og_url":"https:\/\/staging2.federalretirees.ca\/fr\/section\/edmonton\/edmonton-branch-events\/","og_site_name":"Association nationale des retrait\u00e9s f\u00e9d\u00e9raux","article_publisher":"https:\/\/www.facebook.com\/FederalRetirees","article_modified_time":"2026-04-16T19:50:12+00:00","og_image":[{"url":"https:\/\/nafr.dev.sparkadvocacy.dev\/wp-content\/uploads\/2026\/01\/ab18event1.jpeg","type":"","width":"","height":""}],"twitter_card":"summary_large_image","twitter_site":"@fedretirees","twitter_misc":{"Dur\u00e9e de lecture estim\u00e9e":"2 minutes"},"schema":{"@context":"https:\/\/schema.org","@graph":[{"@type":"WebPage","@id":"https:\/\/staging2.federalretirees.ca\/fr\/section\/edmonton\/edmonton-branch-events\/","url":"https:\/\/staging2.federalretirees.ca\/fr\/section\/edmonton\/edmonton-branch-events\/","name":"Edmonton Branch events - Association nationale des retrait\u00e9s f\u00e9d\u00e9raux","isPartOf":{"@id":"https:\/\/nafr.dev.sparkadvocacy.dev\/#website"},"primaryImageOfPage":{"@id":"https:\/\/staging2.federalretirees.ca\/fr\/section\/edmonton\/edmonton-branch-events\/#primaryimage"},"image":{"@id":"https:\/\/staging2.federalretirees.ca\/fr\/section\/edmonton\/edmonton-branch-events\/#primaryimage"},"thumbnailUrl":"https:\/\/staging2.federalretirees.ca\/wp-content\/uploads\/2026\/01\/ab18event1.jpeg","datePublished":"2026-02-12T19:04:32+00:00","dateModified":"2026-04-16T19:50:12+00:00","breadcrumb":{"@id":"https:\/\/staging2.federalretirees.ca\/fr\/section\/edmonton\/edmonton-branch-events\/#breadcrumb"},"inLanguage":"fr-FR","potentialAction":[{"@type":"ReadAction","target":["https:\/\/staging2.federalretirees.ca\/fr\/section\/edmonton\/edmonton-branch-events\/"]}]},{"@type":"ImageObject","inLanguage":"fr-FR","@id":"https:\/\/staging2.federalretirees.ca\/fr\/section\/edmonton\/edmonton-branch-events\/#primaryimage","url":"https:\/\/staging2.federalretirees.ca\/wp-content\/uploads\/2026\/01\/ab18event1.jpeg","contentUrl":"https:\/\/staging2.federalretirees.ca\/wp-content\/uploads\/2026\/01\/ab18event1.jpeg"},{"@type":"BreadcrumbList","@id":"https:\/\/staging2.federalretirees.ca\/fr\/section\/edmonton\/edmonton-branch-events\/#breadcrumb","itemListElement":[{"@type":"ListItem","position":1,"name":"Home","item":"https:\/\/nafr.dev.sparkadvocacy.dev\/fr\/"},{"@type":"ListItem","position":2,"name":"Edmonton","item":"https:\/\/nafr.dev.sparkadvocacy.dev\/branch\/edmonton\/"},{"@type":"ListItem","position":3,"name":"Edmonton Branch events"}]},{"@type":"WebSite","@id":"https:\/\/nafr.dev.sparkadvocacy.dev\/#website","url":"https:\/\/nafr.dev.sparkadvocacy.dev\/","name":"National Association of Federal Retirees","description":"","potentialAction":[{"@type":"SearchAction","target":{"@type":"EntryPoint","urlTemplate":"https:\/\/nafr.dev.sparkadvocacy.dev\/?s={search_term_string}"},"query-input":{"@type":"PropertyValueSpecification","valueRequired":true,"valueName":"search_term_string"}}],"inLanguage":"fr-FR"}]}},"_links":{"self":[{"href":"https:\/\/staging2.federalretirees.ca\/fr\/wp-json\/wp\/v2\/branch\/40662","targetHints":{"allow":["GET"]}}],"collection":[{"href":"https:\/\/staging2.federalretirees.ca\/fr\/wp-json\/wp\/v2\/branch"}],"about":[{"href":"https:\/\/staging2.federalretirees.ca\/fr\/wp-json\/wp\/v2\/types\/branch"}],"version-history":[{"count":8,"href":"https:\/\/staging2.federalretirees.ca\/fr\/wp-json\/wp\/v2\/branch\/40662\/revisions"}],"predecessor-version":[{"id":66888,"href":"https:\/\/staging2.federalretirees.ca\/fr\/wp-json\/wp\/v2\/branch\/40662\/revisions\/66888"}],"up":[{"embeddable":true,"href":"https:\/\/staging2.federalretirees.ca\/fr\/wp-json\/wp\/v2\/branch\/40384"}],"wp:attachment":[{"href":"https:\/\/staging2.federalretirees.ca\/fr\/wp-json\/wp\/v2\/media?parent=40662"}],"curies":[{"name":"wp","href":"https:\/\/api.w.org\/{rel}","templated":true}]}}

<!-- This site is optimized with the Yoast SEO plugin v27.5 - https://yoast.com/product/yoast-seo-wordpress/ -->
<title>Edmonton Branch events - Association nationale des retraités fédéraux</title>
<meta name="robots" content="noindex, follow, max-snippet:-1, max-image-preview:large, max-video-preview:-1" />
<meta property="og:locale" content="fr_FR" />
<meta property="og:type" content="article" />
<meta property="og:title" content="Edmonton Branch events - Association nationale des retraités fédéraux" />
<meta property="og:description" content="Winter/Christmas general meeting and volunteer appreciation meeting On Dec. 6, 250 members attended the branch Christmas Dinner and volunteer appreciation celebration, also celebrating 60 years for Federal retirees as an organization. Branch also took the opportunity to honour the RCMP..." />
<meta property="og:url" content="https://staging2.federalretirees.ca/fr/section/edmonton/edmonton-branch-events/" />
<meta property="og:site_name" content="Association nationale des retraités fédéraux" />
<meta property="article:publisher" content="https://www.facebook.com/FederalRetirees" />
<meta property="article:modified_time" content="2026-04-16T19:50:12+00:00" />
<meta property="og:image" content="https://nafr.dev.sparkadvocacy.dev/wp-content/uploads/2026/01/ab18event1.jpeg" />
<meta name="twitter:card" content="summary_large_image" />
<meta name="twitter:site" content="@fedretirees" />
<meta name="twitter:label1" content="Durée de lecture estimée" />
	<meta name="twitter:data1" content="2 minutes" />
<script type="application/ld+json" class="yoast-schema-graph">{"@context":"https:\/\/schema.org","@graph":[{"@type":"WebPage","@id":"https:\/\/staging2.federalretirees.ca\/fr\/section\/edmonton\/edmonton-branch-events\/","url":"https:\/\/staging2.federalretirees.ca\/fr\/section\/edmonton\/edmonton-branch-events\/","name":"Edmonton Branch events - Association nationale des retraités fédéraux","isPartOf":{"@id":"https:\/\/nafr.dev.sparkadvocacy.dev\/#website"},"primaryImageOfPage":{"@id":"https:\/\/staging2.federalretirees.ca\/fr\/section\/edmonton\/edmonton-branch-events\/#primaryimage"},"image":{"@id":"https:\/\/staging2.federalretirees.ca\/fr\/section\/edmonton\/edmonton-branch-events\/#primaryimage"},"thumbnailUrl":"https:\/\/staging2.federalretirees.ca\/wp-content\/uploads\/2026\/01\/ab18event1.jpeg","datePublished":"2026-02-12T19:04:32+00:00","dateModified":"2026-04-16T19:50:12+00:00","breadcrumb":{"@id":"https:\/\/staging2.federalretirees.ca\/fr\/section\/edmonton\/edmonton-branch-events\/#breadcrumb"},"inLanguage":"fr-FR","potentialAction":[{"@type":"ReadAction","target":["https:\/\/staging2.federalretirees.ca\/fr\/section\/edmonton\/edmonton-branch-events\/"]}]},{"@type":"ImageObject","inLanguage":"fr-FR","@id":"https:\/\/staging2.federalretirees.ca\/fr\/section\/edmonton\/edmonton-branch-events\/#primaryimage","url":"https:\/\/staging2.federalretirees.ca\/wp-content\/uploads\/2026\/01\/ab18event1.jpeg","contentUrl":"https:\/\/staging2.federalretirees.ca\/wp-content\/uploads\/2026\/01\/ab18event1.jpeg"},{"@type":"BreadcrumbList","@id":"https:\/\/staging2.federalretirees.ca\/fr\/section\/edmonton\/edmonton-branch-events\/#breadcrumb","itemListElement":[{"@type":"ListItem","position":1,"name":"Home","item":"https:\/\/nafr.dev.sparkadvocacy.dev\/fr\/"},{"@type":"ListItem","position":2,"name":"Edmonton","item":"https:\/\/nafr.dev.sparkadvocacy.dev\/branch\/edmonton\/"},{"@type":"ListItem","position":3,"name":"Edmonton Branch events"}]},{"@type":"WebSite","@id":"https:\/\/nafr.dev.sparkadvocacy.dev\/#website","url":"https:\/\/nafr.dev.sparkadvocacy.dev\/","name":"National Association of Federal Retirees","description":"","potentialAction":[{"@type":"SearchAction","target":{"@type":"EntryPoint","urlTemplate":"https:\/\/nafr.dev.sparkadvocacy.dev\/?s={search_term_string}"},"query-input":{"@type":"PropertyValueSpecification","valueRequired":true,"valueName":"search_term_string"}}],"inLanguage":"fr-FR"}]}</script>
<!-- / Yoast SEO plugin. -->

Edmonton Branch events - Association nationale des retraités fédéraux

Association nationale des retraités fédéraux
