{"id":40624,"date":"2026-02-12T11:06:22","date_gmt":"2026-02-12T16:06:22","guid":{"rendered":"https:\/\/nafr.dev.sparkadvocacy.dev\/branch\/outaouais\/"},"modified":"2026-04-16T09:43:11","modified_gmt":"2026-04-16T13:43:11","slug":"outaouais","status":"publish","type":"branch","link":"https:\/\/staging2.federalretirees.ca\/fr\/section\/outaouais\/","title":{"rendered":"Outaouais"},"content":{"rendered":"<div style=\"float: left; margin-right: 10px;\">\n<p><img loading=\"lazy\" decoding=\"async\" class=\"\" src=\"https:\/\/staging2.federalretirees.ca\/wp-content\/uploads\/2026\/02\/real-fortin.jpg\" width=\"165\" height=\"219\" data-entity-type=\"file\" data-entity-uuid=\"8e7032ff-f66b-46d6-9129-5026a16a4d60\" \/><\/p>\n<\/div>\n<p>Nous sommes ravis de vous accueillir sur la page de l&rsquo;Association nationale des retrait\u00e9s f\u00e9d\u00e9raux \u2013 Section Outaouais.<\/p>\n<p>Vous y trouverez des informations pertinentes sur notre organisme qui d\u00e9sire vous servir en tant que membre retrait\u00e9 de la fonction publique f\u00e9d\u00e9rale,\u00a0notre <a href=\"https:\/\/www.federalretirees.ca\/fr\/sections\/quebec\/section-outaouais\/brochure-anrfo\">brochure<\/a>, notre super<a href=\"https:\/\/www.federalretirees.ca\/fr\/sections\/quebec\/section-outaouais\/infolettres\"> infolettre,<\/a> nos int\u00e9ressantes <a href=\"https:\/\/www.federalretirees.ca\/fr\/sections\/quebec\/section-outaouais\/visioconferences\">visioconf\u00e9rences <\/a>et autres activit\u00e9s!<\/p>\n<p>Vous y trouverez aussi des informations sur les d\u00e9marches pour la<a href=\"https:\/\/www.federalretirees.ca\/fr\/defense-des-interets\/nos-priorites\"> d\u00e9fense des int\u00e9r\u00eats<\/a> ainsi que sur les \u00e9v\u00e9nements nationaux.\u00a0Nous travaillons \u00e9galement \u00e0 ajouter d\u2019autres <a href=\"https:\/\/www.federalretirees.ca\/fr\/sections\/quebec\/section-outaouais\/rabais-a-nos-membres\">rabais<\/a> avec des partenaires locaux pour bonifier l\u2019adh\u00e9sion avec l&rsquo;Association.<\/p>\n<p>Nous vous invitons \u00e0 naviguer sur nos quelques pages pour vous renseigner davantage et si vous avez des questions, n\u2019h\u00e9sitez pas \u00e0 communiquer avec nous via courriel ou par t\u00e9l\u00e9phone. N\u2019oubliez pas aussi d&rsquo;aimer notre page <a href=\"https:\/\/www.facebook.com\/anrfoutaouais\">Facebook.<\/a><\/p>\n<p>Et revenez nous visiter pour rester \u00e0 l\u2019aff\u00fbt des actualit\u00e9s et des \u00e9v\u00e9nements \u00e0 venir.<\/p>\n<p><strong>Envie de faire partie du cercle des b\u00e9n\u00e9voles des retrait\u00e9s f\u00e9d\u00e9raux Section Outaouais? <\/strong>Nous vous accueillerons avec plaisir!<\/p>\n<p>\u00c9crivez-nous \u00e0 <a href=\"mailto:admin@anrf-outaouais.ca\">admin@anrf.outaouais.ca<\/a><\/p>\n<p><strong>R\u00e9al Fortin<\/strong>,<br \/>\nPr\u00e9sident de la section<\/p>\n<hr \/>\n<h2>Documents<\/h2>\n<p><strong>Banquet de No\u00ebl 2025<\/strong><br \/>\n<a href=\"https:\/\/www.federalretirees.ca\/en\/media\/3989\/download\" data-entity-type=\"external\">D\u00e9tails et inscriptions<\/a><br \/>\n<a href=\"https:\/\/www.federalretirees.ca\/en\/media\/4001\/download\" data-entity-type=\"external\">D\u00e9tails et inscriptions \u2013 Rappel<\/a><br \/>\n<a href=\"https:\/\/www.federalretirees.ca\/en\/media\/3975\/download\" data-entity-type=\"external\">Instructions Point de Vente<\/a><br \/>\n<a href=\"https:\/\/www.federalretirees.ca\/en\/media\/3976\/download\" data-entity-type=\"external\">Stationnement gratuit \u00e0 la Maison du Citoyen<\/a><\/p>\n<hr \/>\n<h2>R\u00e8glements administratifs<\/h2>\n<p>L\u2019article 8.4.2 a \u00e9t\u00e9 r\u00e9vis\u00e9 dans ce document<\/p>\n<p><a href=\"https:\/\/staging2.federalretirees.ca\/wp-content\/uploads\/media\/reglements_administratifs_2016_revus_2018.pdf\" download=\"\">Reglements administratifs 2016 revus 2018<\/a><\/p>\n","protected":false},"excerpt":{"rendered":"<p>Nous sommes ravis de vous accueillir sur la page de l&rsquo;Association nationale des retrait\u00e9s f\u00e9d\u00e9raux \u2013 Section Outaouais. Vous y trouverez des informations pertinentes sur notre organisme qui d\u00e9sire vous servir en tant que membre retrait\u00e9 de la fonction publique&#8230;<\/p>\n","protected":false},"featured_media":13069,"parent":0,"template":"template-branch-home.php","meta":{"_acf_changed":false,"footnotes":""},"class_list":["post-40624","branch","type-branch","status-publish","has-post-thumbnail","hentry"],"acf":[],"yoast_head":"<!-- This site is optimized with the Yoast SEO plugin v27.5 - https:\/\/yoast.com\/product\/yoast-seo-wordpress\/ -->\n<title>Outaouais - Association nationale des retrait\u00e9s f\u00e9d\u00e9raux<\/title>\n<meta name=\"robots\" content=\"noindex, follow, max-snippet:-1, max-image-preview:large, max-video-preview:-1\" \/>\n<meta property=\"og:locale\" content=\"fr_FR\" \/>\n<meta property=\"og:type\" content=\"article\" \/>\n<meta property=\"og:title\" content=\"Outaouais - Association nationale des retrait\u00e9s f\u00e9d\u00e9raux\" \/>\n<meta property=\"og:description\" content=\"Nous sommes ravis de vous accueillir sur la page de l&rsquo;Association nationale des retrait\u00e9s f\u00e9d\u00e9raux \u2013 Section Outaouais. Vous y trouverez des informations pertinentes sur notre organisme qui d\u00e9sire vous servir en tant que membre retrait\u00e9 de la fonction publique...\" \/>\n<meta property=\"og:url\" content=\"https:\/\/staging2.federalretirees.ca\/fr\/section\/outaouais\/\" \/>\n<meta property=\"og:site_name\" content=\"Association nationale des retrait\u00e9s f\u00e9d\u00e9raux\" \/>\n<meta property=\"article:publisher\" content=\"https:\/\/www.facebook.com\/FederalRetirees\" \/>\n<meta property=\"article:modified_time\" content=\"2026-04-16T13:43:11+00:00\" \/>\n<meta property=\"og:image\" content=\"https:\/\/nafr.dev.sparkadvocacy.dev\/wp-content\/uploads\/2026\/01\/Outaouais-GettyImages-1329251450.jpg\" \/>\n\t<meta property=\"og:image:width\" content=\"2000\" \/>\n\t<meta property=\"og:image:height\" content=\"881\" \/>\n\t<meta property=\"og:image:type\" content=\"image\/jpeg\" \/>\n<meta name=\"twitter:card\" content=\"summary_large_image\" \/>\n<meta name=\"twitter:site\" content=\"@fedretirees\" \/>\n<meta name=\"twitter:label1\" content=\"Dur\u00e9e de lecture estim\u00e9e\" \/>\n\t<meta name=\"twitter:data1\" content=\"2 minutes\" \/>\n<script type=\"application\/ld+json\" class=\"yoast-schema-graph\">{\"@context\":\"https:\\\/\\\/schema.org\",\"@graph\":[{\"@type\":\"WebPage\",\"@id\":\"https:\\\/\\\/staging2.federalretirees.ca\\\/fr\\\/section\\\/outaouais\\\/\",\"url\":\"https:\\\/\\\/staging2.federalretirees.ca\\\/fr\\\/section\\\/outaouais\\\/\",\"name\":\"Outaouais - Association nationale des retrait\u00e9s f\u00e9d\u00e9raux\",\"isPartOf\":{\"@id\":\"https:\\\/\\\/nafr.dev.sparkadvocacy.dev\\\/#website\"},\"primaryImageOfPage\":{\"@id\":\"https:\\\/\\\/staging2.federalretirees.ca\\\/fr\\\/section\\\/outaouais\\\/#primaryimage\"},\"image\":{\"@id\":\"https:\\\/\\\/staging2.federalretirees.ca\\\/fr\\\/section\\\/outaouais\\\/#primaryimage\"},\"thumbnailUrl\":\"https:\\\/\\\/staging2.federalretirees.ca\\\/wp-content\\\/uploads\\\/2026\\\/01\\\/Outaouais-GettyImages-1329251450.jpg\",\"datePublished\":\"2026-02-12T16:06:22+00:00\",\"dateModified\":\"2026-04-16T13:43:11+00:00\",\"breadcrumb\":{\"@id\":\"https:\\\/\\\/staging2.federalretirees.ca\\\/fr\\\/section\\\/outaouais\\\/#breadcrumb\"},\"inLanguage\":\"fr-FR\",\"potentialAction\":[{\"@type\":\"ReadAction\",\"target\":[\"https:\\\/\\\/staging2.federalretirees.ca\\\/fr\\\/section\\\/outaouais\\\/\"]}]},{\"@type\":\"ImageObject\",\"inLanguage\":\"fr-FR\",\"@id\":\"https:\\\/\\\/staging2.federalretirees.ca\\\/fr\\\/section\\\/outaouais\\\/#primaryimage\",\"url\":\"https:\\\/\\\/staging2.federalretirees.ca\\\/wp-content\\\/uploads\\\/2026\\\/01\\\/Outaouais-GettyImages-1329251450.jpg\",\"contentUrl\":\"https:\\\/\\\/staging2.federalretirees.ca\\\/wp-content\\\/uploads\\\/2026\\\/01\\\/Outaouais-GettyImages-1329251450.jpg\",\"width\":2000,\"height\":881},{\"@type\":\"BreadcrumbList\",\"@id\":\"https:\\\/\\\/staging2.federalretirees.ca\\\/fr\\\/section\\\/outaouais\\\/#breadcrumb\",\"itemListElement\":[{\"@type\":\"ListItem\",\"position\":1,\"name\":\"Home\",\"item\":\"https:\\\/\\\/nafr.dev.sparkadvocacy.dev\\\/fr\\\/\"},{\"@type\":\"ListItem\",\"position\":2,\"name\":\"Outaouais\"}]},{\"@type\":\"WebSite\",\"@id\":\"https:\\\/\\\/nafr.dev.sparkadvocacy.dev\\\/#website\",\"url\":\"https:\\\/\\\/nafr.dev.sparkadvocacy.dev\\\/\",\"name\":\"National Association of Federal Retirees\",\"description\":\"\",\"potentialAction\":[{\"@type\":\"SearchAction\",\"target\":{\"@type\":\"EntryPoint\",\"urlTemplate\":\"https:\\\/\\\/nafr.dev.sparkadvocacy.dev\\\/?s={search_term_string}\"},\"query-input\":{\"@type\":\"PropertyValueSpecification\",\"valueRequired\":true,\"valueName\":\"search_term_string\"}}],\"inLanguage\":\"fr-FR\"}]}<\/script>\n<!-- \/ Yoast SEO plugin. -->","yoast_head_json":{"title":"Outaouais - Association nationale des retrait\u00e9s f\u00e9d\u00e9raux","robots":{"index":"noindex","follow":"follow","max-snippet":"max-snippet:-1","max-image-preview":"max-image-preview:large","max-video-preview":"max-video-preview:-1"},"og_locale":"fr_FR","og_type":"article","og_title":"Outaouais - Association nationale des retrait\u00e9s f\u00e9d\u00e9raux","og_description":"Nous sommes ravis de vous accueillir sur la page de l&rsquo;Association nationale des retrait\u00e9s f\u00e9d\u00e9raux \u2013 Section Outaouais. Vous y trouverez des informations pertinentes sur notre organisme qui d\u00e9sire vous servir en tant que membre retrait\u00e9 de la fonction publique...","og_url":"https:\/\/staging2.federalretirees.ca\/fr\/section\/outaouais\/","og_site_name":"Association nationale des retrait\u00e9s f\u00e9d\u00e9raux","article_publisher":"https:\/\/www.facebook.com\/FederalRetirees","article_modified_time":"2026-04-16T13:43:11+00:00","og_image":[{"width":2000,"height":881,"url":"https:\/\/nafr.dev.sparkadvocacy.dev\/wp-content\/uploads\/2026\/01\/Outaouais-GettyImages-1329251450.jpg","type":"image\/jpeg"}],"twitter_card":"summary_large_image","twitter_site":"@fedretirees","twitter_misc":{"Dur\u00e9e de lecture estim\u00e9e":"2 minutes"},"schema":{"@context":"https:\/\/schema.org","@graph":[{"@type":"WebPage","@id":"https:\/\/staging2.federalretirees.ca\/fr\/section\/outaouais\/","url":"https:\/\/staging2.federalretirees.ca\/fr\/section\/outaouais\/","name":"Outaouais - Association nationale des retrait\u00e9s f\u00e9d\u00e9raux","isPartOf":{"@id":"https:\/\/nafr.dev.sparkadvocacy.dev\/#website"},"primaryImageOfPage":{"@id":"https:\/\/staging2.federalretirees.ca\/fr\/section\/outaouais\/#primaryimage"},"image":{"@id":"https:\/\/staging2.federalretirees.ca\/fr\/section\/outaouais\/#primaryimage"},"thumbnailUrl":"https:\/\/staging2.federalretirees.ca\/wp-content\/uploads\/2026\/01\/Outaouais-GettyImages-1329251450.jpg","datePublished":"2026-02-12T16:06:22+00:00","dateModified":"2026-04-16T13:43:11+00:00","breadcrumb":{"@id":"https:\/\/staging2.federalretirees.ca\/fr\/section\/outaouais\/#breadcrumb"},"inLanguage":"fr-FR","potentialAction":[{"@type":"ReadAction","target":["https:\/\/staging2.federalretirees.ca\/fr\/section\/outaouais\/"]}]},{"@type":"ImageObject","inLanguage":"fr-FR","@id":"https:\/\/staging2.federalretirees.ca\/fr\/section\/outaouais\/#primaryimage","url":"https:\/\/staging2.federalretirees.ca\/wp-content\/uploads\/2026\/01\/Outaouais-GettyImages-1329251450.jpg","contentUrl":"https:\/\/staging2.federalretirees.ca\/wp-content\/uploads\/2026\/01\/Outaouais-GettyImages-1329251450.jpg","width":2000,"height":881},{"@type":"BreadcrumbList","@id":"https:\/\/staging2.federalretirees.ca\/fr\/section\/outaouais\/#breadcrumb","itemListElement":[{"@type":"ListItem","position":1,"name":"Home","item":"https:\/\/nafr.dev.sparkadvocacy.dev\/fr\/"},{"@type":"ListItem","position":2,"name":"Outaouais"}]},{"@type":"WebSite","@id":"https:\/\/nafr.dev.sparkadvocacy.dev\/#website","url":"https:\/\/nafr.dev.sparkadvocacy.dev\/","name":"National Association of Federal Retirees","description":"","potentialAction":[{"@type":"SearchAction","target":{"@type":"EntryPoint","urlTemplate":"https:\/\/nafr.dev.sparkadvocacy.dev\/?s={search_term_string}"},"query-input":{"@type":"PropertyValueSpecification","valueRequired":true,"valueName":"search_term_string"}}],"inLanguage":"fr-FR"}]}},"_links":{"self":[{"href":"https:\/\/staging2.federalretirees.ca\/fr\/wp-json\/wp\/v2\/branch\/40624","targetHints":{"allow":["GET"]}}],"collection":[{"href":"https:\/\/staging2.federalretirees.ca\/fr\/wp-json\/wp\/v2\/branch"}],"about":[{"href":"https:\/\/staging2.federalretirees.ca\/fr\/wp-json\/wp\/v2\/types\/branch"}],"version-history":[{"count":5,"href":"https:\/\/staging2.federalretirees.ca\/fr\/wp-json\/wp\/v2\/branch\/40624\/revisions"}],"predecessor-version":[{"id":66854,"href":"https:\/\/staging2.federalretirees.ca\/fr\/wp-json\/wp\/v2\/branch\/40624\/revisions\/66854"}],"wp:featuredmedia":[{"embeddable":true,"href":"https:\/\/staging2.federalretirees.ca\/fr\/wp-json\/wp\/v2\/media\/13069"}],"wp:attachment":[{"href":"https:\/\/staging2.federalretirees.ca\/fr\/wp-json\/wp\/v2\/media?parent=40624"}],"curies":[{"name":"wp","href":"https:\/\/api.w.org\/{rel}","templated":true}]}}

<div style="float: left; margin-right: 10px;">
<p><img loading="lazy" decoding="async" class="" src="https://staging2.federalretirees.ca/wp-content/uploads/2026/02/real-fortin.jpg" width="165" height="219" data-entity-type="file" data-entity-uuid="8e7032ff-f66b-46d6-9129-5026a16a4d60" /></p>
</div>
<p>Nous sommes ravis de vous accueillir sur la page de l&rsquo;Association nationale des retraités fédéraux – Section Outaouais.</p>
<p>Vous y trouverez des informations pertinentes sur notre organisme qui désire vous servir en tant que membre retraité de la fonction publique fédérale, notre <a href="https://www.federalretirees.ca/fr/sections/quebec/section-outaouais/brochure-anrfo">brochure</a>, notre super<a href="https://www.federalretirees.ca/fr/sections/quebec/section-outaouais/infolettres"> infolettre,</a> nos intéressantes <a href="https://www.federalretirees.ca/fr/sections/quebec/section-outaouais/visioconferences">visioconférences </a>et autres activités!</p>
<p>Vous y trouverez aussi des informations sur les démarches pour la<a href="https://www.federalretirees.ca/fr/defense-des-interets/nos-priorites"> défense des intérêts</a> ainsi que sur les événements nationaux. Nous travaillons également à ajouter d’autres <a href="https://www.federalretirees.ca/fr/sections/quebec/section-outaouais/rabais-a-nos-membres">rabais</a> avec des partenaires locaux pour bonifier l’adhésion avec l&rsquo;Association.</p>
<p>Nous vous invitons à naviguer sur nos quelques pages pour vous renseigner davantage et si vous avez des questions, n’hésitez pas à communiquer avec nous via courriel ou par téléphone. N’oubliez pas aussi d&rsquo;aimer notre page <a href="https://www.facebook.com/anrfoutaouais">Facebook.</a></p>
<p>Et revenez nous visiter pour rester à l’affût des actualités et des événements à venir.</p>
<p><strong>Envie de faire partie du cercle des bénévoles des retraités fédéraux Section Outaouais? </strong>Nous vous accueillerons avec plaisir!</p>
<p>Écrivez-nous à <a href="mailto:admin@anrf-outaouais.ca">admin@anrf.outaouais.ca</a></p>
<p><strong>Réal Fortin</strong>,<br />
Président de la section</p>
<hr />
<h2>Documents</h2>
<p><strong>Banquet de Noël 2025</strong><br />
<a href="https://www.federalretirees.ca/en/media/3989/download" data-entity-type="external">Détails et inscriptions</a><br />
<a href="https://www.federalretirees.ca/en/media/4001/download" data-entity-type="external">Détails et inscriptions – Rappel</a><br />
<a href="https://www.federalretirees.ca/en/media/3975/download" data-entity-type="external">Instructions Point de Vente</a><br />
<a href="https://www.federalretirees.ca/en/media/3976/download" data-entity-type="external">Stationnement gratuit à la Maison du Citoyen</a></p>
<hr />
<h2>Règlements administratifs</h2>
<p>L’article 8.4.2 a été révisé dans ce document</p>
<p><a href="https://staging2.federalretirees.ca/wp-content/uploads/media/reglements_administratifs_2016_revus_2018.pdf" download="">Reglements administratifs 2016 revus 2018</a></p>

<p>Nous sommes ravis de vous accueillir sur la page de l&rsquo;Association nationale des retraités fédéraux – Section Outaouais. Vous y trouverez des informations pertinentes sur notre organisme qui désire vous servir en tant que membre retraité de la fonction publique&#8230;</p>

<!-- This site is optimized with the Yoast SEO plugin v27.5 - https://yoast.com/product/yoast-seo-wordpress/ -->
<title>Outaouais - Association nationale des retraités fédéraux</title>
<meta name="robots" content="noindex, follow, max-snippet:-1, max-image-preview:large, max-video-preview:-1" />
<meta property="og:locale" content="fr_FR" />
<meta property="og:type" content="article" />
<meta property="og:title" content="Outaouais - Association nationale des retraités fédéraux" />
<meta property="og:description" content="Nous sommes ravis de vous accueillir sur la page de l&rsquo;Association nationale des retraités fédéraux – Section Outaouais. Vous y trouverez des informations pertinentes sur notre organisme qui désire vous servir en tant que membre retraité de la fonction publique..." />
<meta property="og:url" content="https://staging2.federalretirees.ca/fr/section/outaouais/" />
<meta property="og:site_name" content="Association nationale des retraités fédéraux" />
<meta property="article:publisher" content="https://www.facebook.com/FederalRetirees" />
<meta property="article:modified_time" content="2026-04-16T13:43:11+00:00" />
<meta property="og:image" content="https://nafr.dev.sparkadvocacy.dev/wp-content/uploads/2026/01/Outaouais-GettyImages-1329251450.jpg" />
	<meta property="og:image:width" content="2000" />
	<meta property="og:image:height" content="881" />
	<meta property="og:image:type" content="image/jpeg" />
<meta name="twitter:card" content="summary_large_image" />
<meta name="twitter:site" content="@fedretirees" />
<meta name="twitter:label1" content="Durée de lecture estimée" />
	<meta name="twitter:data1" content="2 minutes" />
<script type="application/ld+json" class="yoast-schema-graph">{"@context":"https:\/\/schema.org","@graph":[{"@type":"WebPage","@id":"https:\/\/staging2.federalretirees.ca\/fr\/section\/outaouais\/","url":"https:\/\/staging2.federalretirees.ca\/fr\/section\/outaouais\/","name":"Outaouais - Association nationale des retraités fédéraux","isPartOf":{"@id":"https:\/\/nafr.dev.sparkadvocacy.dev\/#website"},"primaryImageOfPage":{"@id":"https:\/\/staging2.federalretirees.ca\/fr\/section\/outaouais\/#primaryimage"},"image":{"@id":"https:\/\/staging2.federalretirees.ca\/fr\/section\/outaouais\/#primaryimage"},"thumbnailUrl":"https:\/\/staging2.federalretirees.ca\/wp-content\/uploads\/2026\/01\/Outaouais-GettyImages-1329251450.jpg","datePublished":"2026-02-12T16:06:22+00:00","dateModified":"2026-04-16T13:43:11+00:00","breadcrumb":{"@id":"https:\/\/staging2.federalretirees.ca\/fr\/section\/outaouais\/#breadcrumb"},"inLanguage":"fr-FR","potentialAction":[{"@type":"ReadAction","target":["https:\/\/staging2.federalretirees.ca\/fr\/section\/outaouais\/"]}]},{"@type":"ImageObject","inLanguage":"fr-FR","@id":"https:\/\/staging2.federalretirees.ca\/fr\/section\/outaouais\/#primaryimage","url":"https:\/\/staging2.federalretirees.ca\/wp-content\/uploads\/2026\/01\/Outaouais-GettyImages-1329251450.jpg","contentUrl":"https:\/\/staging2.federalretirees.ca\/wp-content\/uploads\/2026\/01\/Outaouais-GettyImages-1329251450.jpg","width":2000,"height":881},{"@type":"BreadcrumbList","@id":"https:\/\/staging2.federalretirees.ca\/fr\/section\/outaouais\/#breadcrumb","itemListElement":[{"@type":"ListItem","position":1,"name":"Home","item":"https:\/\/nafr.dev.sparkadvocacy.dev\/fr\/"},{"@type":"ListItem","position":2,"name":"Outaouais"}]},{"@type":"WebSite","@id":"https:\/\/nafr.dev.sparkadvocacy.dev\/#website","url":"https:\/\/nafr.dev.sparkadvocacy.dev\/","name":"National Association of Federal Retirees","description":"","potentialAction":[{"@type":"SearchAction","target":{"@type":"EntryPoint","urlTemplate":"https:\/\/nafr.dev.sparkadvocacy.dev\/?s={search_term_string}"},"query-input":{"@type":"PropertyValueSpecification","valueRequired":true,"valueName":"search_term_string"}}],"inLanguage":"fr-FR"}]}</script>
<!-- / Yoast SEO plugin. -->

Outaouais - Association nationale des retraités fédéraux

Nous sommes ravis de vous accueillir sur la page de l&rsquo;Association nationale des retraités fédéraux – Section Outaouais. Vous y trouverez des informations pertinentes sur notre organisme qui désire vous servir en tant que membre retraité de la fonction publique...

Association nationale des retraités fédéraux
