{"id":40581,"date":"2026-02-12T11:05:54","date_gmt":"2026-02-12T16:05:54","guid":{"rendered":"https:\/\/nafr.dev.sparkadvocacy.dev\/branch\/sud-est-du-nouveau-brunswick\/"},"modified":"2026-02-13T10:38:58","modified_gmt":"2026-02-13T15:38:58","slug":"sud-est-du-nouveau-brunswick","status":"publish","type":"branch","link":"https:\/\/staging2.federalretirees.ca\/fr\/section\/sud-est-du-nouveau-brunswick\/","title":{"rendered":"Sud-est du Nouveau-Brunswick"},"content":{"rendered":"<p>Bienvenue \u00e0 la Section du sud-est du Nouveau-Brunswick de l&rsquo;Association nationale des retrait\u00e9s f\u00e9d\u00e9raux.\u00a0<\/p>\n<p>Nous vous invitons \u00e0 prendre une minute pour en savoir plus sur le site Web de notre filiale et pour en savoir plus sur nos <a data-entity-substitution=\"canonical\" data-entity-type=\"node\" data-entity-uuid=\"6aa48e5c-82fe-4c6a-bb03-32999fd8c192\" href=\"\/fr\/defense-des-interets\/nos-priorites\" target=\"_blank\" title=\"Nos priorit\u00e9s\">priorit\u00e9s de d\u00e9fense des int\u00e9r\u00eats<\/a>. Et ne manquez pas d&rsquo;aller aimer la\u00a0<a href=\"https:\/\/www.facebook.com\/retraitesfederaux\/\">page Facebook<\/a>.<\/p>\n<p>Enfin, comme nous effectuerons des mises \u00e0 jour r\u00e9guli\u00e8res sur notre site, revenez le consulter souvent, pour rester au fait des actualit\u00e9s et des \u00e9v\u00e9nements \u00e0 venir.\u00a0<\/p>\n<p><strong>Isabelle Forest<\/strong><br \/>\nPr\u00e9sident<\/p>\n","protected":false},"excerpt":{"rendered":"<p>Bienvenue \u00e0 la Section du sud-est du Nouveau-Brunswick de l&rsquo;Association nationale des retrait\u00e9s f\u00e9d\u00e9raux.\u00a0 Nous vous invitons \u00e0 prendre une minute pour en savoir plus sur le site Web de notre filiale et pour en savoir plus sur nos priorit\u00e9s&#8230;<\/p>\n","protected":false},"featured_media":13151,"parent":0,"template":"template-branch-home.php","meta":{"_acf_changed":false,"footnotes":""},"class_list":["post-40581","branch","type-branch","status-publish","has-post-thumbnail","hentry"],"acf":[],"yoast_head":"<!-- This site is optimized with the Yoast SEO plugin v27.5 - https:\/\/yoast.com\/product\/yoast-seo-wordpress\/ -->\n<title>Sud-est du Nouveau-Brunswick - Association nationale des retrait\u00e9s f\u00e9d\u00e9raux<\/title>\n<meta name=\"robots\" content=\"noindex, follow, max-snippet:-1, max-image-preview:large, max-video-preview:-1\" \/>\n<meta property=\"og:locale\" content=\"fr_FR\" \/>\n<meta property=\"og:type\" content=\"article\" \/>\n<meta property=\"og:title\" content=\"Sud-est du Nouveau-Brunswick - Association nationale des retrait\u00e9s f\u00e9d\u00e9raux\" \/>\n<meta property=\"og:description\" content=\"Bienvenue \u00e0 la Section du sud-est du Nouveau-Brunswick de l&rsquo;Association nationale des retrait\u00e9s f\u00e9d\u00e9raux.\u00a0 Nous vous invitons \u00e0 prendre une minute pour en savoir plus sur le site Web de notre filiale et pour en savoir plus sur nos priorit\u00e9s...\" \/>\n<meta property=\"og:url\" content=\"https:\/\/staging2.federalretirees.ca\/fr\/section\/sud-est-du-nouveau-brunswick\/\" \/>\n<meta property=\"og:site_name\" content=\"Association nationale des retrait\u00e9s f\u00e9d\u00e9raux\" \/>\n<meta property=\"article:publisher\" content=\"https:\/\/www.facebook.com\/FederalRetirees\" \/>\n<meta property=\"article:modified_time\" content=\"2026-02-13T15:38:58+00:00\" \/>\n<meta property=\"og:image\" content=\"https:\/\/nafr.dev.sparkadvocacy.dev\/wp-content\/uploads\/2026\/01\/South-East-New-Brunswick-GettyImages-2245676159.jpg\" \/>\n\t<meta property=\"og:image:width\" content=\"2000\" \/>\n\t<meta property=\"og:image:height\" content=\"1093\" \/>\n\t<meta property=\"og:image:type\" content=\"image\/jpeg\" \/>\n<meta name=\"twitter:card\" content=\"summary_large_image\" \/>\n<meta name=\"twitter:site\" content=\"@fedretirees\" \/>\n<script type=\"application\/ld+json\" class=\"yoast-schema-graph\">{\"@context\":\"https:\\\/\\\/schema.org\",\"@graph\":[{\"@type\":\"WebPage\",\"@id\":\"https:\\\/\\\/staging2.federalretirees.ca\\\/fr\\\/section\\\/sud-est-du-nouveau-brunswick\\\/\",\"url\":\"https:\\\/\\\/staging2.federalretirees.ca\\\/fr\\\/section\\\/sud-est-du-nouveau-brunswick\\\/\",\"name\":\"Sud-est du Nouveau-Brunswick - Association nationale des retrait\u00e9s f\u00e9d\u00e9raux\",\"isPartOf\":{\"@id\":\"https:\\\/\\\/nafr.dev.sparkadvocacy.dev\\\/#website\"},\"primaryImageOfPage\":{\"@id\":\"https:\\\/\\\/staging2.federalretirees.ca\\\/fr\\\/section\\\/sud-est-du-nouveau-brunswick\\\/#primaryimage\"},\"image\":{\"@id\":\"https:\\\/\\\/staging2.federalretirees.ca\\\/fr\\\/section\\\/sud-est-du-nouveau-brunswick\\\/#primaryimage\"},\"thumbnailUrl\":\"https:\\\/\\\/staging2.federalretirees.ca\\\/wp-content\\\/uploads\\\/2026\\\/01\\\/South-East-New-Brunswick-GettyImages-2245676159.jpg\",\"datePublished\":\"2026-02-12T16:05:54+00:00\",\"dateModified\":\"2026-02-13T15:38:58+00:00\",\"breadcrumb\":{\"@id\":\"https:\\\/\\\/staging2.federalretirees.ca\\\/fr\\\/section\\\/sud-est-du-nouveau-brunswick\\\/#breadcrumb\"},\"inLanguage\":\"fr-FR\",\"potentialAction\":[{\"@type\":\"ReadAction\",\"target\":[\"https:\\\/\\\/staging2.federalretirees.ca\\\/fr\\\/section\\\/sud-est-du-nouveau-brunswick\\\/\"]}]},{\"@type\":\"ImageObject\",\"inLanguage\":\"fr-FR\",\"@id\":\"https:\\\/\\\/staging2.federalretirees.ca\\\/fr\\\/section\\\/sud-est-du-nouveau-brunswick\\\/#primaryimage\",\"url\":\"https:\\\/\\\/staging2.federalretirees.ca\\\/wp-content\\\/uploads\\\/2026\\\/01\\\/South-East-New-Brunswick-GettyImages-2245676159.jpg\",\"contentUrl\":\"https:\\\/\\\/staging2.federalretirees.ca\\\/wp-content\\\/uploads\\\/2026\\\/01\\\/South-East-New-Brunswick-GettyImages-2245676159.jpg\",\"width\":2000,\"height\":1093,\"caption\":\"South-East New Brunswick\"},{\"@type\":\"BreadcrumbList\",\"@id\":\"https:\\\/\\\/staging2.federalretirees.ca\\\/fr\\\/section\\\/sud-est-du-nouveau-brunswick\\\/#breadcrumb\",\"itemListElement\":[{\"@type\":\"ListItem\",\"position\":1,\"name\":\"Home\",\"item\":\"https:\\\/\\\/nafr.dev.sparkadvocacy.dev\\\/fr\\\/\"},{\"@type\":\"ListItem\",\"position\":2,\"name\":\"Sud-est du Nouveau-Brunswick\"}]},{\"@type\":\"WebSite\",\"@id\":\"https:\\\/\\\/nafr.dev.sparkadvocacy.dev\\\/#website\",\"url\":\"https:\\\/\\\/nafr.dev.sparkadvocacy.dev\\\/\",\"name\":\"National Association of Federal Retirees\",\"description\":\"\",\"potentialAction\":[{\"@type\":\"SearchAction\",\"target\":{\"@type\":\"EntryPoint\",\"urlTemplate\":\"https:\\\/\\\/nafr.dev.sparkadvocacy.dev\\\/?s={search_term_string}\"},\"query-input\":{\"@type\":\"PropertyValueSpecification\",\"valueRequired\":true,\"valueName\":\"search_term_string\"}}],\"inLanguage\":\"fr-FR\"}]}<\/script>\n<!-- \/ Yoast SEO plugin. -->","yoast_head_json":{"title":"Sud-est du Nouveau-Brunswick - Association nationale des retrait\u00e9s f\u00e9d\u00e9raux","robots":{"index":"noindex","follow":"follow","max-snippet":"max-snippet:-1","max-image-preview":"max-image-preview:large","max-video-preview":"max-video-preview:-1"},"og_locale":"fr_FR","og_type":"article","og_title":"Sud-est du Nouveau-Brunswick - Association nationale des retrait\u00e9s f\u00e9d\u00e9raux","og_description":"Bienvenue \u00e0 la Section du sud-est du Nouveau-Brunswick de l&rsquo;Association nationale des retrait\u00e9s f\u00e9d\u00e9raux.\u00a0 Nous vous invitons \u00e0 prendre une minute pour en savoir plus sur le site Web de notre filiale et pour en savoir plus sur nos priorit\u00e9s...","og_url":"https:\/\/staging2.federalretirees.ca\/fr\/section\/sud-est-du-nouveau-brunswick\/","og_site_name":"Association nationale des retrait\u00e9s f\u00e9d\u00e9raux","article_publisher":"https:\/\/www.facebook.com\/FederalRetirees","article_modified_time":"2026-02-13T15:38:58+00:00","og_image":[{"width":2000,"height":1093,"url":"https:\/\/nafr.dev.sparkadvocacy.dev\/wp-content\/uploads\/2026\/01\/South-East-New-Brunswick-GettyImages-2245676159.jpg","type":"image\/jpeg"}],"twitter_card":"summary_large_image","twitter_site":"@fedretirees","schema":{"@context":"https:\/\/schema.org","@graph":[{"@type":"WebPage","@id":"https:\/\/staging2.federalretirees.ca\/fr\/section\/sud-est-du-nouveau-brunswick\/","url":"https:\/\/staging2.federalretirees.ca\/fr\/section\/sud-est-du-nouveau-brunswick\/","name":"Sud-est du Nouveau-Brunswick - Association nationale des retrait\u00e9s f\u00e9d\u00e9raux","isPartOf":{"@id":"https:\/\/nafr.dev.sparkadvocacy.dev\/#website"},"primaryImageOfPage":{"@id":"https:\/\/staging2.federalretirees.ca\/fr\/section\/sud-est-du-nouveau-brunswick\/#primaryimage"},"image":{"@id":"https:\/\/staging2.federalretirees.ca\/fr\/section\/sud-est-du-nouveau-brunswick\/#primaryimage"},"thumbnailUrl":"https:\/\/staging2.federalretirees.ca\/wp-content\/uploads\/2026\/01\/South-East-New-Brunswick-GettyImages-2245676159.jpg","datePublished":"2026-02-12T16:05:54+00:00","dateModified":"2026-02-13T15:38:58+00:00","breadcrumb":{"@id":"https:\/\/staging2.federalretirees.ca\/fr\/section\/sud-est-du-nouveau-brunswick\/#breadcrumb"},"inLanguage":"fr-FR","potentialAction":[{"@type":"ReadAction","target":["https:\/\/staging2.federalretirees.ca\/fr\/section\/sud-est-du-nouveau-brunswick\/"]}]},{"@type":"ImageObject","inLanguage":"fr-FR","@id":"https:\/\/staging2.federalretirees.ca\/fr\/section\/sud-est-du-nouveau-brunswick\/#primaryimage","url":"https:\/\/staging2.federalretirees.ca\/wp-content\/uploads\/2026\/01\/South-East-New-Brunswick-GettyImages-2245676159.jpg","contentUrl":"https:\/\/staging2.federalretirees.ca\/wp-content\/uploads\/2026\/01\/South-East-New-Brunswick-GettyImages-2245676159.jpg","width":2000,"height":1093,"caption":"South-East New Brunswick"},{"@type":"BreadcrumbList","@id":"https:\/\/staging2.federalretirees.ca\/fr\/section\/sud-est-du-nouveau-brunswick\/#breadcrumb","itemListElement":[{"@type":"ListItem","position":1,"name":"Home","item":"https:\/\/nafr.dev.sparkadvocacy.dev\/fr\/"},{"@type":"ListItem","position":2,"name":"Sud-est du Nouveau-Brunswick"}]},{"@type":"WebSite","@id":"https:\/\/nafr.dev.sparkadvocacy.dev\/#website","url":"https:\/\/nafr.dev.sparkadvocacy.dev\/","name":"National Association of Federal Retirees","description":"","potentialAction":[{"@type":"SearchAction","target":{"@type":"EntryPoint","urlTemplate":"https:\/\/nafr.dev.sparkadvocacy.dev\/?s={search_term_string}"},"query-input":{"@type":"PropertyValueSpecification","valueRequired":true,"valueName":"search_term_string"}}],"inLanguage":"fr-FR"}]}},"_links":{"self":[{"href":"https:\/\/staging2.federalretirees.ca\/fr\/wp-json\/wp\/v2\/branch\/40581","targetHints":{"allow":["GET"]}}],"collection":[{"href":"https:\/\/staging2.federalretirees.ca\/fr\/wp-json\/wp\/v2\/branch"}],"about":[{"href":"https:\/\/staging2.federalretirees.ca\/fr\/wp-json\/wp\/v2\/types\/branch"}],"version-history":[{"count":0,"href":"https:\/\/staging2.federalretirees.ca\/fr\/wp-json\/wp\/v2\/branch\/40581\/revisions"}],"wp:featuredmedia":[{"embeddable":true,"href":"https:\/\/staging2.federalretirees.ca\/fr\/wp-json\/wp\/v2\/media\/13151"}],"wp:attachment":[{"href":"https:\/\/staging2.federalretirees.ca\/fr\/wp-json\/wp\/v2\/media?parent=40581"}],"curies":[{"name":"wp","href":"https:\/\/api.w.org\/{rel}","templated":true}]}}

<p>Bienvenue à la Section du sud-est du Nouveau-Brunswick de l&rsquo;Association nationale des retraités fédéraux. </p>
<p>Nous vous invitons à prendre une minute pour en savoir plus sur le site Web de notre filiale et pour en savoir plus sur nos <a data-entity-substitution="canonical" data-entity-type="node" data-entity-uuid="6aa48e5c-82fe-4c6a-bb03-32999fd8c192" href="/fr/defense-des-interets/nos-priorites" target="_blank" title="Nos priorités">priorités de défense des intérêts</a>. Et ne manquez pas d&rsquo;aller aimer la <a href="https://www.facebook.com/retraitesfederaux/">page Facebook</a>.</p>
<p>Enfin, comme nous effectuerons des mises à jour régulières sur notre site, revenez le consulter souvent, pour rester au fait des actualités et des événements à venir. </p>
<p><strong>Isabelle Forest</strong><br />
Président</p>

<p>Bienvenue à la Section du sud-est du Nouveau-Brunswick de l&rsquo;Association nationale des retraités fédéraux.  Nous vous invitons à prendre une minute pour en savoir plus sur le site Web de notre filiale et pour en savoir plus sur nos priorités&#8230;</p>

<!-- This site is optimized with the Yoast SEO plugin v27.5 - https://yoast.com/product/yoast-seo-wordpress/ -->
<title>Sud-est du Nouveau-Brunswick - Association nationale des retraités fédéraux</title>
<meta name="robots" content="noindex, follow, max-snippet:-1, max-image-preview:large, max-video-preview:-1" />
<meta property="og:locale" content="fr_FR" />
<meta property="og:type" content="article" />
<meta property="og:title" content="Sud-est du Nouveau-Brunswick - Association nationale des retraités fédéraux" />
<meta property="og:description" content="Bienvenue à la Section du sud-est du Nouveau-Brunswick de l&rsquo;Association nationale des retraités fédéraux.  Nous vous invitons à prendre une minute pour en savoir plus sur le site Web de notre filiale et pour en savoir plus sur nos priorités..." />
<meta property="og:url" content="https://staging2.federalretirees.ca/fr/section/sud-est-du-nouveau-brunswick/" />
<meta property="og:site_name" content="Association nationale des retraités fédéraux" />
<meta property="article:publisher" content="https://www.facebook.com/FederalRetirees" />
<meta property="article:modified_time" content="2026-02-13T15:38:58+00:00" />
<meta property="og:image" content="https://nafr.dev.sparkadvocacy.dev/wp-content/uploads/2026/01/South-East-New-Brunswick-GettyImages-2245676159.jpg" />
	<meta property="og:image:width" content="2000" />
	<meta property="og:image:height" content="1093" />
	<meta property="og:image:type" content="image/jpeg" />
<meta name="twitter:card" content="summary_large_image" />
<meta name="twitter:site" content="@fedretirees" />
<script type="application/ld+json" class="yoast-schema-graph">{"@context":"https:\/\/schema.org","@graph":[{"@type":"WebPage","@id":"https:\/\/staging2.federalretirees.ca\/fr\/section\/sud-est-du-nouveau-brunswick\/","url":"https:\/\/staging2.federalretirees.ca\/fr\/section\/sud-est-du-nouveau-brunswick\/","name":"Sud-est du Nouveau-Brunswick - Association nationale des retraités fédéraux","isPartOf":{"@id":"https:\/\/nafr.dev.sparkadvocacy.dev\/#website"},"primaryImageOfPage":{"@id":"https:\/\/staging2.federalretirees.ca\/fr\/section\/sud-est-du-nouveau-brunswick\/#primaryimage"},"image":{"@id":"https:\/\/staging2.federalretirees.ca\/fr\/section\/sud-est-du-nouveau-brunswick\/#primaryimage"},"thumbnailUrl":"https:\/\/staging2.federalretirees.ca\/wp-content\/uploads\/2026\/01\/South-East-New-Brunswick-GettyImages-2245676159.jpg","datePublished":"2026-02-12T16:05:54+00:00","dateModified":"2026-02-13T15:38:58+00:00","breadcrumb":{"@id":"https:\/\/staging2.federalretirees.ca\/fr\/section\/sud-est-du-nouveau-brunswick\/#breadcrumb"},"inLanguage":"fr-FR","potentialAction":[{"@type":"ReadAction","target":["https:\/\/staging2.federalretirees.ca\/fr\/section\/sud-est-du-nouveau-brunswick\/"]}]},{"@type":"ImageObject","inLanguage":"fr-FR","@id":"https:\/\/staging2.federalretirees.ca\/fr\/section\/sud-est-du-nouveau-brunswick\/#primaryimage","url":"https:\/\/staging2.federalretirees.ca\/wp-content\/uploads\/2026\/01\/South-East-New-Brunswick-GettyImages-2245676159.jpg","contentUrl":"https:\/\/staging2.federalretirees.ca\/wp-content\/uploads\/2026\/01\/South-East-New-Brunswick-GettyImages-2245676159.jpg","width":2000,"height":1093,"caption":"South-East New Brunswick"},{"@type":"BreadcrumbList","@id":"https:\/\/staging2.federalretirees.ca\/fr\/section\/sud-est-du-nouveau-brunswick\/#breadcrumb","itemListElement":[{"@type":"ListItem","position":1,"name":"Home","item":"https:\/\/nafr.dev.sparkadvocacy.dev\/fr\/"},{"@type":"ListItem","position":2,"name":"Sud-est du Nouveau-Brunswick"}]},{"@type":"WebSite","@id":"https:\/\/nafr.dev.sparkadvocacy.dev\/#website","url":"https:\/\/nafr.dev.sparkadvocacy.dev\/","name":"National Association of Federal Retirees","description":"","potentialAction":[{"@type":"SearchAction","target":{"@type":"EntryPoint","urlTemplate":"https:\/\/nafr.dev.sparkadvocacy.dev\/?s={search_term_string}"},"query-input":{"@type":"PropertyValueSpecification","valueRequired":true,"valueName":"search_term_string"}}],"inLanguage":"fr-FR"}]}</script>
<!-- / Yoast SEO plugin. -->

Sud-est du Nouveau-Brunswick - Association nationale des retraités fédéraux

Bienvenue à la Section du sud-est du Nouveau-Brunswick de l&rsquo;Association nationale des retraités fédéraux.  Nous vous invitons à prendre une minute pour en savoir plus sur le site Web de notre filiale et pour en savoir plus sur nos priorités...

Association nationale des retraités fédéraux
